{"id":141,"date":"2012-12-12T00:53:50","date_gmt":"2012-12-12T00:53:50","guid":{"rendered":"http:\/\/www2.unifap.br\/alexandresantiago\/?page_id=141"},"modified":"2012-12-12T13:01:26","modified_gmt":"2012-12-12T13:01:26","slug":"tcc","status":"publish","type":"page","link":"https:\/\/www2.unifap.br\/alexandresantiago\/tcc\/","title":{"rendered":"TCC"},"content":{"rendered":"<p>P\u00e1gina destinada \u00e0 Disciplina de Trabalho de Conclus\u00e3o de Curso &#8211; TCC, dos alunos do Curso de Ci\u00eancias Biol\u00f3gicas da UNIFAP.<\/p>\n<p>A seguir alguns documentos para auxiliar aos acad\u00eamicos e acad\u00eamicas que ir\u00e3o apresentar seus TCC&#8217;s.<\/p>\n<p><a href=\"http:\/\/www2.unifap.br\/alexandresantiago\/files\/2012\/12\/Resolucao11_08-TCCs1.pdf\">Resolucao11_08 TCC&#8217;s<\/a><\/p>\n<p><a href=\"http:\/\/www2.unifap.br\/alexandresantiago\/files\/2012\/12\/NORMAS_DA_ABNT_20091.pdf\">NORMAS_DA_ABNT_2009<\/a><\/p>\n<p><a href=\"http:\/\/www2.unifap.br\/alexandresantiago\/files\/2012\/12\/ETAPAS-PARA-TCC_2012_com-caled\u00e1rio.docx\">ETAPAS PARA TCC_2012_com caled\u00e1rio<\/a><\/p>\n<p><a href=\"http:\/\/www2.unifap.br\/alexandresantiago\/files\/2012\/12\/ESTRUTURA-DE-DISSERTA\u00c7\u00d5ES-E-TESES1.docx\">ESTRUTURA DE DISSERTA\u00c7\u00d5ES E TESES<\/a><\/p>\n<p>&nbsp;<\/p>\n","protected":false},"excerpt":{"rendered":"<p>P\u00e1gina destinada \u00e0 Disciplina de Trabalho de Conclus\u00e3o de Curso &#8211; TCC, dos alunos do Curso de Ci\u00eancias Biol\u00f3gicas da UNIFAP. A seguir alguns documentos para auxiliar aos acad\u00eamicos e acad\u00eamicas que ir\u00e3o apresentar seus TCC&#8217;s. Resolucao11_08 TCC&#8217;s NORMAS_DA_ABNT_2009 ETAPAS&hellip; <\/p>\n<p><a href=\"https:\/\/www2.unifap.br\/alexandresantiago\/tcc\/\" class=\"readmore-button\">Continue Reading<\/a><\/p>\n","protected":false},"author":102,"featured_media":0,"parent":0,"menu_order":0,"comment_status":"open","ping_status":"open","template":"","meta":{"inline_featured_image":false,"ngg_post_thumbnail":0,"footnotes":""},"class_list":["post-141","page","type-page","status-publish","hentry"],"_links":{"self":[{"href":"https:\/\/www2.unifap.br\/alexandresantiago\/wp-json\/wp\/v2\/pages\/141","targetHints":{"allow":["GET"]}}],"collection":[{"href":"https:\/\/www2.unifap.br\/alexandresantiago\/wp-json\/wp\/v2\/pages"}],"about":[{"href":"https:\/\/www2.unifap.br\/alexandresantiago\/wp-json\/wp\/v2\/types\/page"}],"author":[{"embeddable":true,"href":"https:\/\/www2.unifap.br\/alexandresantiago\/wp-json\/wp\/v2\/users\/102"}],"replies":[{"embeddable":true,"href":"https:\/\/www2.unifap.br\/alexandresantiago\/wp-json\/wp\/v2\/comments?post=141"}],"version-history":[{"count":4,"href":"https:\/\/www2.unifap.br\/alexandresantiago\/wp-json\/wp\/v2\/pages\/141\/revisions"}],"predecessor-version":[{"id":158,"href":"https:\/\/www2.unifap.br\/alexandresantiago\/wp-json\/wp\/v2\/pages\/141\/revisions\/158"}],"wp:attachment":[{"href":"https:\/\/www2.unifap.br\/alexandresantiago\/wp-json\/wp\/v2\/media?parent=141"}],"curies":[{"name":"wp","href":"https:\/\/api.w.org\/{rel}","templated":true}]}}