{"id":22,"date":"2012-03-08T11:18:40","date_gmt":"2012-03-08T11:18:40","guid":{"rendered":"http:\/\/www2.unifap.br\/alexandresantiago\/?page_id=22"},"modified":"2013-08-22T14:38:30","modified_gmt":"2013-08-22T14:38:30","slug":"metodologia-cientifica","status":"publish","type":"page","link":"https:\/\/www2.unifap.br\/alexandresantiago\/metodologia-cientifica\/","title":{"rendered":"Metodologia Cient\u00edfica"},"content":{"rendered":"<p>Esta \u00e9 a p\u00e1gina da Disciplina de Metodologia da Pesquisa Cient\u00edfica.<\/p>\n<p>Aqui ser\u00e3o disponibilizados os materiais referentes \u00e0s aulas ministradas.<\/p>\n<p>Cr\u00edticas, sugest\u00f5es, elogios, ser\u00e3o bem vindos.<\/p>\n<p>um grande abra\u00e7o e tudo de bom.<\/p>\n<p>Alexandre Santiago<a href=\"http:\/\/www2.unifap.br\/alexandresantiago\/files\/2012\/03\/ABNT-NBR-6023.pdf\">ABNT NBR 6023<\/a><\/p>\n<p><a href=\"http:\/\/www2.unifap.br\/alexandresantiago\/files\/2012\/03\/Norma-10520-abnt-apresentacao-de-citacoes1.pdf\">Norma 10520 abnt apresentacao de citacoes<\/a><\/p>\n<p><a href=\"http:\/\/www2.unifap.br\/alexandresantiago\/files\/2012\/03\/Manual-para-apresentacao-trabalhos-academicos.pdf\">Manual para apresentacao trabalhos academicos<\/a><\/p>\n<p><a href=\"http:\/\/www2.unifap.br\/alexandresantiago\/files\/2012\/03\/normas_de_trabalhos_cientificos-manual.pdf\">normas_de_trabalhos_cientificos manual<\/a><\/p>\n<p>Ol\u00e1 Pessoal, saiu este livro da Editora Hyria: Manual de T\u00e9cnica de Reda\u00e7\u00e3o Cient\u00edfica. abaixo segue o link da editora.<\/p>\n<p><span style=\"color: #000000;font-family: arial,helvetica,sans-serif;font-size: 14px;text-align: center\"><span class=\"Object\"><a href=\"http:\/\/www.hyria.com.br\/lojavirtual.html\" target=\"_blank\">www.hyria.com.br<\/a><\/span><br \/>\n<span class=\"Object\"><a href=\"http:\/\/www.pedroreiz.com\/cursos-e-treinamentos\/compra-de-manuais\" target=\"_blank\">www.pedroreiz.com.br<\/a><\/span><\/span><\/p>\n<p><span style=\"color: #000000;font-family: arial,helvetica,sans-serif;font-size: 14px;text-align: center\"><span class=\"Object\"><a href=\"http:\/\/www2.unifap.br\/alexandresantiago\/files\/2012\/03\/Resumo_Resenha_Parafrases_ArtigosCientificos1.pdf\">Resumo_Resenha_Parafrases_ArtigosCientificos<\/a><\/span><\/span><\/p>\n<p><span style=\"color: #000000;font-family: arial,helvetica,sans-serif;font-size: 14px;text-align: center\"><span class=\"Object\"><a href=\"http:\/\/www2.unifap.br\/alexandresantiago\/files\/2012\/03\/Sites_Textos_Acad\u00eamicos.pdf\">Sites_Textos_Acad\u00eamicos<\/a><br \/>\n<\/span><\/span><\/p>\n<p><span style=\"color: #000000;font-family: arial,helvetica,sans-serif;font-size: 14px;text-align: center\"><span class=\"Object\"><br \/>\n<\/span><\/span><\/p>\n<div class=\"mcePaste\" style=\"width: 1px;height: 1px;overflow: hidden\">\n<p><span class=\"Object-hover\"><a href=\"http:\/\/www.hyria.com.br\/manualdetecnicas.html\" target=\"_blank\"><img fetchpriority=\"high\" decoding=\"async\" src=\"http:\/\/www.hyria.com.br\/imagens\/email\/4.jpg\" alt=\"\" width=\"245\" height=\"373\" \/><\/a><a href=\"http:\/\/www2.unifap.br\/alexandresantiago\/files\/2012\/03\/Resumo_Resenha_Parafrases_ArtigosCientificos.pdf\">Resumo_Resenha_Parafrases_ArtigosCientificos<\/a><\/span><\/p>\n<\/div>\n","protected":false},"excerpt":{"rendered":"<p>Esta \u00e9 a p\u00e1gina da Disciplina de Metodologia da Pesquisa Cient\u00edfica. Aqui ser\u00e3o disponibilizados os materiais referentes \u00e0s aulas ministradas. Cr\u00edticas, sugest\u00f5es, elogios, ser\u00e3o bem vindos. um grande abra\u00e7o e tudo de bom. Alexandre SantiagoABNT NBR 6023 Norma 10520 abnt&hellip; <\/p>\n<p><a href=\"https:\/\/www2.unifap.br\/alexandresantiago\/metodologia-cientifica\/\" class=\"readmore-button\">Continue Reading<\/a><\/p>\n","protected":false},"author":102,"featured_media":0,"parent":0,"menu_order":0,"comment_status":"open","ping_status":"open","template":"","meta":{"inline_featured_image":false,"ngg_post_thumbnail":0,"footnotes":""},"class_list":["post-22","page","type-page","status-publish","hentry"],"_links":{"self":[{"href":"https:\/\/www2.unifap.br\/alexandresantiago\/wp-json\/wp\/v2\/pages\/22","targetHints":{"allow":["GET"]}}],"collection":[{"href":"https:\/\/www2.unifap.br\/alexandresantiago\/wp-json\/wp\/v2\/pages"}],"about":[{"href":"https:\/\/www2.unifap.br\/alexandresantiago\/wp-json\/wp\/v2\/types\/page"}],"author":[{"embeddable":true,"href":"https:\/\/www2.unifap.br\/alexandresantiago\/wp-json\/wp\/v2\/users\/102"}],"replies":[{"embeddable":true,"href":"https:\/\/www2.unifap.br\/alexandresantiago\/wp-json\/wp\/v2\/comments?post=22"}],"version-history":[{"count":6,"href":"https:\/\/www2.unifap.br\/alexandresantiago\/wp-json\/wp\/v2\/pages\/22\/revisions"}],"predecessor-version":[{"id":33,"href":"https:\/\/www2.unifap.br\/alexandresantiago\/wp-json\/wp\/v2\/pages\/22\/revisions\/33"}],"wp:attachment":[{"href":"https:\/\/www2.unifap.br\/alexandresantiago\/wp-json\/wp\/v2\/media?parent=22"}],"curies":[{"name":"wp","href":"https:\/\/api.w.org\/{rel}","templated":true}]}}