{"id":239,"date":"2014-05-07T01:26:11","date_gmt":"2014-05-07T01:26:11","guid":{"rendered":"http:\/\/www2.unifap.br\/alexandresantiago\/?page_id=239"},"modified":"2014-05-08T21:22:17","modified_gmt":"2014-05-08T21:22:17","slug":"zoologia-i-introducao-geral-sistematica-e-taxonomia","status":"publish","type":"page","link":"https:\/\/www2.unifap.br\/alexandresantiago\/zoologia-de-invertebrados-i\/zoologia-i-introducao-geral-sistematica-e-taxonomia\/","title":{"rendered":"Zoologia I &#8211; Introdu\u00e7\u00e3o Geral; Sistem\u00e1tica e taxonomia."},"content":{"rendered":"<p><a href=\"http:\/\/www2.unifap.br\/alexandresantiago\/files\/2014\/05\/cladogramas.pdf\">cladogramas<\/a><\/p>\n<p><a href=\"http:\/\/www2.unifap.br\/alexandresantiago\/files\/2014\/05\/Mazzarolo_Apostila_Nocoes_Sistematica_Filogenetica.pdf\">Mazzarolo_Apostila_Nocoes_Sistematica_Filogenetica<\/a><\/p>\n<p><a href=\"http:\/\/www2.unifap.br\/alexandresantiago\/files\/2014\/05\/Richard_Dawkins_O_Gene_Egoista.pdf\">Richard_Dawkins_O_Gene_Egoista<\/a><\/p>\n<p><a href=\"http:\/\/www2.unifap.br\/alexandresantiago\/files\/2014\/05\/taxonomia_e_nomenclatura_animais.ppt\">taxonomia_e_nomenclatura_animais<\/a><\/p>\n<p>&nbsp;<\/p>\n<p>&nbsp;<\/p>\n","protected":false},"excerpt":{"rendered":"<p>cladogramas Mazzarolo_Apostila_Nocoes_Sistematica_Filogenetica Richard_Dawkins_O_Gene_Egoista taxonomia_e_nomenclatura_animais &nbsp; &nbsp;<\/p>\n","protected":false},"author":102,"featured_media":0,"parent":159,"menu_order":0,"comment_status":"open","ping_status":"open","template":"","meta":{"inline_featured_image":false,"ngg_post_thumbnail":0,"footnotes":""},"class_list":["post-239","page","type-page","status-publish","hentry"],"_links":{"self":[{"href":"https:\/\/www2.unifap.br\/alexandresantiago\/wp-json\/wp\/v2\/pages\/239","targetHints":{"allow":["GET"]}}],"collection":[{"href":"https:\/\/www2.unifap.br\/alexandresantiago\/wp-json\/wp\/v2\/pages"}],"about":[{"href":"https:\/\/www2.unifap.br\/alexandresantiago\/wp-json\/wp\/v2\/types\/page"}],"author":[{"embeddable":true,"href":"https:\/\/www2.unifap.br\/alexandresantiago\/wp-json\/wp\/v2\/users\/102"}],"replies":[{"embeddable":true,"href":"https:\/\/www2.unifap.br\/alexandresantiago\/wp-json\/wp\/v2\/comments?post=239"}],"version-history":[{"count":3,"href":"https:\/\/www2.unifap.br\/alexandresantiago\/wp-json\/wp\/v2\/pages\/239\/revisions"}],"predecessor-version":[{"id":248,"href":"https:\/\/www2.unifap.br\/alexandresantiago\/wp-json\/wp\/v2\/pages\/239\/revisions\/248"}],"up":[{"embeddable":true,"href":"https:\/\/www2.unifap.br\/alexandresantiago\/wp-json\/wp\/v2\/pages\/159"}],"wp:attachment":[{"href":"https:\/\/www2.unifap.br\/alexandresantiago\/wp-json\/wp\/v2\/media?parent=239"}],"curies":[{"name":"wp","href":"https:\/\/api.w.org\/{rel}","templated":true}]}}