{"id":1373,"date":"2018-10-23T19:16:44","date_gmt":"2018-10-23T19:16:44","guid":{"rendered":"http:\/\/www2.unifap.br\/arquitetura\/?page_id=1373"},"modified":"2024-05-01T18:11:18","modified_gmt":"2024-05-01T21:11:18","slug":"semana-de-arquitetura-e-urbanismo","status":"publish","type":"page","link":"https:\/\/www2.unifap.br\/arquitetura\/semana-de-arquitetura-e-urbanismo\/","title":{"rendered":"Anais da Semana de Arquitetura e Urbanismo"},"content":{"rendered":"\t\t<div data-elementor-type=\"wp-page\" data-elementor-id=\"1373\" class=\"elementor elementor-1373\">\n\t\t\t\t\t\t<section class=\"elementor-section elementor-top-section elementor-element elementor-element-5686e7bb elementor-section-boxed elementor-section-height-default elementor-section-height-default\" data-id=\"5686e7bb\" data-element_type=\"section\" data-e-type=\"section\">\n\t\t\t\t\t\t<div class=\"elementor-container elementor-column-gap-default\">\n\t\t\t\t\t<div class=\"elementor-column elementor-col-100 elementor-top-column elementor-element elementor-element-6f46398a\" data-id=\"6f46398a\" data-element_type=\"column\" data-e-type=\"column\">\n\t\t\t<div class=\"elementor-widget-wrap elementor-element-populated\">\n\t\t\t\t\t\t<div class=\"elementor-element elementor-element-4e9715f4 elementor-widget elementor-widget-text-editor\" data-id=\"4e9715f4\" data-element_type=\"widget\" data-e-type=\"widget\" data-widget_type=\"text-editor.default\">\n\t\t\t\t<div class=\"elementor-widget-container\">\n\t\t\t\t\t\t\t\t\t<h4 style=\"text-align: left\"><strong>ISSN 2595 \u2013 8461<\/strong>\n<strong>Publica\u00e7\u00e3o cient\u00edfica do curso de Arquitetura e Urbanismo da UNIFAP<\/strong><\/h4>\n<p style=\"text-align: justify\">Apresenta\u00e7\u00e3o<\/p>\n<p style=\"text-align: justify\">A Semana de Arquitetura e Urbanismo \u2014 SAU \u2014 da UNIFAP \u00e9 um evento anual organizado como uma a\u00e7\u00e3o de extens\u00e3o universit\u00e1ria, sob organiza\u00e7\u00e3o majorit\u00e1ria de estudantes do curso, al\u00e9m de incluir no m\u00ednimo a chefia de um docente efetivo como diretor da organiza\u00e7\u00e3o e principal intermediador. A primeira edi\u00e7\u00e3o do evento ocorreu em 2009, sem muitos recursos e pequena participa\u00e7\u00e3o da comunidade acad\u00eamica em geral, estendendo-se por mais duas edi\u00e7\u00f5es at\u00e9 a interrup\u00e7\u00e3o na periodicidade do evento em 2012. Contudo, em 2014, a turma AU2012 retomou as atividades de organiza\u00e7\u00e3o da SAU, executando a quarta edi\u00e7\u00e3o do evento no m\u00eas de maio deste mesmo ano sob lideran\u00e7a do Prof. Dr. Jos\u00e9 Marcelo Martins Medeiros. Com o est\u00edmulo retomado, em 2015, a turma AU2013 herdou a tarefa de execu\u00e7\u00e3o da atividade, portanto decidiu abordar a tem\u00e1tica \u201cArquitetura e a vida com qualidade\u201d sob lideran\u00e7a do Prof. Msc. M\u00e1rio Barata J\u00fanior. Aplicaram entre os dias 21 e 25 de junho, palestras e oficinas, que ocorreram no Centro de Conven\u00e7\u00f5es Azevedo Pican\u00e7o e Campus UNIFAP Marco Zero.<\/p>\n<p style=\"text-align: justify\">A elabora\u00e7\u00e3o da primeira edi\u00e7\u00e3o do peri\u00f3dico iniciou em 2017, como um marco para o evento \u201cSemana de Arquitetura e Urbanismo\u201d, pois propunha pela primeira vez a submiss\u00e3o de trabalhos acad\u00eamicos para posterior publica\u00e7\u00e3o. A sexta edi\u00e7\u00e3o o evento apresentou a fim de gerar a integra\u00e7\u00e3o, discuss\u00e3o do conte\u00fado, e populariza\u00e7\u00e3o de ci\u00eancia e tecnologia, a tem\u00e1tica \u201cHabitar a cidade: voc\u00ea como transformador do urbano\u201d. Foram explorados cinco eixos tem\u00e1ticos: Cidade para quem?; Interven\u00e7\u00f5es urbanas participativas; Relev\u00e2ncia cultural na Arquitetura; Interven\u00e7\u00f5es urbanas singulares; e As transforma\u00e7\u00f5es do espa\u00e7o. O evento ocorreu no TRE (AP) e Campus UNIFAP Marco Zero, e contou com a participa\u00e7\u00e3o de 14 convidados, entre palestrantes e oficiantes.<\/p>\n\n<p style=\"text-align: justify\">\nA s\u00e9tima edi\u00e7\u00e3o ocorreu entre 29 de outubro e 1 de novembro de 2018, abordou a tem\u00e1tica \u201cMobilidade Urbana e Sustentabilidade: por onde tu andas?\u201d e trabalhou na continuidade do peri\u00f3dico \u201cAnais de Evento\u201d, mediante a formata\u00e7\u00e3o da Comiss\u00e3o Cient\u00edfica e Editorial. Essa edi\u00e7\u00e3o se desenvolveu de forma inovadora, atrav\u00e9s da coopera\u00e7\u00e3o com o Centro Acad\u00eamico de Arquitetura e Urbanismo, visando contribuir para as atividades do trip\u00e9 das institui\u00e7\u00f5es federais brasileiras: ensino, pesquisa e extens\u00e3o.\n<\/p>\n\n<p style=\"text-align: justify\">\nA oitava edi\u00e7\u00e3o, <strong>VIII SAU Cria-te, Cidade!<\/strong>, ocorreu entre 29 de outubro de 01 de novembro de 2019 na UNIFAP e objetivou apresentar e discutir o programa Cidade Criativa da Organiza\u00e7\u00e3o das Na\u00e7\u00f5es Unidas para a Educa\u00e7\u00e3o, Ci\u00eancia e Cultura (UNESCO), que visa promover coopera\u00e7\u00e3o internacional entre cidades que investem em cultura e criatividade como fatores de est\u00edmulo ao desenvolvimento sustent\u00e1vel. A tem\u00e1tica desenvolveu tr\u00eas eixos tem\u00e1ticos direcionados para a cidade de Macap\u00e1-AP: Processos criativos na cidade; Percep\u00e7\u00e3o e mem\u00f3ria da cidade; e sustentabilidade e pr\u00e1ticas de autogest\u00e3o. o evento disponibilizou tr\u00eas modalidades de participa\u00e7\u00e3o acad\u00eamica, que estavam entre artigo cient\u00edfico, trabalhos gr\u00e1ficos (maquete f\u00edsica, fotografia, v\u00eddeo, caderno de desenhos) e painel, todos relacionados aos eixos tem\u00e1ticos do evento. Durante os quatro dias de evento foram promovidas palestras, rodas de conversa, oficinas, conv\u00edvio, interven\u00e7\u00f5es urbanas, troca de experi\u00eancias entre os participantes e a valoriza\u00e7\u00e3o da cultura local atrav\u00e9s do evento cultural que finalizou a semana.\n<\/p>\n\n<p style=\"text-align: justify\"><strong>Se\u00e7\u00f5es de publica\u00e7\u00e3o eletr\u00f4nica &#8211; Online<\/strong><\/p>\n\n<blockquote>\n<p style=\"text-align: justify\"><a href=\"http:\/\/www2.unifap.br\/arquitetura\/semana-de-arquitetura-e-urbanismo\/capa\/\"><strong>Expediente<\/strong><\/a><\/p>\n<p style=\"text-align: justify\">Se\u00e7\u00e3o de informa\u00e7\u00f5es pertinentes a periodicidade, idioma, autor corporativo, corpo editorial, etc.<\/p>\n<p style=\"text-align: justify\"><a href=\"http:\/\/www2.unifap.br\/arquitetura\/semana-de-arquitetura-e-urbanismo\/edicao-atual\/\"><strong>Normas editoriais<\/strong><\/a><\/p>\n<p style=\"text-align: justify\">Se\u00e7\u00e3o de orienta\u00e7\u00f5es pertinentes aos autores, apresenta\u00e7\u00e3o de diretrizes e demais informa\u00e7\u00f5es.<\/p>\n<strong><a href=\"http:\/\/www2.unifap.br\/arquitetura\/semana-de-arquitetura-e-urbanismo\/sobre-o-periodico\/\">Edi\u00e7\u00f5es anteriores<\/a>\n<\/strong>Se\u00e7\u00e3o de publica\u00e7\u00e3o das edi\u00e7\u00f5es completas.\n\n<a href=\"http:\/\/www2.unifap.br\/arquitetura\/semana-de-arquitetura-e-urbanismo\/normas-e-editoriais\/\"><strong>Edi\u00e7\u00e3o atual<\/strong><\/a>\nSe\u00e7\u00e3o de publica\u00e7\u00e3o da edi\u00e7\u00e3o atual completa.<\/blockquote>\n&nbsp;\n<p style=\"text-align: justify\"><strong>Capas<\/strong><\/p>\nv. 3 (2019): Anais da VIII Semana de Arquitetura e Urbanismo. Cria-te, Cidade!\n<blockquote><img fetchpriority=\"high\" decoding=\"async\" class=\"size-medium wp-image-1839 alignnone\" src=\"http:\/\/www2.unifap.br\/arquitetura\/files\/2020\/07\/Anota\u00e7\u00e3o-2020-07-04-001548-212x300.jpg\" alt=\"\" width=\"212\" height=\"300\" srcset=\"https:\/\/www2.unifap.br\/arquitetura\/files\/2020\/07\/Anota\u00e7\u00e3o-2020-07-04-001548-212x300.jpg 212w, https:\/\/www2.unifap.br\/arquitetura\/files\/2020\/07\/Anota\u00e7\u00e3o-2020-07-04-001548.jpg 644w\" sizes=\"(max-width: 212px) 100vw, 212px\" \/>\nCapa: Luan Colares; Fernanda Azevedo.<\/blockquote>\n&nbsp;\n\nv. 2 (2018): Anais da VII Semana de Arquitetura e Urbanismo. Mobilidade Urbana e Sustentabilidade: Por onde tu andas?\n<blockquote><img decoding=\"async\" src=\"http:\/\/www2.unifap.br\/arquitetura\/files\/2018\/10\/Capa-Anais-VII-SAU_1.5-211x300.jpg\" alt=\"Capa Anais VII SAU_1.5\" width=\"211\" height=\"300\" \/>\nCapa: Victor Salgado; Lucas Ramos.<\/blockquote>\n&nbsp;\n\nv. 1 (2017): Anais da VI Semana de Arquitetura e Urbanismo. Habitar a cidade: Voc\u00ea como transformador urbano.\n<blockquote>\n<p style=\"text-align: justify\">\u00a0<img decoding=\"async\" class=\"alignnone\" src=\"http:\/\/www2.unifap.br\/arquitetura\/files\/2019\/07\/Anais-da-VISAU-Capa--209x300.jpg\" alt=\"\" width=\"209\" height=\"300\" \/><\/p>\nFoto: J\u00e9ssica Siqueira.\nCapa: Kevin Cordeiro.<\/blockquote>\n<p style=\"text-align: justify\"><a href=\"http:\/\/www2.unifap.br\/arquitetura\/files\/2018\/10\/Folha-de-rosto-Anais-VII-SAU-Copia.jpg\"><img loading=\"lazy\" decoding=\"async\" src=\"http:\/\/www2.unifap.br\/arquitetura\/files\/2018\/10\/Folha-de-rosto-Anais-VII-SAU-Copia-1024x382.jpg\" alt=\"Folha de rosto Anais VII SAU - Copia\" width=\"640\" height=\"238\" \/><\/a><\/p>\n&nbsp;\t\t\t\t\t\t\t\t<\/div>\n\t\t\t\t<\/div>\n\t\t\t\t\t<\/div>\n\t\t<\/div>\n\t\t\t\t\t<\/div>\n\t\t<\/section>\n\t\t\t\t<\/div>\n\t\t","protected":false},"excerpt":{"rendered":"<p>ISSN 2595 \u2013 8461 Publica\u00e7\u00e3o cient\u00edfica do curso de Arquitetura e Urbanismo da UNIFAP Apresenta\u00e7\u00e3o A Semana de Arquitetura e Urbanismo \u2014 SAU \u2014 da UNIFAP \u00e9 um evento anual organizado como uma a\u00e7\u00e3o de extens\u00e3o universit\u00e1ria, sob organiza\u00e7\u00e3o majorit\u00e1ria de estudantes do curso, al\u00e9m de incluir no m\u00ednimo a chefia de um docente efetivo&#8230;<\/p>\n","protected":false},"author":926,"featured_media":0,"parent":0,"menu_order":8,"comment_status":"closed","ping_status":"closed","template":"elementor_header_footer","meta":{"inline_featured_image":false,"site-sidebar-layout":"default","site-content-layout":"","ast-site-content-layout":"default","site-content-style":"default","site-sidebar-style":"default","ast-global-header-display":"","ast-banner-title-visibility":"","ast-main-header-display":"","ast-hfb-above-header-display":"","ast-hfb-below-header-display":"","ast-hfb-mobile-header-display":"","site-post-title":"","ast-breadcrumbs-content":"","ast-featured-img":"","footer-sml-layout":"","theme-transparent-header-meta":"","adv-header-id-meta":"","stick-header-meta":"","header-above-stick-meta":"","header-main-stick-meta":"","header-below-stick-meta":"","astra-migrate-meta-layouts":"default","ast-page-background-enabled":"default","ast-page-background-meta":{"desktop":{"background-color":"var(--ast-global-color-4)","background-image":"","background-repeat":"repeat","background-position":"center center","background-size":"auto","background-attachment":"scroll","background-type":"","background-media":"","overlay-type":"","overlay-color":"","overlay-opacity":"","overlay-gradient":""},"tablet":{"background-color":"","background-image":"","background-repeat":"repeat","background-position":"center center","background-size":"auto","background-attachment":"scroll","background-type":"","background-media":"","overlay-type":"","overlay-color":"","overlay-opacity":"","overlay-gradient":""},"mobile":{"background-color":"","background-image":"","background-repeat":"repeat","background-position":"center center","background-size":"auto","background-attachment":"scroll","background-type":"","background-media":"","overlay-type":"","overlay-color":"","overlay-opacity":"","overlay-gradient":""}},"ast-content-background-meta":{"desktop":{"background-color":"var(--ast-global-color-5)","background-image":"","background-repeat":"repeat","background-position":"center center","background-size":"auto","background-attachment":"scroll","background-type":"","background-media":"","overlay-type":"","overlay-color":"","overlay-opacity":"","overlay-gradient":""},"tablet":{"background-color":"var(--ast-global-color-5)","background-image":"","background-repeat":"repeat","background-position":"center center","background-size":"auto","background-attachment":"scroll","background-type":"","background-media":"","overlay-type":"","overlay-color":"","overlay-opacity":"","overlay-gradient":""},"mobile":{"background-color":"var(--ast-global-color-5)","background-image":"","background-repeat":"repeat","background-position":"center center","background-size":"auto","background-attachment":"scroll","background-type":"","background-media":"","overlay-type":"","overlay-color":"","overlay-opacity":"","overlay-gradient":""}},"ngg_post_thumbnail":0,"footnotes":""},"class_list":["post-1373","page","type-page","status-publish","hentry"],"_links":{"self":[{"href":"https:\/\/www2.unifap.br\/arquitetura\/wp-json\/wp\/v2\/pages\/1373","targetHints":{"allow":["GET"]}}],"collection":[{"href":"https:\/\/www2.unifap.br\/arquitetura\/wp-json\/wp\/v2\/pages"}],"about":[{"href":"https:\/\/www2.unifap.br\/arquitetura\/wp-json\/wp\/v2\/types\/page"}],"author":[{"embeddable":true,"href":"https:\/\/www2.unifap.br\/arquitetura\/wp-json\/wp\/v2\/users\/926"}],"replies":[{"embeddable":true,"href":"https:\/\/www2.unifap.br\/arquitetura\/wp-json\/wp\/v2\/comments?post=1373"}],"version-history":[{"count":88,"href":"https:\/\/www2.unifap.br\/arquitetura\/wp-json\/wp\/v2\/pages\/1373\/revisions"}],"predecessor-version":[{"id":9547,"href":"https:\/\/www2.unifap.br\/arquitetura\/wp-json\/wp\/v2\/pages\/1373\/revisions\/9547"}],"wp:attachment":[{"href":"https:\/\/www2.unifap.br\/arquitetura\/wp-json\/wp\/v2\/media?parent=1373"}],"curies":[{"name":"wp","href":"https:\/\/api.w.org\/{rel}","templated":true}]}}

<div data-elementor-type="wp-page" data-elementor-id="1373" class="elementor elementor-1373">
						<section class="elementor-section elementor-top-section elementor-element elementor-element-5686e7bb elementor-section-boxed elementor-section-height-default elementor-section-height-default" data-id="5686e7bb" data-element_type="section" data-e-type="section">
						<div class="elementor-container elementor-column-gap-default">
					<div class="elementor-column elementor-col-100 elementor-top-column elementor-element elementor-element-6f46398a" data-id="6f46398a" data-element_type="column" data-e-type="column">
			<div class="elementor-widget-wrap elementor-element-populated">
						<div class="elementor-element elementor-element-4e9715f4 elementor-widget elementor-widget-text-editor" data-id="4e9715f4" data-element_type="widget" data-e-type="widget" data-widget_type="text-editor.default">
				<div class="elementor-widget-container">
									<h4 style="text-align: left"><strong>ISSN 2595 – 8461</strong>
<strong>Publicação científica do curso de Arquitetura e Urbanismo da UNIFAP</strong></h4>
<p style="text-align: justify">Apresentação</p>
<p style="text-align: justify">A Semana de Arquitetura e Urbanismo — SAU — da UNIFAP é um evento anual organizado como uma ação de extensão universitária, sob organização majoritária de estudantes do curso, além de incluir no mínimo a chefia de um docente efetivo como diretor da organização e principal intermediador. A primeira edição do evento ocorreu em 2009, sem muitos recursos e pequena participação da comunidade acadêmica em geral, estendendo-se por mais duas edições até a interrupção na periodicidade do evento em 2012. Contudo, em 2014, a turma AU2012 retomou as atividades de organização da SAU, executando a quarta edição do evento no mês de maio deste mesmo ano sob liderança do Prof. Dr. José Marcelo Martins Medeiros. Com o estímulo retomado, em 2015, a turma AU2013 herdou a tarefa de execução da atividade, portanto decidiu abordar a temática “Arquitetura e a vida com qualidade” sob liderança do Prof. Msc. Mário Barata Júnior. Aplicaram entre os dias 21 e 25 de junho, palestras e oficinas, que ocorreram no Centro de Convenções Azevedo Picanço e Campus UNIFAP Marco Zero.</p>
<p style="text-align: justify">A elaboração da primeira edição do periódico iniciou em 2017, como um marco para o evento “Semana de Arquitetura e Urbanismo”, pois propunha pela primeira vez a submissão de trabalhos acadêmicos para posterior publicação. A sexta edição o evento apresentou a fim de gerar a integração, discussão do conteúdo, e popularização de ciência e tecnologia, a temática “Habitar a cidade: você como transformador do urbano”. Foram explorados cinco eixos temáticos: Cidade para quem?; Intervenções urbanas participativas; Relevância cultural na Arquitetura; Intervenções urbanas singulares; e As transformações do espaço. O evento ocorreu no TRE (AP) e Campus UNIFAP Marco Zero, e contou com a participação de 14 convidados, entre palestrantes e oficiantes.</p>

<p style="text-align: justify">
A sétima edição ocorreu entre 29 de outubro e 1 de novembro de 2018, abordou a temática “Mobilidade Urbana e Sustentabilidade: por onde tu andas?” e trabalhou na continuidade do periódico “Anais de Evento”, mediante a formatação da Comissão Científica e Editorial. Essa edição se desenvolveu de forma inovadora, através da cooperação com o Centro Acadêmico de Arquitetura e Urbanismo, visando contribuir para as atividades do tripé das instituições federais brasileiras: ensino, pesquisa e extensão.
</p>

<p style="text-align: justify">
A oitava edição, <strong>VIII SAU Cria-te, Cidade!</strong>, ocorreu entre 29 de outubro de 01 de novembro de 2019 na UNIFAP e objetivou apresentar e discutir o programa Cidade Criativa da Organização das Nações Unidas para a Educação, Ciência e Cultura (UNESCO), que visa promover cooperação internacional entre cidades que investem em cultura e criatividade como fatores de estímulo ao desenvolvimento sustentável. A temática desenvolveu três eixos temáticos direcionados para a cidade de Macapá-AP: Processos criativos na cidade; Percepção e memória da cidade; e sustentabilidade e práticas de autogestão. o evento disponibilizou três modalidades de participação acadêmica, que estavam entre artigo científico, trabalhos gráficos (maquete física, fotografia, vídeo, caderno de desenhos) e painel, todos relacionados aos eixos temáticos do evento. Durante os quatro dias de evento foram promovidas palestras, rodas de conversa, oficinas, convívio, intervenções urbanas, troca de experiências entre os participantes e a valorização da cultura local através do evento cultural que finalizou a semana.
</p>

<p style="text-align: justify"><strong>Seções de publicação eletrônica &#8211; Online</strong></p>

<blockquote>
<p style="text-align: justify"><a href="http://www2.unifap.br/arquitetura/semana-de-arquitetura-e-urbanismo/capa/"><strong>Expediente</strong></a></p>
<p style="text-align: justify">Seção de informações pertinentes a periodicidade, idioma, autor corporativo, corpo editorial, etc.</p>
<p style="text-align: justify"><a href="http://www2.unifap.br/arquitetura/semana-de-arquitetura-e-urbanismo/edicao-atual/"><strong>Normas editoriais</strong></a></p>
<p style="text-align: justify">Seção de orientações pertinentes aos autores, apresentação de diretrizes e demais informações.</p>
<strong><a href="http://www2.unifap.br/arquitetura/semana-de-arquitetura-e-urbanismo/sobre-o-periodico/">Edições anteriores</a>
</strong>Seção de publicação das edições completas.

<a href="http://www2.unifap.br/arquitetura/semana-de-arquitetura-e-urbanismo/normas-e-editoriais/"><strong>Edição atual</strong></a>
Seção de publicação da edição atual completa.</blockquote>
&nbsp;
<p style="text-align: justify"><strong>Capas</strong></p>
v. 3 (2019): Anais da VIII Semana de Arquitetura e Urbanismo. Cria-te, Cidade!
<blockquote><img fetchpriority="high" decoding="async" class="size-medium wp-image-1839 alignnone" src="http://www2.unifap.br/arquitetura/files/2020/07/Anotação-2020-07-04-001548-212x300.jpg" alt="" width="212" height="300" srcset="https://www2.unifap.br/arquitetura/files/2020/07/Anotação-2020-07-04-001548-212x300.jpg 212w, https://www2.unifap.br/arquitetura/files/2020/07/Anotação-2020-07-04-001548.jpg 644w" sizes="(max-width: 212px) 100vw, 212px" />
Capa: Luan Colares; Fernanda Azevedo.</blockquote>
&nbsp;

v. 2 (2018): Anais da VII Semana de Arquitetura e Urbanismo. Mobilidade Urbana e Sustentabilidade: Por onde tu andas?
<blockquote><img decoding="async" src="http://www2.unifap.br/arquitetura/files/2018/10/Capa-Anais-VII-SAU_1.5-211x300.jpg" alt="Capa Anais VII SAU_1.5" width="211" height="300" />
Capa: Victor Salgado; Lucas Ramos.</blockquote>
&nbsp;

v. 1 (2017): Anais da VI Semana de Arquitetura e Urbanismo. Habitar a cidade: Você como transformador urbano.
<blockquote>
<p style="text-align: justify"> <img decoding="async" class="alignnone" src="http://www2.unifap.br/arquitetura/files/2019/07/Anais-da-VISAU-Capa--209x300.jpg" alt="" width="209" height="300" /></p>
Foto: Jéssica Siqueira.
Capa: Kevin Cordeiro.</blockquote>
<p style="text-align: justify"><a href="http://www2.unifap.br/arquitetura/files/2018/10/Folha-de-rosto-Anais-VII-SAU-Copia.jpg"><img loading="lazy" decoding="async" src="http://www2.unifap.br/arquitetura/files/2018/10/Folha-de-rosto-Anais-VII-SAU-Copia-1024x382.jpg" alt="Folha de rosto Anais VII SAU - Copia" width="640" height="238" /></a></p>
&nbsp;								</div>
				</div>
					</div>
		</div>
					</div>
		</section>
				</div>

<p>ISSN 2595 – 8461 Publicação científica do curso de Arquitetura e Urbanismo da UNIFAP Apresentação A Semana de Arquitetura e Urbanismo — SAU — da UNIFAP é um evento anual organizado como uma ação de extensão universitária, sob organização majoritária de estudantes do curso, além de incluir no mínimo a chefia de um docente efetivo&#8230;</p>
