{"id":9775,"date":"2024-05-03T17:03:25","date_gmt":"2024-05-03T20:03:25","guid":{"rendered":"https:\/\/www2.unifap.br\/arquitetura\/?page_id=9775"},"modified":"2024-05-03T19:22:40","modified_gmt":"2024-05-03T22:22:40","slug":"simposio-macapa-75-anos-de-capital-2","status":"publish","type":"page","link":"https:\/\/www2.unifap.br\/arquitetura\/simposio-macapa-75-anos-de-capital-2\/","title":{"rendered":"Simp\u00f3sio MACAP\u00c1 75 ANOS DE CAPITAL"},"content":{"rendered":"\t\t<div data-elementor-type=\"wp-page\" data-elementor-id=\"9775\" class=\"elementor elementor-9775\">\n\t\t\t\t<div class=\"elementor-element elementor-element-d6bf70d e-flex e-con-boxed e-con e-parent\" data-id=\"d6bf70d\" data-element_type=\"container\" data-e-type=\"container\">\n\t\t\t\t\t<div class=\"e-con-inner\">\n\t\t<div class=\"elementor-element elementor-element-5a72888 e-con-full e-flex e-con e-child\" data-id=\"5a72888\" data-element_type=\"container\" data-e-type=\"container\">\n\t\t\t\t<div class=\"elementor-element elementor-element-cc366a2 elementor-widget elementor-widget-heading\" data-id=\"cc366a2\" data-element_type=\"widget\" data-e-type=\"widget\" data-widget_type=\"heading.default\">\n\t\t\t\t<div class=\"elementor-widget-container\">\n\t\t\t\t\t<h1 class=\"elementor-heading-title elementor-size-default\">Simp\u00f3sio MACAP\u00c1 75 ANOS DE CAPITAL<\/h1>\t\t\t\t<\/div>\n\t\t\t\t<\/div>\n\t\t\t\t<div class=\"elementor-element elementor-element-20885ab elementor-widget elementor-widget-text-editor\" data-id=\"20885ab\" data-element_type=\"widget\" data-e-type=\"widget\" data-widget_type=\"text-editor.default\">\n\t\t\t\t<div class=\"elementor-widget-container\">\n\t\t\t\t\t\t\t\t\t<p style=\"text-align: justify\"><span style=\"font-weight: 400\">Macap\u00e1 75 anos de Capital foi um simp\u00f3sio, que reuniu a produ\u00e7\u00e3o intelectual local, sobre algumas tem\u00e1ticas da regi\u00e3o macapaense, onde se visou reconhecer o valor regional e hist\u00f3rico da cidade, al\u00e9m de ter reunido trabalhos que envolviam informa\u00e7\u00f5es dentro do per\u00edodo de 1944-2019.\u00a0<\/span><\/p><p style=\"text-align: justify\"><span style=\"font-weight: 400\">O simp\u00f3sio ocorreu na Universidade Federal do Amap\u00e1 (UNIFAP), nos dias 05, 06 e 07 de junho de 2019.<\/span><\/p><p>\u00a0<\/p><p><b>Site do evento:<\/b><a href=\"https:\/\/macapa300anos.wixsite.com\/macapa75anos\"><span style=\"font-weight: 400\"> https:\/\/macapa300anos.wixsite.com\/macapa75anos<\/span><\/a><\/p><p>\u00a0<\/p><p><span style=\"text-decoration: underline\"><b>ACERVO DIGITAL:<\/b><\/span><\/p>\t\t\t\t\t\t\t\t<\/div>\n\t\t\t\t<\/div>\n\t\t\t\t<\/div>\n\t\t\t\t\t<\/div>\n\t\t\t\t<\/div>\n\t\t<div class=\"elementor-element elementor-element-a5a392d e-flex e-con-boxed e-con e-parent\" data-id=\"a5a392d\" data-element_type=\"container\" data-e-type=\"container\">\n\t\t\t\t\t<div class=\"e-con-inner\">\n\t\t<div class=\"elementor-element elementor-element-6f367de e-con-full e-flex e-con e-child\" data-id=\"6f367de\" data-element_type=\"container\" data-e-type=\"container\">\n\t\t\t\t<div class=\"elementor-element elementor-element-ff9817d elementor-widget elementor-widget-image\" data-id=\"ff9817d\" data-element_type=\"widget\" data-e-type=\"widget\" data-widget_type=\"image.default\">\n\t\t\t\t<div class=\"elementor-widget-container\">\n\t\t\t\t\t\t\t\t\t\t\t\t\t\t\t<img fetchpriority=\"high\" decoding=\"async\" width=\"391\" height=\"811\" src=\"https:\/\/www2.unifap.br\/arquitetura\/files\/2024\/05\/CAPA-LIVRO-1-1.png\" class=\"attachment-large size-large wp-image-9777\" alt=\"\" srcset=\"https:\/\/www2.unifap.br\/arquitetura\/files\/2024\/05\/CAPA-LIVRO-1-1.png 391w, https:\/\/www2.unifap.br\/arquitetura\/files\/2024\/05\/CAPA-LIVRO-1-1-145x300.png 145w\" sizes=\"(max-width: 391px) 100vw, 391px\" \/>\t\t\t\t\t\t\t\t\t\t\t\t\t\t\t<\/div>\n\t\t\t\t<\/div>\n\t\t\t\t<div class=\"elementor-element elementor-element-a257c5d elementor-widget elementor-widget-heading\" data-id=\"a257c5d\" data-element_type=\"widget\" data-e-type=\"widget\" data-widget_type=\"heading.default\">\n\t\t\t\t<div class=\"elementor-widget-container\">\n\t\t\t\t\t<h2 class=\"elementor-heading-title elementor-size-default\"><a href=\"https:\/\/www.uniedusul.com.br\/publicacao\/amazonia-urbana-em-questao-macapa-75-anos-de-capital-livro-1\/\">Amaz\u00f4nia urbana em quest\u00e3o: Macap\u00e1 75 anos de capital \u2013 Livro 1\n<\/a><\/h2>\t\t\t\t<\/div>\n\t\t\t\t<\/div>\n\t\t\t\t<\/div>\n\t\t<div class=\"elementor-element elementor-element-05aa3f4 e-con-full e-flex e-con e-child\" data-id=\"05aa3f4\" data-element_type=\"container\" data-e-type=\"container\">\n\t\t\t\t<div class=\"elementor-element elementor-element-0a17661 elementor-widget elementor-widget-image\" data-id=\"0a17661\" data-element_type=\"widget\" data-e-type=\"widget\" data-widget_type=\"image.default\">\n\t\t\t\t<div class=\"elementor-widget-container\">\n\t\t\t\t\t\t\t\t\t\t\t\t\t\t\t<img decoding=\"async\" width=\"392\" height=\"813\" src=\"https:\/\/www2.unifap.br\/arquitetura\/files\/2024\/05\/CAPA-LIVRO-2-1.png\" class=\"attachment-large size-large wp-image-9778\" alt=\"\" srcset=\"https:\/\/www2.unifap.br\/arquitetura\/files\/2024\/05\/CAPA-LIVRO-2-1.png 392w, https:\/\/www2.unifap.br\/arquitetura\/files\/2024\/05\/CAPA-LIVRO-2-1-145x300.png 145w\" sizes=\"(max-width: 392px) 100vw, 392px\" \/>\t\t\t\t\t\t\t\t\t\t\t\t\t\t\t<\/div>\n\t\t\t\t<\/div>\n\t\t\t\t<div class=\"elementor-element elementor-element-a616215 elementor-widget elementor-widget-heading\" data-id=\"a616215\" data-element_type=\"widget\" data-e-type=\"widget\" data-widget_type=\"heading.default\">\n\t\t\t\t<div class=\"elementor-widget-container\">\n\t\t\t\t\t<h2 class=\"elementor-heading-title elementor-size-default\"><a href=\"https:\/\/www.uniedusul.com.br\/publicacao\/amazonia-urbana-em-questao-macapa-75-anos-de-capital-livro-2\/\">Amaz\u00f4nia urbana em quest\u00e3o: Macap\u00e1 75 anos de capital \u2013 Livro 2\n\n<\/a><\/h2>\t\t\t\t<\/div>\n\t\t\t\t<\/div>\n\t\t\t\t<\/div>\n\t\t<div class=\"elementor-element elementor-element-f0675f9 e-con-full e-flex e-con e-child\" data-id=\"f0675f9\" data-element_type=\"container\" data-e-type=\"container\">\n\t\t\t\t<div class=\"elementor-element elementor-element-bbd291a elementor-widget elementor-widget-image\" data-id=\"bbd291a\" data-element_type=\"widget\" data-e-type=\"widget\" data-widget_type=\"image.default\">\n\t\t\t\t<div class=\"elementor-widget-container\">\n\t\t\t\t\t\t\t\t\t\t\t\t\t\t\t<img decoding=\"async\" width=\"398\" height=\"813\" src=\"https:\/\/www2.unifap.br\/arquitetura\/files\/2024\/05\/CAPA-LIVRO-3-1.png\" class=\"attachment-large size-large wp-image-9779\" alt=\"\" srcset=\"https:\/\/www2.unifap.br\/arquitetura\/files\/2024\/05\/CAPA-LIVRO-3-1.png 398w, https:\/\/www2.unifap.br\/arquitetura\/files\/2024\/05\/CAPA-LIVRO-3-1-147x300.png 147w\" sizes=\"(max-width: 398px) 100vw, 398px\" \/>\t\t\t\t\t\t\t\t\t\t\t\t\t\t\t<\/div>\n\t\t\t\t<\/div>\n\t\t\t\t<div class=\"elementor-element elementor-element-aff111c elementor-widget elementor-widget-heading\" data-id=\"aff111c\" data-element_type=\"widget\" data-e-type=\"widget\" data-widget_type=\"heading.default\">\n\t\t\t\t<div class=\"elementor-widget-container\">\n\t\t\t\t\t<h2 class=\"elementor-heading-title elementor-size-default\"><a href=\"https:\/\/www.uniedusul.com.br\/publicacao\/amazonia-urbana-em-questao-macapa-75-anos-de-capital-livro-3\/\">Amaz\u00f4nia urbana em quest\u00e3o: Macap\u00e1 75 anos de capital \u2013 Livro 3\n<\/a><\/h2>\t\t\t\t<\/div>\n\t\t\t\t<\/div>\n\t\t\t\t<\/div>\n\t\t\t\t\t<\/div>\n\t\t\t\t<\/div>\n\t\t\t\t<\/div>\n\t\t","protected":false},"excerpt":{"rendered":"<p>\/*! elementor &#8211; v3.21.0 &#8211; 18-04-2024 *\/ .elementor-heading-title{padding:0;margin:0;line-height:1}.elementor-widget-heading .elementor-heading-title[class*=elementor-size-]&gt;a{color:inherit;font-size:inherit;line-height:inherit}.elementor-widget-heading .elementor-heading-title.elementor-size-small{font-size:15px}.elementor-widget-heading .elementor-heading-title.elementor-size-medium{font-size:19px}.elementor-widget-heading .elementor-heading-title.elementor-size-large{font-size:29px}.elementor-widget-heading .elementor-heading-title.elementor-size-xl{font-size:39px}.elementor-widget-heading .elementor-heading-title.elementor-size-xxl{font-size:59px} Simp\u00f3sio MACAP\u00c1 75 ANOS DE CAPITAL Macap\u00e1 75 anos de Capital foi um simp\u00f3sio, que reuniu a produ\u00e7\u00e3o intelectual local, sobre algumas tem\u00e1ticas da regi\u00e3o macapaense, onde se visou reconhecer o valor regional e hist\u00f3rico da cidade, al\u00e9m de ter reunido&#8230;<\/p>\n","protected":false},"author":3898,"featured_media":0,"parent":0,"menu_order":0,"comment_status":"closed","ping_status":"closed","template":"","meta":{"inline_featured_image":false,"site-sidebar-layout":"no-sidebar","site-content-layout":"page-builder","ast-site-content-layout":"full-width-container","site-content-style":"default","site-sidebar-style":"default","ast-global-header-display":"","ast-banner-title-visibility":"","ast-main-header-display":"","ast-hfb-above-header-display":"","ast-hfb-below-header-display":"","ast-hfb-mobile-header-display":"","site-post-title":"disabled","ast-breadcrumbs-content":"","ast-featured-img":"disabled","footer-sml-layout":"","theme-transparent-header-meta":"default","adv-header-id-meta":"","stick-header-meta":"","header-above-stick-meta":"","header-main-stick-meta":"","header-below-stick-meta":"","astra-migrate-meta-layouts":"set","ast-page-background-enabled":"default","ast-page-background-meta":{"desktop":{"background-color":"var(--ast-global-color-4)","background-image":"","background-repeat":"repeat","background-position":"center center","background-size":"auto","background-attachment":"scroll","background-type":"","background-media":"","overlay-type":"","overlay-color":"","overlay-opacity":"","overlay-gradient":""},"tablet":{"background-color":"","background-image":"","background-repeat":"repeat","background-position":"center center","background-size":"auto","background-attachment":"scroll","background-type":"","background-media":"","overlay-type":"","overlay-color":"","overlay-opacity":"","overlay-gradient":""},"mobile":{"background-color":"","background-image":"","background-repeat":"repeat","background-position":"center center","background-size":"auto","background-attachment":"scroll","background-type":"","background-media":"","overlay-type":"","overlay-color":"","overlay-opacity":"","overlay-gradient":""}},"ast-content-background-meta":{"desktop":{"background-color":"var(--ast-global-color-5)","background-image":"","background-repeat":"repeat","background-position":"center center","background-size":"auto","background-attachment":"scroll","background-type":"","background-media":"","overlay-type":"","overlay-color":"","overlay-opacity":"","overlay-gradient":""},"tablet":{"background-color":"var(--ast-global-color-5)","background-image":"","background-repeat":"repeat","background-position":"center center","background-size":"auto","background-attachment":"scroll","background-type":"","background-media":"","overlay-type":"","overlay-color":"","overlay-opacity":"","overlay-gradient":""},"mobile":{"background-color":"var(--ast-global-color-5)","background-image":"","background-repeat":"repeat","background-position":"center center","background-size":"auto","background-attachment":"scroll","background-type":"","background-media":"","overlay-type":"","overlay-color":"","overlay-opacity":"","overlay-gradient":""}},"ngg_post_thumbnail":0,"footnotes":""},"class_list":["post-9775","page","type-page","status-publish","hentry"],"_links":{"self":[{"href":"https:\/\/www2.unifap.br\/arquitetura\/wp-json\/wp\/v2\/pages\/9775","targetHints":{"allow":["GET"]}}],"collection":[{"href":"https:\/\/www2.unifap.br\/arquitetura\/wp-json\/wp\/v2\/pages"}],"about":[{"href":"https:\/\/www2.unifap.br\/arquitetura\/wp-json\/wp\/v2\/types\/page"}],"author":[{"embeddable":true,"href":"https:\/\/www2.unifap.br\/arquitetura\/wp-json\/wp\/v2\/users\/3898"}],"replies":[{"embeddable":true,"href":"https:\/\/www2.unifap.br\/arquitetura\/wp-json\/wp\/v2\/comments?post=9775"}],"version-history":[{"count":13,"href":"https:\/\/www2.unifap.br\/arquitetura\/wp-json\/wp\/v2\/pages\/9775\/revisions"}],"predecessor-version":[{"id":9835,"href":"https:\/\/www2.unifap.br\/arquitetura\/wp-json\/wp\/v2\/pages\/9775\/revisions\/9835"}],"wp:attachment":[{"href":"https:\/\/www2.unifap.br\/arquitetura\/wp-json\/wp\/v2\/media?parent=9775"}],"curies":[{"name":"wp","href":"https:\/\/api.w.org\/{rel}","templated":true}]}}

Simpósio MACAPÁ 75 ANOS DE CAPITAL

<div data-elementor-type="wp-page" data-elementor-id="9775" class="elementor elementor-9775">
				<div class="elementor-element elementor-element-d6bf70d e-flex e-con-boxed e-con e-parent" data-id="d6bf70d" data-element_type="container" data-e-type="container">
					<div class="e-con-inner">
		<div class="elementor-element elementor-element-5a72888 e-con-full e-flex e-con e-child" data-id="5a72888" data-element_type="container" data-e-type="container">
				<div class="elementor-element elementor-element-cc366a2 elementor-widget elementor-widget-heading" data-id="cc366a2" data-element_type="widget" data-e-type="widget" data-widget_type="heading.default">
				<div class="elementor-widget-container">
					<h1 class="elementor-heading-title elementor-size-default">Simpósio MACAPÁ 75 ANOS DE CAPITAL</h1>				</div>
				</div>
				<div class="elementor-element elementor-element-20885ab elementor-widget elementor-widget-text-editor" data-id="20885ab" data-element_type="widget" data-e-type="widget" data-widget_type="text-editor.default">
				<div class="elementor-widget-container">
									<p style="text-align: justify"><span style="font-weight: 400">Macapá 75 anos de Capital foi um simpósio, que reuniu a produção intelectual local, sobre algumas temáticas da região macapaense, onde se visou reconhecer o valor regional e histórico da cidade, além de ter reunido trabalhos que envolviam informações dentro do período de 1944-2019. </span></p><p style="text-align: justify"><span style="font-weight: 400">O simpósio ocorreu na Universidade Federal do Amapá (UNIFAP), nos dias 05, 06 e 07 de junho de 2019.</span></p><p> </p><p><b>Site do evento:</b><a href="https://macapa300anos.wixsite.com/macapa75anos"><span style="font-weight: 400"> https://macapa300anos.wixsite.com/macapa75anos</span></a></p><p> </p><p><span style="text-decoration: underline"><b>ACERVO DIGITAL:</b></span></p>								</div>
				</div>
				</div>
					</div>
				</div>
		<div class="elementor-element elementor-element-a5a392d e-flex e-con-boxed e-con e-parent" data-id="a5a392d" data-element_type="container" data-e-type="container">
					<div class="e-con-inner">
		<div class="elementor-element elementor-element-6f367de e-con-full e-flex e-con e-child" data-id="6f367de" data-element_type="container" data-e-type="container">
				<div class="elementor-element elementor-element-ff9817d elementor-widget elementor-widget-image" data-id="ff9817d" data-element_type="widget" data-e-type="widget" data-widget_type="image.default">
				<div class="elementor-widget-container">
															<img fetchpriority="high" decoding="async" width="391" height="811" src="https://www2.unifap.br/arquitetura/files/2024/05/CAPA-LIVRO-1-1.png" class="attachment-large size-large wp-image-9777" alt="" srcset="https://www2.unifap.br/arquitetura/files/2024/05/CAPA-LIVRO-1-1.png 391w, https://www2.unifap.br/arquitetura/files/2024/05/CAPA-LIVRO-1-1-145x300.png 145w" sizes="(max-width: 391px) 100vw, 391px" />															</div>
				</div>
				<div class="elementor-element elementor-element-a257c5d elementor-widget elementor-widget-heading" data-id="a257c5d" data-element_type="widget" data-e-type="widget" data-widget_type="heading.default">
				<div class="elementor-widget-container">
					<h2 class="elementor-heading-title elementor-size-default"><a href="https://www.uniedusul.com.br/publicacao/amazonia-urbana-em-questao-macapa-75-anos-de-capital-livro-1/">Amazônia urbana em questão: Macapá 75 anos de capital – Livro 1
</a></h2>				</div>
				</div>
				</div>
		<div class="elementor-element elementor-element-05aa3f4 e-con-full e-flex e-con e-child" data-id="05aa3f4" data-element_type="container" data-e-type="container">
				<div class="elementor-element elementor-element-0a17661 elementor-widget elementor-widget-image" data-id="0a17661" data-element_type="widget" data-e-type="widget" data-widget_type="image.default">
				<div class="elementor-widget-container">
															<img decoding="async" width="392" height="813" src="https://www2.unifap.br/arquitetura/files/2024/05/CAPA-LIVRO-2-1.png" class="attachment-large size-large wp-image-9778" alt="" srcset="https://www2.unifap.br/arquitetura/files/2024/05/CAPA-LIVRO-2-1.png 392w, https://www2.unifap.br/arquitetura/files/2024/05/CAPA-LIVRO-2-1-145x300.png 145w" sizes="(max-width: 392px) 100vw, 392px" />															</div>
				</div>
				<div class="elementor-element elementor-element-a616215 elementor-widget elementor-widget-heading" data-id="a616215" data-element_type="widget" data-e-type="widget" data-widget_type="heading.default">
				<div class="elementor-widget-container">
					<h2 class="elementor-heading-title elementor-size-default"><a href="https://www.uniedusul.com.br/publicacao/amazonia-urbana-em-questao-macapa-75-anos-de-capital-livro-2/">Amazônia urbana em questão: Macapá 75 anos de capital – Livro 2

</a></h2>				</div>
				</div>
				</div>
		<div class="elementor-element elementor-element-f0675f9 e-con-full e-flex e-con e-child" data-id="f0675f9" data-element_type="container" data-e-type="container">
				<div class="elementor-element elementor-element-bbd291a elementor-widget elementor-widget-image" data-id="bbd291a" data-element_type="widget" data-e-type="widget" data-widget_type="image.default">
				<div class="elementor-widget-container">
															<img decoding="async" width="398" height="813" src="https://www2.unifap.br/arquitetura/files/2024/05/CAPA-LIVRO-3-1.png" class="attachment-large size-large wp-image-9779" alt="" srcset="https://www2.unifap.br/arquitetura/files/2024/05/CAPA-LIVRO-3-1.png 398w, https://www2.unifap.br/arquitetura/files/2024/05/CAPA-LIVRO-3-1-147x300.png 147w" sizes="(max-width: 398px) 100vw, 398px" />															</div>
				</div>
				<div class="elementor-element elementor-element-aff111c elementor-widget elementor-widget-heading" data-id="aff111c" data-element_type="widget" data-e-type="widget" data-widget_type="heading.default">
				<div class="elementor-widget-container">
					<h2 class="elementor-heading-title elementor-size-default"><a href="https://www.uniedusul.com.br/publicacao/amazonia-urbana-em-questao-macapa-75-anos-de-capital-livro-3/">Amazônia urbana em questão: Macapá 75 anos de capital – Livro 3
</a></h2>				</div>
				</div>
				</div>
					</div>
				</div>
				</div>

<p>/*! elementor &#8211; v3.21.0 &#8211; 18-04-2024 */ .elementor-heading-title{padding:0;margin:0;line-height:1}.elementor-widget-heading .elementor-heading-title[class*=elementor-size-]&gt;a{color:inherit;font-size:inherit;line-height:inherit}.elementor-widget-heading .elementor-heading-title.elementor-size-small{font-size:15px}.elementor-widget-heading .elementor-heading-title.elementor-size-medium{font-size:19px}.elementor-widget-heading .elementor-heading-title.elementor-size-large{font-size:29px}.elementor-widget-heading .elementor-heading-title.elementor-size-xl{font-size:39px}.elementor-widget-heading .elementor-heading-title.elementor-size-xxl{font-size:59px} Simpósio MACAPÁ 75 ANOS DE CAPITAL Macapá 75 anos de Capital foi um simpósio, que reuniu a produção intelectual local, sobre algumas temáticas da região macapaense, onde se visou reconhecer o valor regional e histórico da cidade, além de ter reunido&#8230;</p>
