{"id":573,"date":"2019-03-09T02:23:01","date_gmt":"2019-03-09T02:23:01","guid":{"rendered":"http:\/\/www2.unifap.br\/artes\/?page_id=573"},"modified":"2024-10-01T19:48:49","modified_gmt":"2024-10-01T19:48:49","slug":"espaco-de-experimentacoes-em-artes-visuais-fatima-garcia","status":"publish","type":"page","link":"https:\/\/www2.unifap.br\/artes\/coordenacao\/espaco-de-experimentacoes-em-artes-visuais-fatima-garcia","title":{"rendered":"ESPA\u00c7O DE EXPERIMENTA\u00c7\u00d5ES EM ARTES VISUAIS F\u00c1TIMA GARCIA"},"content":{"rendered":"\t\t<div data-elementor-type=\"wp-post\" data-elementor-id=\"573\" class=\"elementor elementor-573\">\n\t\t\t\t\t\t<section class=\"elementor-section elementor-top-section elementor-element elementor-element-d6cb4b4 elementor-section-boxed elementor-section-height-default elementor-section-height-default\" data-id=\"d6cb4b4\" data-element_type=\"section\" data-e-type=\"section\">\n\t\t\t\t\t\t<div class=\"elementor-container elementor-column-gap-default\">\n\t\t\t\t\t<div class=\"elementor-column elementor-col-100 elementor-top-column elementor-element elementor-element-8a9afd8\" data-id=\"8a9afd8\" data-element_type=\"column\" data-e-type=\"column\">\n\t\t\t<div class=\"elementor-widget-wrap elementor-element-populated\">\n\t\t\t\t\t\t<div class=\"elementor-element elementor-element-13964f6 elementor-tabs-view-horizontal elementor-widget elementor-widget-tabs\" data-id=\"13964f6\" data-element_type=\"widget\" data-e-type=\"widget\" data-widget_type=\"tabs.default\">\n\t\t\t\t<div class=\"elementor-widget-container\">\n\t\t\t\t\t\t\t<div class=\"elementor-tabs\">\n\t\t\t<div class=\"elementor-tabs-wrapper\" role=\"tablist\" >\n\t\t\t\t\t\t\t\t\t<div id=\"elementor-tab-title-2051\" class=\"elementor-tab-title elementor-tab-desktop-title\" aria-selected=\"true\" data-tab=\"1\" role=\"tab\" tabindex=\"0\" aria-controls=\"elementor-tab-content-2051\" aria-expanded=\"false\">APRESENTA\u00c7\u00c3O<\/div>\n\t\t\t\t\t\t\t\t\t<div id=\"elementor-tab-title-2052\" class=\"elementor-tab-title elementor-tab-desktop-title\" aria-selected=\"false\" data-tab=\"2\" role=\"tab\" tabindex=\"-1\" aria-controls=\"elementor-tab-content-2052\" aria-expanded=\"false\">REGULAMENTO<\/div>\n\t\t\t\t\t\t\t\t\t<div id=\"elementor-tab-title-2053\" class=\"elementor-tab-title elementor-tab-desktop-title\" aria-selected=\"false\" data-tab=\"3\" role=\"tab\" tabindex=\"-1\" aria-controls=\"elementor-tab-content-2053\" aria-expanded=\"false\">LOCALIZA\u00c7\u00c3O<\/div>\n\t\t\t\t\t\t\t<\/div>\n\t\t\t<div class=\"elementor-tabs-content-wrapper\" role=\"tablist\" aria-orientation=\"vertical\">\n\t\t\t\t\t\t\t\t\t<div class=\"elementor-tab-title elementor-tab-mobile-title\" aria-selected=\"true\" data-tab=\"1\" role=\"tab\" tabindex=\"0\" aria-controls=\"elementor-tab-content-2051\" aria-expanded=\"false\">APRESENTA\u00c7\u00c3O<\/div>\n\t\t\t\t\t<div id=\"elementor-tab-content-2051\" class=\"elementor-tab-content elementor-clearfix\" data-tab=\"1\" role=\"tabpanel\" aria-labelledby=\"elementor-tab-title-2051\" tabindex=\"0\" hidden=\"false\"><p><a href=\"http:\/\/www2.unifap.br\/artes\/files\/2019\/05\/WhatsApp-Image-2019-05-06-at-13.53.32.jpeg\"><img fetchpriority=\"high\" decoding=\"async\" class=\"aligncenter size-full wp-image-986\" src=\"http:\/\/www2.unifap.br\/artes\/files\/2019\/05\/WhatsApp-Image-2019-05-06-at-13.53.32.jpeg\" alt=\"\" width=\"1280\" height=\"120\" srcset=\"https:\/\/www2.unifap.br\/artes\/files\/2019\/05\/WhatsApp-Image-2019-05-06-at-13.53.32.jpeg 1280w, https:\/\/www2.unifap.br\/artes\/files\/2019\/05\/WhatsApp-Image-2019-05-06-at-13.53.32-300x28.jpeg 300w, https:\/\/www2.unifap.br\/artes\/files\/2019\/05\/WhatsApp-Image-2019-05-06-at-13.53.32-768x72.jpeg 768w, https:\/\/www2.unifap.br\/artes\/files\/2019\/05\/WhatsApp-Image-2019-05-06-at-13.53.32-1024x96.jpeg 1024w\" sizes=\"(max-width: 1280px) 100vw, 1280px\" \/><\/a><\/p><p>Bem vindo(a) ao Espa\u00e7o de Experimenta\u00e7\u00f5es em Artes Visuais F\u00e1tima Garcia do Curso de Licenciatura em Artes Visuais com sede no Campus Marco Zero do Equador\/UNIFAP. Trata-se de um N\u00facleo art\u00edstico cultural e pedag\u00f3gico do curso de Artes Visuais.<b>\u00a0Este espa\u00e7o tem por finalidade promover as experimenta\u00e7\u00f5es art\u00edsticas e educativas do Curso, tais como exibi\u00e7\u00e3o de mostras e exposi\u00e7\u00f5es, que atendam as seguintes modalidades: Pintura, gravura, desenho, objeto, assemblagem, escultura, fotografia, instala\u00e7\u00e3o, performance, interven\u00e7\u00f5es e obras art\u00edsticas\u00a0que criem interfaces com m\u00eddias eletr\u00f4nicas e digitais, dentre outras voltadas ao ensino de Artes Visuais.<\/b><\/p><\/div>\n\t\t\t\t\t\t\t\t\t<div class=\"elementor-tab-title elementor-tab-mobile-title\" aria-selected=\"false\" data-tab=\"2\" role=\"tab\" tabindex=\"-1\" aria-controls=\"elementor-tab-content-2052\" aria-expanded=\"false\">REGULAMENTO<\/div>\n\t\t\t\t\t<div id=\"elementor-tab-content-2052\" class=\"elementor-tab-content elementor-clearfix\" data-tab=\"2\" role=\"tabpanel\" aria-labelledby=\"elementor-tab-title-2052\" tabindex=\"0\" hidden=\"hidden\"><p><a href=\"http:\/\/www2.unifap.br\/artes\/files\/2019\/04\/seta-gif-trailinho_orig.gif\"><img decoding=\"async\" class=\"wp-image-946 alignleft\" src=\"http:\/\/www2.unifap.br\/artes\/files\/2019\/04\/seta-gif-trailinho_orig.gif\" alt=\"\" width=\"53\" height=\"46\" \/><\/a><\/p><p><a href=\"http:\/\/www2.unifap.br\/artes\/files\/2019\/04\/Espa\u00e7o-de-Experimenta\u00e7\u00f5es-em-Artes-Visuais-F\u00c1TIMA-GARCIA.pdf\">Conhe\u00e7a o regulamento do Espa\u00e7o de Experimenta\u00e7\u00f5es em Artes Visuais F\u00c1TIMA GARCIA<\/a><\/p><p><a href=\"http:\/\/www2.unifap.br\/artes\/files\/2019\/04\/seta-gif-trailinho_orig.gif\"><img decoding=\"async\" class=\"wp-image-946 alignleft\" src=\"http:\/\/www2.unifap.br\/artes\/files\/2019\/04\/seta-gif-trailinho_orig.gif\" alt=\"\" width=\"53\" height=\"46\" \/><\/a><a href=\"http:\/\/www2.unifap.br\/artes\/files\/2024\/10\/NORMAS-DE-FUNCIONAMENTO-DO-ESPACO-FATIMA-GARCIA.pdf\">NORMAS DE FUNCIONAMENTO DO ESPA\u00c7O F\u00c1TIMA GARCIA-2024<\/a><\/p><\/div>\n\t\t\t\t\t\t\t\t\t<div class=\"elementor-tab-title elementor-tab-mobile-title\" aria-selected=\"false\" data-tab=\"3\" role=\"tab\" tabindex=\"-1\" aria-controls=\"elementor-tab-content-2053\" aria-expanded=\"false\">LOCALIZA\u00c7\u00c3O<\/div>\n\t\t\t\t\t<div id=\"elementor-tab-content-2053\" class=\"elementor-tab-content elementor-clearfix\" data-tab=\"3\" role=\"tabpanel\" aria-labelledby=\"elementor-tab-title-2053\" tabindex=\"0\" hidden=\"hidden\"><p><a href=\"https:\/\/goo.gl\/maps\/ahPLBCzywfGvWyXL7\">CLIQUE AQUI Rotas &#8211; Google Maps<\/a><\/p><p><a href=\"http:\/\/www2.unifap.br\/artes\/files\/2022\/08\/agenda-galeria.jpg\">\u00a0<\/a><\/p><\/div>\n\t\t\t\t\t\t\t<\/div>\n\t\t<\/div>\n\t\t\t\t\t\t<\/div>\n\t\t\t\t<\/div>\n\t\t\t\t\t<\/div>\n\t\t<\/div>\n\t\t\t\t\t<\/div>\n\t\t<\/section>\n\t\t\t\t<\/div>\n\t\t","protected":false},"excerpt":{"rendered":"<p>APRESENTA\u00c7\u00c3O REGULAMENTO LOCALIZA\u00c7\u00c3O APRESENTA\u00c7\u00c3O Bem vindo(a) ao Espa\u00e7o de Experimenta\u00e7\u00f5es em Artes Visuais F\u00e1tima Garcia do Curso de Licenciatura em Artes Visuais com sede no Campus Marco Zero do Equador\/UNIFAP. Trata-se de um N\u00facleo art\u00edstico cultural e pedag\u00f3gico do curso&hellip; <\/p>\n<p><a href=\"https:\/\/www2.unifap.br\/artes\/coordenacao\/espaco-de-experimentacoes-em-artes-visuais-fatima-garcia\" class=\"readmore-button\">Continue Reading<\/a><\/p>\n","protected":false},"author":56,"featured_media":0,"parent":25,"menu_order":4,"comment_status":"closed","ping_status":"closed","template":"","meta":{"inline_featured_image":false,"ngg_post_thumbnail":0,"footnotes":""},"class_list":["post-573","page","type-page","status-publish","hentry"],"_links":{"self":[{"href":"https:\/\/www2.unifap.br\/artes\/wp-json\/wp\/v2\/pages\/573","targetHints":{"allow":["GET"]}}],"collection":[{"href":"https:\/\/www2.unifap.br\/artes\/wp-json\/wp\/v2\/pages"}],"about":[{"href":"https:\/\/www2.unifap.br\/artes\/wp-json\/wp\/v2\/types\/page"}],"author":[{"embeddable":true,"href":"https:\/\/www2.unifap.br\/artes\/wp-json\/wp\/v2\/users\/56"}],"replies":[{"embeddable":true,"href":"https:\/\/www2.unifap.br\/artes\/wp-json\/wp\/v2\/comments?post=573"}],"version-history":[{"count":106,"href":"https:\/\/www2.unifap.br\/artes\/wp-json\/wp\/v2\/pages\/573\/revisions"}],"predecessor-version":[{"id":4893,"href":"https:\/\/www2.unifap.br\/artes\/wp-json\/wp\/v2\/pages\/573\/revisions\/4893"}],"up":[{"embeddable":true,"href":"https:\/\/www2.unifap.br\/artes\/wp-json\/wp\/v2\/pages\/25"}],"wp:attachment":[{"href":"https:\/\/www2.unifap.br\/artes\/wp-json\/wp\/v2\/media?parent=573"}],"curies":[{"name":"wp","href":"https:\/\/api.w.org\/{rel}","templated":true}]}}