{"id":648,"date":"2019-03-09T18:23:16","date_gmt":"2019-03-09T18:23:16","guid":{"rendered":"http:\/\/www2.unifap.br\/artes\/?page_id=648"},"modified":"2025-06-21T23:00:48","modified_gmt":"2025-06-21T23:00:48","slug":"tecnicos","status":"publish","type":"page","link":"https:\/\/www2.unifap.br\/artes\/coordenacao\/tecnicos","title":{"rendered":"T\u00c9CNICOS"},"content":{"rendered":"\t\t<div data-elementor-type=\"wp-post\" data-elementor-id=\"648\" class=\"elementor elementor-648\">\n\t\t\t\t\t\t<section class=\"elementor-section elementor-top-section elementor-element elementor-element-285a775 elementor-section-boxed elementor-section-height-default elementor-section-height-default\" data-id=\"285a775\" data-element_type=\"section\" data-e-type=\"section\">\n\t\t\t\t\t\t<div class=\"elementor-container elementor-column-gap-default\">\n\t\t\t\t\t<div class=\"elementor-column elementor-col-100 elementor-top-column elementor-element elementor-element-2422aeb\" data-id=\"2422aeb\" data-element_type=\"column\" data-e-type=\"column\">\n\t\t\t<div class=\"elementor-widget-wrap elementor-element-populated\">\n\t\t\t\t\t\t<div class=\"elementor-element elementor-element-fe4b93e elementor-widget elementor-widget-toggle\" data-id=\"fe4b93e\" data-element_type=\"widget\" data-e-type=\"widget\" data-widget_type=\"toggle.default\">\n\t\t\t\t<div class=\"elementor-widget-container\">\n\t\t\t\t\t\t\t<div class=\"elementor-toggle\">\n\t\t\t\t\t\t\t<div class=\"elementor-toggle-item\">\n\t\t\t\t\t<div id=\"elementor-tab-title-2661\" class=\"elementor-tab-title\" data-tab=\"1\" role=\"button\" aria-controls=\"elementor-tab-content-2661\" aria-expanded=\"false\">\n\t\t\t\t\t\t\t\t\t\t\t\t<span class=\"elementor-toggle-icon elementor-toggle-icon-left\" aria-hidden=\"true\">\n\t\t\t\t\t\t\t\t\t\t\t\t\t\t\t<span class=\"elementor-toggle-icon-closed\"><i class=\"fas fa-caret-right\"><\/i><\/span>\n\t\t\t\t\t\t\t\t<span class=\"elementor-toggle-icon-opened\"><i class=\"elementor-toggle-icon-opened fas fa-caret-up\"><\/i><\/span>\n\t\t\t\t\t\t\t\t\t\t\t\t\t<\/span>\n\t\t\t\t\t\t\t\t\t\t\t\t<a class=\"elementor-toggle-title\" tabindex=\"0\">T\u00e9cnico Administrativo Cargo:\tT\u00e9cnico LAB Artes<\/a>\n\t\t\t\t\t<\/div>\n\n\t\t\t\t\t<div id=\"elementor-tab-content-2661\" class=\"elementor-tab-content elementor-clearfix\" data-tab=\"1\" role=\"region\" aria-labelledby=\"elementor-tab-title-2661\"><p><strong>Jonayza Machado de Carvalho<\/strong><\/p>\n<p><strong>Curr\u00edculo Lattes:<\/strong> <a href=\"http:\/\/buscatextual.cnpq.br\/buscatextual\/visualizacv.do?id=K8494709Y3\" target=\"_blank\" rel=\"noopener\">Clique aqui<\/a><\/p>\n<p>Laboratorio Multiuso de Pesquisa em Po\u00e9ticas Visuais<\/p>\n<p><strong data-start=\"122\" data-end=\"150\">De segunda a sexta-feira<\/strong><\/p>\n<p>Hor\u00e1rio: 12h \u00e1s 18h<\/p>\n<p><\/p><\/div>\n\t\t\t\t<\/div>\n\t\t\t\t\t\t\t<div class=\"elementor-toggle-item\">\n\t\t\t\t\t<div id=\"elementor-tab-title-2662\" class=\"elementor-tab-title\" data-tab=\"2\" role=\"button\" aria-controls=\"elementor-tab-content-2662\" aria-expanded=\"false\">\n\t\t\t\t\t\t\t\t\t\t\t\t<span class=\"elementor-toggle-icon elementor-toggle-icon-left\" aria-hidden=\"true\">\n\t\t\t\t\t\t\t\t\t\t\t\t\t\t\t<span class=\"elementor-toggle-icon-closed\"><i class=\"fas fa-caret-right\"><\/i><\/span>\n\t\t\t\t\t\t\t\t<span class=\"elementor-toggle-icon-opened\"><i class=\"elementor-toggle-icon-opened fas fa-caret-up\"><\/i><\/span>\n\t\t\t\t\t\t\t\t\t\t\t\t\t<\/span>\n\t\t\t\t\t\t\t\t\t\t\t\t<a class=\"elementor-toggle-title\" tabindex=\"0\">Bolsista da Coordena\u00e7\u00e3o de Artes Visuais <\/a>\n\t\t\t\t\t<\/div>\n\n\t\t\t\t\t<div id=\"elementor-tab-content-2662\" class=\"elementor-tab-content elementor-clearfix\" data-tab=\"2\" role=\"region\" aria-labelledby=\"elementor-tab-title-2662\"><p><strong>Hemilly Kellem Martins Pereira<\/strong><\/p><p><strong><a href=\"http:\/\/www2.unifap.br\/artes\/files\/2024\/09\/Post-de-instagram-tabela-de-horarios-marmorizado-laranja-2.png\"><img fetchpriority=\"high\" decoding=\"async\" class=\"aligncenter size-full wp-image-4565\" src=\"http:\/\/www2.unifap.br\/artes\/files\/2024\/09\/Post-de-instagram-tabela-de-horarios-marmorizado-laranja-2.png\" alt=\"\" width=\"1080\" height=\"1080\" srcset=\"https:\/\/www2.unifap.br\/artes\/files\/2024\/09\/Post-de-instagram-tabela-de-horarios-marmorizado-laranja-2.png 1080w, https:\/\/www2.unifap.br\/artes\/files\/2024\/09\/Post-de-instagram-tabela-de-horarios-marmorizado-laranja-2-300x300.png 300w, https:\/\/www2.unifap.br\/artes\/files\/2024\/09\/Post-de-instagram-tabela-de-horarios-marmorizado-laranja-2-1024x1024.png 1024w, https:\/\/www2.unifap.br\/artes\/files\/2024\/09\/Post-de-instagram-tabela-de-horarios-marmorizado-laranja-2-150x150.png 150w, https:\/\/www2.unifap.br\/artes\/files\/2024\/09\/Post-de-instagram-tabela-de-horarios-marmorizado-laranja-2-768x768.png 768w, https:\/\/www2.unifap.br\/artes\/files\/2024\/09\/Post-de-instagram-tabela-de-horarios-marmorizado-laranja-2-70x70.png 70w\" sizes=\"(max-width: 1080px) 100vw, 1080px\" \/><\/a>\u00a0<\/strong><\/p><p><strong>\u00a0<\/strong><\/p><p>\u00a0<\/p><\/div>\n\t\t\t\t<\/div>\n\t\t\t\t\t\t\t\t<\/div>\n\t\t\t\t\t\t<\/div>\n\t\t\t\t<\/div>\n\t\t\t\t\t<\/div>\n\t\t<\/div>\n\t\t\t\t\t<\/div>\n\t\t<\/section>\n\t\t\t\t<\/div>\n\t\t","protected":false},"excerpt":{"rendered":"<p>T\u00e9cnico Administrativo Cargo: T\u00e9cnico LAB Artes Jonayza Machado de Carvalho Curr\u00edculo Lattes: Clique aqui Laboratorio Multiuso de Pesquisa em Po\u00e9ticas Visuais De segunda a sexta-feira Hor\u00e1rio: 12h \u00e1s 18h Bolsista da Coordena\u00e7\u00e3o de Artes Visuais Hemilly Kellem Martins Pereira \u00a0&hellip; <\/p>\n<p><a href=\"https:\/\/www2.unifap.br\/artes\/coordenacao\/tecnicos\" class=\"readmore-button\">Continue Reading<\/a><\/p>\n","protected":false},"author":56,"featured_media":0,"parent":25,"menu_order":3,"comment_status":"closed","ping_status":"closed","template":"","meta":{"inline_featured_image":false,"ngg_post_thumbnail":0,"footnotes":""},"class_list":["post-648","page","type-page","status-publish","hentry"],"_links":{"self":[{"href":"https:\/\/www2.unifap.br\/artes\/wp-json\/wp\/v2\/pages\/648","targetHints":{"allow":["GET"]}}],"collection":[{"href":"https:\/\/www2.unifap.br\/artes\/wp-json\/wp\/v2\/pages"}],"about":[{"href":"https:\/\/www2.unifap.br\/artes\/wp-json\/wp\/v2\/types\/page"}],"author":[{"embeddable":true,"href":"https:\/\/www2.unifap.br\/artes\/wp-json\/wp\/v2\/users\/56"}],"replies":[{"embeddable":true,"href":"https:\/\/www2.unifap.br\/artes\/wp-json\/wp\/v2\/comments?post=648"}],"version-history":[{"count":43,"href":"https:\/\/www2.unifap.br\/artes\/wp-json\/wp\/v2\/pages\/648\/revisions"}],"predecessor-version":[{"id":5369,"href":"https:\/\/www2.unifap.br\/artes\/wp-json\/wp\/v2\/pages\/648\/revisions\/5369"}],"up":[{"embeddable":true,"href":"https:\/\/www2.unifap.br\/artes\/wp-json\/wp\/v2\/pages\/25"}],"wp:attachment":[{"href":"https:\/\/www2.unifap.br\/artes\/wp-json\/wp\/v2\/media?parent=648"}],"curies":[{"name":"wp","href":"https:\/\/api.w.org\/{rel}","templated":true}]}}