{"id":1216,"date":"2021-12-27T16:50:33","date_gmt":"2021-12-27T16:50:33","guid":{"rendered":"http:\/\/www2.unifap.br\/audint\/?page_id=1216"},"modified":"2021-12-27T16:50:33","modified_gmt":"2021-12-27T16:50:33","slug":"2021-005-relatorio-de-auditoria-plano-de-desenvolvimento-institucional-governanca","status":"publish","type":"page","link":"https:\/\/www2.unifap.br\/audint\/auditorias\/2021-2\/2021-005-relatorio-de-auditoria-plano-de-desenvolvimento-institucional-governanca\/","title":{"rendered":"2021\/005 \u2013 Relat\u00f3rio de Auditoria \u2013 Plano de Desenvolvimento Institucional Governan\u00e7a"},"content":{"rendered":"<p>Avaliar a efetividade do monitoramento dos indicadores do PDI ( 2020 2024) no que tange a expans\u00e3o institucional, amplia\u00e7\u00e3o de vagas e contrata\u00e7\u00e3o de docentes e t\u00e9cnicos administrativos e a proje\u00e7\u00e3o da cria\u00e7\u00e3o de novos cursos, especializa\u00e7\u00e3o e p\u00f3s gradua\u00e7\u00e3o nos anos de 2020 e 2021.<\/p>\n<p><a href=\"http:\/\/www2.unifap.br\/audint\/files\/2021\/12\/Relat\u00f3rio-Final-n\u00ba-2021004.pdf\">Relat\u00f3rio Final n\u00ba 2021004<\/a><\/p>\n","protected":false},"excerpt":{"rendered":"<p>Avaliar a efetividade do monitoramento dos indicadores do PDI ( 2020 2024) no que tange a expans\u00e3o institucional, amplia\u00e7\u00e3o de vagas e contrata\u00e7\u00e3o de docentes e t\u00e9cnicos administrativos e a proje\u00e7\u00e3o da cria\u00e7\u00e3o de novos cursos, especializa\u00e7\u00e3o e p\u00f3s gradua\u00e7\u00e3o nos anos de 2020 e 2021. Relat\u00f3rio Final n\u00ba 2021004<\/p>\n","protected":false},"author":3272,"featured_media":0,"parent":1145,"menu_order":5,"comment_status":"closed","ping_status":"closed","template":"","meta":{"inline_featured_image":false,"ngg_post_thumbnail":0,"footnotes":""},"class_list":["post-1216","page","type-page","status-publish","hentry","entry"],"_links":{"self":[{"href":"https:\/\/www2.unifap.br\/audint\/wp-json\/wp\/v2\/pages\/1216","targetHints":{"allow":["GET"]}}],"collection":[{"href":"https:\/\/www2.unifap.br\/audint\/wp-json\/wp\/v2\/pages"}],"about":[{"href":"https:\/\/www2.unifap.br\/audint\/wp-json\/wp\/v2\/types\/page"}],"author":[{"embeddable":true,"href":"https:\/\/www2.unifap.br\/audint\/wp-json\/wp\/v2\/users\/3272"}],"replies":[{"embeddable":true,"href":"https:\/\/www2.unifap.br\/audint\/wp-json\/wp\/v2\/comments?post=1216"}],"version-history":[{"count":1,"href":"https:\/\/www2.unifap.br\/audint\/wp-json\/wp\/v2\/pages\/1216\/revisions"}],"predecessor-version":[{"id":1219,"href":"https:\/\/www2.unifap.br\/audint\/wp-json\/wp\/v2\/pages\/1216\/revisions\/1219"}],"up":[{"embeddable":true,"href":"https:\/\/www2.unifap.br\/audint\/wp-json\/wp\/v2\/pages\/1145"}],"wp:attachment":[{"href":"https:\/\/www2.unifap.br\/audint\/wp-json\/wp\/v2\/media?parent=1216"}],"curies":[{"name":"wp","href":"https:\/\/api.w.org\/{rel}","templated":true}]}}