{"id":1522,"date":"2022-11-16T14:26:27","date_gmt":"2022-11-16T14:26:27","guid":{"rendered":"https:\/\/www2.unifap.br\/audint\/?page_id=1522"},"modified":"2023-01-17T19:11:17","modified_gmt":"2023-01-17T19:11:17","slug":"fale-conosco","status":"publish","type":"page","link":"https:\/\/www2.unifap.br\/audint\/fale-conosco\/","title":{"rendered":"CANAIS DE ATENDIMENTO"},"content":{"rendered":"<h3><strong>Canais de Atendimento Audint<\/strong><\/h3>\n<h4><strong>Atendimento Interno<\/strong><\/h4>\n<ul>\n<li>Processo Administrativo, Memorando Eletr\u00f4nico, Documento Eletr\u00f4nico via SIPAC e e-mail institucional <span style=\"text-decoration: underline\">audint@unifap.br<\/span><\/li>\n<\/ul>\n<h4><strong>Atendimento aos \u00f3rg\u00e3os de controle<\/strong><\/h4>\n<ul>\n<li>Sistema Conecta-TCU<\/li>\n<li>Sistema e-AUD<\/li>\n<li>E-mail institucional <span style=\"text-decoration: underline\">audint@unifap.br<\/span><\/li>\n<\/ul>\n<h4><strong>Atendimento Geral<\/strong><\/h4>\n<ul>\n<li>E-mail institucional <span style=\"text-decoration: underline\">audint@unifap.br<\/span><\/li>\n<\/ul>\n<p>&nbsp;<\/p>\n<h4>_________________________________________________________________________<\/h4>\n<h4><strong>Ouvidoria da Unifap<\/strong><\/h4>\n<p>A Universidade Federal do Amap\u00e1&nbsp; &#8211; UNIFAP conta com a Ouvidoria, com canal dedicado ao Acesso \u00e0 Informa\u00e7\u00e3o, Den\u00fancia, Elogio, Solicita\u00e7\u00f5es e Sugest\u00f5es.<\/p>\n<p>A p\u00e1gina pode ser acessada atrav\u00e9s do endere\u00e7o: <a href=\"https:\/\/www2.unifap.br\/ouvidoria\/fale-com-a-ouvidoria\/\">Fale com a Ouvidoria<\/a><\/p>\n<p>&nbsp;<\/p>\n","protected":false},"excerpt":{"rendered":"<p>Canais de Atendimento Audint Atendimento Interno Processo Administrativo, Memorando Eletr\u00f4nico, Documento Eletr\u00f4nico via SIPAC e e-mail institucional audint@unifap.br Atendimento aos \u00f3rg\u00e3os de controle Sistema Conecta-TCU Sistema e-AUD E-mail institucional audint@unifap.br Atendimento Geral E-mail institucional audint@unifap.br &nbsp; _________________________________________________________________________ Ouvidoria da Unifap A Universidade Federal do Amap\u00e1&nbsp; &#8211; UNIFAP conta com a Ouvidoria, com canal dedicado ao&#8230;<\/p>\n","protected":false},"author":3273,"featured_media":0,"parent":0,"menu_order":0,"comment_status":"closed","ping_status":"closed","template":"","meta":{"inline_featured_image":false,"ngg_post_thumbnail":0,"footnotes":""},"class_list":["post-1522","page","type-page","status-publish","hentry","entry"],"_links":{"self":[{"href":"https:\/\/www2.unifap.br\/audint\/wp-json\/wp\/v2\/pages\/1522","targetHints":{"allow":["GET"]}}],"collection":[{"href":"https:\/\/www2.unifap.br\/audint\/wp-json\/wp\/v2\/pages"}],"about":[{"href":"https:\/\/www2.unifap.br\/audint\/wp-json\/wp\/v2\/types\/page"}],"author":[{"embeddable":true,"href":"https:\/\/www2.unifap.br\/audint\/wp-json\/wp\/v2\/users\/3273"}],"replies":[{"embeddable":true,"href":"https:\/\/www2.unifap.br\/audint\/wp-json\/wp\/v2\/comments?post=1522"}],"version-history":[{"count":12,"href":"https:\/\/www2.unifap.br\/audint\/wp-json\/wp\/v2\/pages\/1522\/revisions"}],"predecessor-version":[{"id":1615,"href":"https:\/\/www2.unifap.br\/audint\/wp-json\/wp\/v2\/pages\/1522\/revisions\/1615"}],"wp:attachment":[{"href":"https:\/\/www2.unifap.br\/audint\/wp-json\/wp\/v2\/media?parent=1522"}],"curies":[{"name":"wp","href":"https:\/\/api.w.org\/{rel}","templated":true}]}}