{"id":807,"date":"2018-04-04T13:37:46","date_gmt":"2018-04-04T13:37:46","guid":{"rendered":"http:\/\/www2.unifap.br\/audint\/?page_id=807"},"modified":"2018-04-04T13:37:46","modified_gmt":"2018-04-04T13:37:46","slug":"2018002-relatorio-de-auditoria-educacao-a-distancia","status":"publish","type":"page","link":"https:\/\/www2.unifap.br\/audint\/auditorias\/2018-2\/2018002-relatorio-de-auditoria-educacao-a-distancia\/","title":{"rendered":"2018\/002 &#8211; Relat\u00f3rio de Auditoria &#8211; Educa\u00e7\u00e3o a dist\u00e2ncia"},"content":{"rendered":"<h2><a href=\"http:\/\/www2.unifap.br\/audint\/files\/2018\/04\/Relat\u00f3rio-de-Auditoria-e-anexos-Educa\u00e7\u00e3o-a-Dist\u00e2ncia.pdf\">Relat\u00f3rio de Auditoria e anexos &#8211; Educa\u00e7\u00e3o a Dist\u00e2ncia<\/a><\/h2>\n","protected":false},"excerpt":{"rendered":"<p>Relat\u00f3rio de Auditoria e anexos &#8211; Educa\u00e7\u00e3o a Dist\u00e2ncia<\/p>\n","protected":false},"author":852,"featured_media":0,"parent":802,"menu_order":2,"comment_status":"closed","ping_status":"open","template":"page-template-full.php","meta":{"inline_featured_image":false,"ngg_post_thumbnail":0,"footnotes":""},"class_list":["post-807","page","type-page","status-publish","hentry","entry"],"_links":{"self":[{"href":"https:\/\/www2.unifap.br\/audint\/wp-json\/wp\/v2\/pages\/807","targetHints":{"allow":["GET"]}}],"collection":[{"href":"https:\/\/www2.unifap.br\/audint\/wp-json\/wp\/v2\/pages"}],"about":[{"href":"https:\/\/www2.unifap.br\/audint\/wp-json\/wp\/v2\/types\/page"}],"author":[{"embeddable":true,"href":"https:\/\/www2.unifap.br\/audint\/wp-json\/wp\/v2\/users\/852"}],"replies":[{"embeddable":true,"href":"https:\/\/www2.unifap.br\/audint\/wp-json\/wp\/v2\/comments?post=807"}],"version-history":[{"count":1,"href":"https:\/\/www2.unifap.br\/audint\/wp-json\/wp\/v2\/pages\/807\/revisions"}],"predecessor-version":[{"id":809,"href":"https:\/\/www2.unifap.br\/audint\/wp-json\/wp\/v2\/pages\/807\/revisions\/809"}],"up":[{"embeddable":true,"href":"https:\/\/www2.unifap.br\/audint\/wp-json\/wp\/v2\/pages\/802"}],"wp:attachment":[{"href":"https:\/\/www2.unifap.br\/audint\/wp-json\/wp\/v2\/media?parent=807"}],"curies":[{"name":"wp","href":"https:\/\/api.w.org\/{rel}","templated":true}]}}