{"id":434,"date":"2022-05-24T08:52:57","date_gmt":"2022-05-24T11:52:57","guid":{"rendered":"https:\/\/www2.unifap.br\/biblioteca-mazagao\/?page_id=434"},"modified":"2022-05-24T10:58:12","modified_gmt":"2022-05-24T13:58:12","slug":"catalogo-do-acervo-fisico","status":"publish","type":"page","link":"https:\/\/www2.unifap.br\/biblioteca-mazagao\/consultas\/catalogo-do-acervo-fisico\/","title":{"rendered":"Cat\u00e1logo do acervo f\u00edsico"},"content":{"rendered":"<p dir=\"ltr\">O&nbsp;<a href=\"https:\/\/sigaa.unifap.br\/sigaa\/public\/biblioteca\/buscaPublicaAcervo.jsf?aba=p-biblioteca\">acervo da BCM<\/a>&nbsp;\u00e9 composto por livros, mapas, multim\u00eddias (CD- ROM, DVD, etc.), obras de refer\u00eancia (dicion\u00e1rio, gloss\u00e1rio, bibliografia, atlas, etc.), peri\u00f3dicos, Trabalhos de Conclus\u00e3o de Curso, teses e disserta\u00e7\u00f5es.<\/p>\n<p dir=\"ltr\">Toda essa cole\u00e7\u00e3o compreende as \u00e1reas agron\u00f4micas, biol\u00f3gicas e educacionais, contemplando o curso de gradua\u00e7\u00e3o ofertado no Campus.<\/p>\n<p dir=\"ltr\">A forma\u00e7\u00e3o e desenvolvimento do acervo podem ser feitos de tr\u00eas formas: por compra, permuta e doa\u00e7\u00e3o.<\/p>\n<p dir=\"ltr\">Todos os itens s\u00e3o pass\u00edveis de empr\u00e9stimo domiciliar, seguindo as regras pr\u00e9-estabelecidas pela BCM. As exce\u00e7\u00f5es s\u00e3o: Trabalhos de Conclus\u00e3o de Curso, teses e disserta\u00e7\u00f5es, peri\u00f3dicos, obras de refer\u00eancia.<\/p>\n<h2><a href=\"https:\/\/sigaa.unifap.br\/sigaa\/public\/biblioteca\/buscaPublicaAcervo.jsf?aba=p-biblioteca\" target=\"_blank\" rel=\"noopener noreferrer\">Consulte AQUI o acervo f\u00edsico<\/a><\/h2>\n","protected":false},"excerpt":{"rendered":"<p>O&nbsp;acervo da BCM&nbsp;\u00e9 composto por livros, mapas, multim\u00eddias (CD- ROM, DVD, etc.), obras de refer\u00eancia (dicion\u00e1rio, gloss\u00e1rio, bibliografia, atlas, etc.), peri\u00f3dicos, Trabalhos de Conclus\u00e3o de Curso, teses e disserta\u00e7\u00f5es. Toda essa cole\u00e7\u00e3o compreende as \u00e1reas agron\u00f4micas, biol\u00f3gicas e educacionais, contemplando o curso de gradua\u00e7\u00e3o ofertado no Campus. A forma\u00e7\u00e3o e desenvolvimento do acervo podem ser&#8230;<\/p>\n","protected":false},"author":3903,"featured_media":0,"parent":18,"menu_order":0,"comment_status":"closed","ping_status":"closed","template":"","meta":{"inline_featured_image":false,"ngg_post_thumbnail":0,"footnotes":""},"class_list":["post-434","page","type-page","status-publish","hentry","entry"],"_links":{"self":[{"href":"https:\/\/www2.unifap.br\/biblioteca-mazagao\/wp-json\/wp\/v2\/pages\/434","targetHints":{"allow":["GET"]}}],"collection":[{"href":"https:\/\/www2.unifap.br\/biblioteca-mazagao\/wp-json\/wp\/v2\/pages"}],"about":[{"href":"https:\/\/www2.unifap.br\/biblioteca-mazagao\/wp-json\/wp\/v2\/types\/page"}],"author":[{"embeddable":true,"href":"https:\/\/www2.unifap.br\/biblioteca-mazagao\/wp-json\/wp\/v2\/users\/3903"}],"replies":[{"embeddable":true,"href":"https:\/\/www2.unifap.br\/biblioteca-mazagao\/wp-json\/wp\/v2\/comments?post=434"}],"version-history":[{"count":2,"href":"https:\/\/www2.unifap.br\/biblioteca-mazagao\/wp-json\/wp\/v2\/pages\/434\/revisions"}],"predecessor-version":[{"id":493,"href":"https:\/\/www2.unifap.br\/biblioteca-mazagao\/wp-json\/wp\/v2\/pages\/434\/revisions\/493"}],"up":[{"embeddable":true,"href":"https:\/\/www2.unifap.br\/biblioteca-mazagao\/wp-json\/wp\/v2\/pages\/18"}],"wp:attachment":[{"href":"https:\/\/www2.unifap.br\/biblioteca-mazagao\/wp-json\/wp\/v2\/media?parent=434"}],"curies":[{"name":"wp","href":"https:\/\/api.w.org\/{rel}","templated":true}]}}