{"id":503,"date":"2023-11-30T22:11:40","date_gmt":"2023-11-30T22:11:40","guid":{"rendered":"https:\/\/www2.unifap.br\/biologia-oiapoque\/?page_id=503"},"modified":"2024-09-05T14:42:09","modified_gmt":"2024-09-05T14:42:09","slug":"email-institucional","status":"publish","type":"page","link":"https:\/\/www2.unifap.br\/biologia-oiapoque\/email-institucional\/","title":{"rendered":"Dados Institucionais da Coordena\u00e7\u00e3o de Curso"},"content":{"rendered":"<p><strong>Coordenador:<\/strong> Prof. Me. Neylan Leal Dias<\/p>\n<p><strong>Vice-Coordenador:<\/strong> Prof. Me. Luiz Eduardo D&#8217;Elia Oliveira<\/p>\n<p><strong>Email institucional da Coordena\u00e7\u00e3o de Curso:<\/strong> cbionacional@unifap.br (para o qual as demandas dever\u00e3o ser enviadas).<\/p>\n<p>&nbsp;<\/p>\n","protected":false},"excerpt":{"rendered":"<p>Coordenador: Prof. Me. Neylan Leal Dias Vice-Coordenador: Prof. Me. Luiz Eduardo D&#8217;Elia Oliveira Email institucional da Coordena\u00e7\u00e3o de Curso: cbionacional@unifap.br (para o qual as demandas dever\u00e3o ser enviadas). &nbsp;<\/p>\n","protected":false},"author":3954,"featured_media":0,"parent":0,"menu_order":0,"comment_status":"closed","ping_status":"closed","template":"","meta":{"inline_featured_image":false,"ngg_post_thumbnail":0,"footnotes":""},"class_list":["post-503","page","type-page","status-publish","hentry"],"_links":{"self":[{"href":"https:\/\/www2.unifap.br\/biologia-oiapoque\/wp-json\/wp\/v2\/pages\/503","targetHints":{"allow":["GET"]}}],"collection":[{"href":"https:\/\/www2.unifap.br\/biologia-oiapoque\/wp-json\/wp\/v2\/pages"}],"about":[{"href":"https:\/\/www2.unifap.br\/biologia-oiapoque\/wp-json\/wp\/v2\/types\/page"}],"author":[{"embeddable":true,"href":"https:\/\/www2.unifap.br\/biologia-oiapoque\/wp-json\/wp\/v2\/users\/3954"}],"replies":[{"embeddable":true,"href":"https:\/\/www2.unifap.br\/biologia-oiapoque\/wp-json\/wp\/v2\/comments?post=503"}],"version-history":[{"count":5,"href":"https:\/\/www2.unifap.br\/biologia-oiapoque\/wp-json\/wp\/v2\/pages\/503\/revisions"}],"predecessor-version":[{"id":510,"href":"https:\/\/www2.unifap.br\/biologia-oiapoque\/wp-json\/wp\/v2\/pages\/503\/revisions\/510"}],"wp:attachment":[{"href":"https:\/\/www2.unifap.br\/biologia-oiapoque\/wp-json\/wp\/v2\/media?parent=503"}],"curies":[{"name":"wp","href":"https:\/\/api.w.org\/{rel}","templated":true}]}}