{"id":2555,"date":"2023-03-03T13:55:28","date_gmt":"2023-03-03T13:55:28","guid":{"rendered":"https:\/\/www2.unifap.br\/biologia\/?page_id=2555"},"modified":"2023-07-07T14:29:01","modified_gmt":"2023-07-07T14:29:01","slug":"pibid","status":"publish","type":"page","link":"https:\/\/www2.unifap.br\/biologia\/pibidbiologia\/pibid\/","title":{"rendered":"PIBID"},"content":{"rendered":"\t\t<div data-elementor-type=\"wp-page\" data-elementor-id=\"2555\" class=\"elementor elementor-2555\">\n\t\t\t\t\t\t<section class=\"elementor-section elementor-top-section elementor-element elementor-element-3d06e8eb elementor-section-boxed elementor-section-height-default elementor-section-height-default\" data-id=\"3d06e8eb\" data-element_type=\"section\" data-e-type=\"section\">\n\t\t\t\t\t\t<div class=\"elementor-container elementor-column-gap-default\">\n\t\t\t\t\t<div class=\"elementor-column elementor-col-100 elementor-top-column elementor-element elementor-element-23555549\" data-id=\"23555549\" data-element_type=\"column\" data-e-type=\"column\">\n\t\t\t<div class=\"elementor-widget-wrap elementor-element-populated\">\n\t\t\t\t\t\t<div class=\"elementor-element elementor-element-32ebc26e elementor-widget elementor-widget-text-editor\" data-id=\"32ebc26e\" data-element_type=\"widget\" data-e-type=\"widget\" data-widget_type=\"text-editor.default\">\n\t\t\t\t<div class=\"elementor-widget-container\">\n\t\t\t\t\t\t\t\t\t<p style=\"text-align: center\"><a href=\"http:\/\/www2.unifap.br\/biologia\/files\/2023\/03\/pibid.png\"><img fetchpriority=\"high\" decoding=\"async\" src=\"http:\/\/www2.unifap.br\/biologia\/files\/2023\/03\/pibid-295x300.png\" alt=\"\" width=\"295\" height=\"300\"><\/a><\/p>\n<p style=\"text-align: center\"><br><\/p>\n<p>O<b> Programa Institucional de Bolsas de Inicia\u00e7\u00e3o \u00e0 Doc\u00eancia (PIBID)<\/b> tem como objetivo a valoriza\u00e7\u00e3o do magist\u00e9rio, auxiliando no aperfei\u00e7oamento da forma\u00e7\u00e3o de professores em n\u00edvel superior e para melhoria de qualidade da educa\u00e7\u00e3o b\u00e1sica p\u00fablica brasileira.&nbsp;<\/p><p>A Universidade Federal do Amap\u00e1 obteve a 19\u00aa. classifica\u00e7\u00e3o geral entre as institui\u00e7\u00f5es de Ensino Superior inscritas em todo o Brasil. O projeto do curso de Ci\u00eancias Biol\u00f3gicas \u00e9 coordenado pelas professoras Ledayane M. C. Barbosa e Andr\u00e9a S. de Ara\u00fajo e est\u00e1 sendo desenvolvido em duas escolas de Macap\u00e1, a&nbsp; Escola Estadual Jos\u00e9 do Patroc\u00ednio, localizada em Fazendinha e a Escola Estadual Profa. Nancy Nina da Costa, localizada na zona sul da capital.<\/p>\n<p><span style=\"font-family: Roboto, sans-serif;font-size: 14px;font-style: normal;font-weight: 400\">Entre as etapas do projeto est\u00e3o inseridas: a sele\u00e7\u00e3o do professor supervisor e dos acad\u00eamicos bolsistas, planejamento das atividades, realiza\u00e7\u00e3o de oficinas, palestras e a execu\u00e7\u00e3o das atividades na escola.<\/span><\/p>\n<p>Os 24 acad\u00eamicos bolsistas\/CAPES selecionados desenvolver\u00e3o diversas atividades pedag\u00f3gicas,&nbsp;<span style=\"font-family: Roboto, sans-serif;font-size: 14px;font-style: normal;font-weight: 400\">sob supervis\u00e3o de 3 professores das escolas participantes,<\/span><span style=\"font-family: Roboto, sans-serif;font-size: 14px;font-style: normal;font-weight: 400\">&nbsp;como<\/span><span style=\"font-size: 14px\">&nbsp;constru\u00e7\u00e3o de cole\u00e7\u00f5es did\u00e1ticas, programa de r\u00e1dio educativo, hortas e a revitaliza\u00e7\u00e3o de laborat\u00f3rio de ci\u00eancias.<\/span><\/p>\n<p><a style=\"font-size: 14px;background-color: #ffffff\" href=\"http:\/\/www2.unifap.br\/biologia\/files\/2023\/03\/pibid_atividade.jpg\"><img decoding=\"async\" src=\"http:\/\/www2.unifap.br\/biologia\/files\/2023\/03\/pibid_atividade-1024x582.jpg\" alt=\"\" width=\"1024\" height=\"582\"><\/a><\/p>\t\t\t\t\t\t\t\t<\/div>\n\t\t\t\t<\/div>\n\t\t\t\t\t<\/div>\n\t\t<\/div>\n\t\t\t\t\t<\/div>\n\t\t<\/section>\n\t\t\t\t<\/div>\n\t\t","protected":false},"excerpt":{"rendered":"<p>O Programa Institucional de Bolsas de Inicia\u00e7\u00e3o \u00e0 Doc\u00eancia (PIBID) tem como objetivo a valoriza\u00e7\u00e3o do magist\u00e9rio, auxiliando no aperfei\u00e7oamento da forma\u00e7\u00e3o de professores em n\u00edvel superior e para melhoria de qualidade da educa\u00e7\u00e3o b\u00e1sica p\u00fablica brasileira.&nbsp; A Universidade Federal do Amap\u00e1 obteve a 19\u00aa. classifica\u00e7\u00e3o geral entre as institui\u00e7\u00f5es de Ensino Superior inscritas em&#8230;<\/p>\n","protected":false},"author":1830,"featured_media":2496,"parent":2403,"menu_order":0,"comment_status":"closed","ping_status":"closed","template":"elementor_theme","meta":{"inline_featured_image":false,"site-sidebar-layout":"default","site-content-layout":"","ast-site-content-layout":"default","site-content-style":"default","site-sidebar-style":"default","ast-global-header-display":"","ast-banner-title-visibility":"","ast-main-header-display":"","ast-hfb-above-header-display":"","ast-hfb-below-header-display":"","ast-hfb-mobile-header-display":"","site-post-title":"","ast-breadcrumbs-content":"","ast-featured-img":"","footer-sml-layout":"","theme-transparent-header-meta":"","adv-header-id-meta":"","stick-header-meta":"","header-above-stick-meta":"","header-main-stick-meta":"","header-below-stick-meta":"","astra-migrate-meta-layouts":"default","ast-page-background-enabled":"default","ast-page-background-meta":{"desktop":{"background-color":"var(--ast-global-color-4)","background-image":"","background-repeat":"repeat","background-position":"center center","background-size":"auto","background-attachment":"scroll","background-type":"","background-media":"","overlay-type":"","overlay-color":"","overlay-opacity":"","overlay-gradient":""},"tablet":{"background-color":"","background-image":"","background-repeat":"repeat","background-position":"center center","background-size":"auto","background-attachment":"scroll","background-type":"","background-media":"","overlay-type":"","overlay-color":"","overlay-opacity":"","overlay-gradient":""},"mobile":{"background-color":"","background-image":"","background-repeat":"repeat","background-position":"center center","background-size":"auto","background-attachment":"scroll","background-type":"","background-media":"","overlay-type":"","overlay-color":"","overlay-opacity":"","overlay-gradient":""}},"ast-content-background-meta":{"desktop":{"background-color":"var(--ast-global-color-5)","background-image":"","background-repeat":"repeat","background-position":"center center","background-size":"auto","background-attachment":"scroll","background-type":"","background-media":"","overlay-type":"","overlay-color":"","overlay-opacity":"","overlay-gradient":""},"tablet":{"background-color":"var(--ast-global-color-5)","background-image":"","background-repeat":"repeat","background-position":"center center","background-size":"auto","background-attachment":"scroll","background-type":"","background-media":"","overlay-type":"","overlay-color":"","overlay-opacity":"","overlay-gradient":""},"mobile":{"background-color":"var(--ast-global-color-5)","background-image":"","background-repeat":"repeat","background-position":"center center","background-size":"auto","background-attachment":"scroll","background-type":"","background-media":"","overlay-type":"","overlay-color":"","overlay-opacity":"","overlay-gradient":""}},"ngg_post_thumbnail":0,"footnotes":""},"class_list":["post-2555","page","type-page","status-publish","has-post-thumbnail","hentry"],"_links":{"self":[{"href":"https:\/\/www2.unifap.br\/biologia\/wp-json\/wp\/v2\/pages\/2555","targetHints":{"allow":["GET"]}}],"collection":[{"href":"https:\/\/www2.unifap.br\/biologia\/wp-json\/wp\/v2\/pages"}],"about":[{"href":"https:\/\/www2.unifap.br\/biologia\/wp-json\/wp\/v2\/types\/page"}],"author":[{"embeddable":true,"href":"https:\/\/www2.unifap.br\/biologia\/wp-json\/wp\/v2\/users\/1830"}],"replies":[{"embeddable":true,"href":"https:\/\/www2.unifap.br\/biologia\/wp-json\/wp\/v2\/comments?post=2555"}],"version-history":[{"count":16,"href":"https:\/\/www2.unifap.br\/biologia\/wp-json\/wp\/v2\/pages\/2555\/revisions"}],"predecessor-version":[{"id":2593,"href":"https:\/\/www2.unifap.br\/biologia\/wp-json\/wp\/v2\/pages\/2555\/revisions\/2593"}],"up":[{"embeddable":true,"href":"https:\/\/www2.unifap.br\/biologia\/wp-json\/wp\/v2\/pages\/2403"}],"wp:featuredmedia":[{"embeddable":true,"href":"https:\/\/www2.unifap.br\/biologia\/wp-json\/wp\/v2\/media\/2496"}],"wp:attachment":[{"href":"https:\/\/www2.unifap.br\/biologia\/wp-json\/wp\/v2\/media?parent=2555"}],"curies":[{"name":"wp","href":"https:\/\/api.w.org\/{rel}","templated":true}]}}