{"id":3969,"date":"2024-10-07T17:14:04","date_gmt":"2024-10-07T17:14:04","guid":{"rendered":"https:\/\/www2.unifap.br\/biologia\/?page_id=3969"},"modified":"2024-10-21T00:20:58","modified_gmt":"2024-10-21T00:20:58","slug":"egresso-licenciatura","status":"publish","type":"page","link":"https:\/\/www2.unifap.br\/biologia\/portal-academico\/egresso-licenciatura\/","title":{"rendered":"Egresso Licenciatura"},"content":{"rendered":"\t\t<div data-elementor-type=\"wp-page\" data-elementor-id=\"3969\" class=\"elementor elementor-3969\">\n\t\t\t\t<div class=\"elementor-element elementor-element-5c489b3 e-flex e-con-boxed e-con e-parent\" data-id=\"5c489b3\" data-element_type=\"container\" data-e-type=\"container\">\n\t\t\t\t\t<div class=\"e-con-inner\">\n\t\t\t\t<div class=\"elementor-element elementor-element-292c0d0 elementor-widget elementor-widget-text-editor\" data-id=\"292c0d0\" data-element_type=\"widget\" data-e-type=\"widget\" data-widget_type=\"text-editor.default\">\n\t\t\t\t<div class=\"elementor-widget-container\">\n\t\t\t\t\t\t\t\t\t<h1><a name=\"_Toc178979104\"><\/a><\/h1>\n<h1><a name=\"_Toc178979103\"><\/a><strong>Perfil Profissional do Egresso<\/strong><\/h1>\n<p><\/p>\n<p>O curso de licenciatura em Ci\u00eancias Biol\u00f3gicas visa formar educadores comprometidos com a qualidade da educa\u00e7\u00e3o, especialmente nas disciplinas de ci\u00eancia para os anos finais do ensino fundamental e biologia para o ensino m\u00e9dio. O perfil do egresso do Licenciado em Ci\u00eancias Biol\u00f3gicas da UNIFAP est\u00e1 conforme as Diretrizes Curriculares Nacionais do Curso de Gradua\u00e7\u00e3o em Ci\u00eancias Biol\u00f3gicas (Resolu\u00e7\u00e3o CNE\/CES N\u00ba 7\/2002) e pela Resolu\u00e7\u00e3o CNE\/CP N\u00ba 4\/2024, que trata da Forma\u00e7\u00e3o Inicial de Professores para a Educa\u00e7\u00e3o B\u00e1sica:<\/p>\n<ul>\n<li>Atuar profissionalmente com base nos princ\u00edpios de uma sociedade democr\u00e1tica e reconhecer os contextos sociais, culturais, econ\u00f4micos e pol\u00edticos das escolas em que atua e, tamb\u00e9m os contextos de vidas dos estudantes, propiciando assim, aprendizagens efetivas;<\/li>\n<li>Avaliar criticamente a sua realidade local e participar da tomada de decis\u00f5es a respeito dos rumos da sociedade local, regional e nacional como um todo, a partir da consci\u00eancia de seu papel;<\/li>\n<li>Atuar em diferentes contextos de seu \u00e2mbito profissional, fazendo uso dos recursos t\u00e9cnicos, materiais did\u00e1ticos e metodol\u00f3gicos variados;<\/li>\n<li>Desenvolver postura investigativa, de forma que se constitua um professor-pesquisador da pr\u00f3pria pr\u00e1tica pedag\u00f3gica, mas tamb\u00e9m dos problemas que afetam sua vida profissional e seu entorno;<\/li>\n<li>Compreender a emerg\u00eancia de tecnologias digitais da informa\u00e7\u00e3o e da comunica\u00e7\u00e3o, ferramentas essenciais para o ensino;<\/li>\n<li>Demonstrar conhecimento sobre o desenvolvimento f\u00edsico, socioemocional e intelectual dos estudantes das etapas da Educa\u00e7\u00e3o B\u00e1sica para as quais est\u00e1 habilitado a atuar;<\/li>\n<li>Identificar quest\u00f5es e problemas socioambientais e educacionais com postura investigativa e propositiva, a fim de contribuir para a supera\u00e7\u00e3o de exclus\u00f5es sociais, \u00e9tnico-raciais, culturais, econ\u00f4micas, religiosas, sexuais, dentre outras;<\/li>\n<li>Demonstrar conhecimento sobre os mecanismos pelos quais crian\u00e7as, jovens e adultos aprendem.<\/li>\n<\/ul>\n<h1><a name=\"_Toc178979104\"><\/a><strong>Compet\u00eancias e Habilidades<\/strong><\/h1>\n<p><\/p>\n<p>O curso Licenciatura em Ci\u00eancias Biol\u00f3gicas est\u00e1 empenhado em formar profissionais com habilidades e compet\u00eancias para atuar nas \u00e1reas de ensino, pesquisa e extens\u00e3o, atendendo a exig\u00eancia atual da sociedade, onde todo profissional deve ser comprometido com o desenvolvimento t\u00e9cnico, pol\u00edtico, social, econ\u00f4mico e cient\u00edfico da \u00e1rea em que atua. Al\u00e9m disso, os educadores devem ser envolvidos em suas aprendizagens, aprender trabalhar em equipe, estar conectados \u00e0s novas tecnologias e atualiza\u00e7\u00f5es do conhecimento cient\u00edfico. Com isso o profissional Licenciado em Ci\u00eancias Biol\u00f3gicas da UNIFAP, em conson\u00e2ncia com a Resolu\u00e7\u00e3o N\u00ba CNE\/CP 04\/2024, Diretrizes Curriculares Nacionais para os cursos de Ci\u00eancias Biol\u00f3gicas (Parecer CNE\/CES N\u00ba 1.301\/2001 e a Resolu\u00e7\u00e3o CNE\/CES N\u00ba 7, de 11 de mar\u00e7o de 2002) e os Referenciais Curriculares Amapaenses (RCA) devem:<\/p>\n<ul>\n<li>Atuar como educador consciente de seu papel na forma\u00e7\u00e3o de cidad\u00e3os sob a perspectiva educacional, cient\u00edfica, ambiental e social;<\/li>\n<li>Conhecer a estrutura e a governan\u00e7a dos sistemas educacionais;<\/li>\n<li>Promover uma pr\u00e1tica educativa que identifique e leve em conta as caracter\u00edsticas de seu meio de atua\u00e7\u00e3o, suas necessidades e desejos;<\/li>\n<li>Envolver-se e envolver a comunidade escolar por meio de a\u00e7\u00f5es colaborativas, construindo ambiente de debate e di\u00e1logo entre saberes tradicionais e cient\u00edficos;<\/li>\n<li>Planejar as a\u00e7\u00f5es de ensino que resultem em efetivas aprendizagens;<\/li>\n<li>Aplicar as ferramentas metodol\u00f3gicas e cient\u00edficas para a elabora\u00e7\u00e3o e planejamento de projetos de ensino e pesquisa, assim como o desenvolvimento e execu\u00e7\u00e3o deles;<\/li>\n<li>Pesquisar, analisar e aplicar os resultados de investiga\u00e7\u00e3o de interesse da \u00e1rea educacional e espec\u00edfica do bi\u00f3logo.<\/li>\n<li>Aplicar estrat\u00e9gias de ensino e atividades did\u00e1ticas diferenciadas que promovam a aprendizagem dos estudantes, incluindo aqueles que comp\u00f5em a popula\u00e7\u00e3o atendida pela Educa\u00e7\u00e3o Especial na perspectiva da educa\u00e7\u00e3o inclusiva, e levando em conta seus diversos contextos culturais, socioecon\u00f4micos e lingu\u00edsticos;<\/li>\n<\/ul>\t\t\t\t\t\t\t\t<\/div>\n\t\t\t\t<\/div>\n\t\t\t\t\t<\/div>\n\t\t\t\t<\/div>\n\t\t<div class=\"elementor-element elementor-element-7d11450 e-flex e-con-boxed e-con e-parent\" data-id=\"7d11450\" data-element_type=\"container\" data-e-type=\"container\">\n\t\t\t\t\t<div class=\"e-con-inner\">\n\t\t\t\t<div class=\"elementor-element elementor-element-3982137 elementor-widget elementor-widget-heading\" data-id=\"3982137\" data-element_type=\"widget\" data-e-type=\"widget\" data-widget_type=\"heading.default\">\n\t\t\t\t<div class=\"elementor-widget-container\">\n\t\t\t\t\t<h2 class=\"elementor-heading-title elementor-size-default\">Acompanhamento do Egresso<\/h2>\t\t\t\t<\/div>\n\t\t\t\t<\/div>\n\t\t\t\t\t<\/div>\n\t\t\t\t<\/div>\n\t\t<div class=\"elementor-element elementor-element-09cf239 e-flex e-con-boxed e-con e-parent\" data-id=\"09cf239\" data-element_type=\"container\" data-e-type=\"container\">\n\t\t\t\t\t<div class=\"e-con-inner\">\n\t\t\t\t<div class=\"elementor-element elementor-element-4674c5f elementor-view-stacked elementor-shape-circle elementor-position-block-start elementor-mobile-position-block-start elementor-widget elementor-widget-icon-box\" data-id=\"4674c5f\" data-element_type=\"widget\" data-e-type=\"widget\" data-widget_type=\"icon-box.default\">\n\t\t\t\t<div class=\"elementor-widget-container\">\n\t\t\t\t\t\t\t<div class=\"elementor-icon-box-wrapper\">\n\n\t\t\t\t\t\t<div class=\"elementor-icon-box-icon\">\n\t\t\t\t<a href=\"https:\/\/docs.google.com\/forms\/d\/e\/1FAIpQLSf6twbPXNtRKzfRdmkC_50XfrbcwQjJXKcfEN7ZEEnupNbBrQ\/viewform\" class=\"elementor-icon\" tabindex=\"-1\" aria-label=\"Formul\u00e1rio de Acompanhamento do Egresso\">\n\t\t\t\t<svg aria-hidden=\"true\" class=\"e-font-icon-svg e-far-file-alt\" viewBox=\"0 0 384 512\" xmlns=\"http:\/\/www.w3.org\/2000\/svg\"><path d=\"M288 248v28c0 6.6-5.4 12-12 12H108c-6.6 0-12-5.4-12-12v-28c0-6.6 5.4-12 12-12h168c6.6 0 12 5.4 12 12zm-12 72H108c-6.6 0-12 5.4-12 12v28c0 6.6 5.4 12 12 12h168c6.6 0 12-5.4 12-12v-28c0-6.6-5.4-12-12-12zm108-188.1V464c0 26.5-21.5 48-48 48H48c-26.5 0-48-21.5-48-48V48C0 21.5 21.5 0 48 0h204.1C264.8 0 277 5.1 286 14.1L369.9 98c9 8.9 14.1 21.2 14.1 33.9zm-128-80V128h76.1L256 51.9zM336 464V176H232c-13.3 0-24-10.7-24-24V48H48v416h288z\"><\/path><\/svg>\t\t\t\t<\/a>\n\t\t\t<\/div>\n\t\t\t\n\t\t\t\t\t\t<div class=\"elementor-icon-box-content\">\n\n\t\t\t\t\t\t\t\t\t<h3 class=\"elementor-icon-box-title\">\n\t\t\t\t\t\t<a href=\"https:\/\/docs.google.com\/forms\/d\/e\/1FAIpQLSf6twbPXNtRKzfRdmkC_50XfrbcwQjJXKcfEN7ZEEnupNbBrQ\/viewform\" >\n\t\t\t\t\t\t\tFormul\u00e1rio de Acompanhamento do Egresso\t\t\t\t\t\t<\/a>\n\t\t\t\t\t<\/h3>\n\t\t\t\t\n\t\t\t\t\t\t\t\t\t<p class=\"elementor-icon-box-description\">\n\t\t\t\t\t\tPara alunos formas no curso de Ci\u00eancias Biol\u00f3gicas.\t\t\t\t\t<\/p>\n\t\t\t\t\n\t\t\t<\/div>\n\t\t\t\n\t\t<\/div>\n\t\t\t\t\t\t<\/div>\n\t\t\t\t<\/div>\n\t\t\t\t\t<\/div>\n\t\t\t\t<\/div>\n\t\t<div class=\"elementor-element elementor-element-d1bc0cf e-flex e-con-boxed e-con e-parent\" data-id=\"d1bc0cf\" data-element_type=\"container\" data-e-type=\"container\">\n\t\t\t\t\t<div class=\"e-con-inner\">\n\t\t\t\t<div class=\"elementor-element elementor-element-be22617 elementor-widget elementor-widget-spacer\" data-id=\"be22617\" data-element_type=\"widget\" data-e-type=\"widget\" data-widget_type=\"spacer.default\">\n\t\t\t\t<div class=\"elementor-widget-container\">\n\t\t\t\t\t\t\t<div class=\"elementor-spacer\">\n\t\t\t<div class=\"elementor-spacer-inner\"><\/div>\n\t\t<\/div>\n\t\t\t\t\t\t<\/div>\n\t\t\t\t<\/div>\n\t\t\t\t\t<\/div>\n\t\t\t\t<\/div>\n\t\t\t\t<\/div>\n\t\t","protected":false},"excerpt":{"rendered":"<p>Perfil Profissional do Egresso O curso de licenciatura em Ci\u00eancias Biol\u00f3gicas visa formar educadores comprometidos com a qualidade da educa\u00e7\u00e3o, especialmente nas disciplinas de ci\u00eancia para os anos finais do ensino fundamental e biologia para o ensino m\u00e9dio. O perfil do egresso do Licenciado em Ci\u00eancias Biol\u00f3gicas da UNIFAP est\u00e1 conforme as Diretrizes Curriculares Nacionais&#8230;<\/p>\n","protected":false},"author":4011,"featured_media":0,"parent":3055,"menu_order":0,"comment_status":"closed","ping_status":"closed","template":"elementor_header_footer","meta":{"inline_featured_image":false,"site-sidebar-layout":"default","site-content-layout":"","ast-site-content-layout":"default","site-content-style":"default","site-sidebar-style":"default","ast-global-header-display":"","ast-banner-title-visibility":"","ast-main-header-display":"","ast-hfb-above-header-display":"","ast-hfb-below-header-display":"","ast-hfb-mobile-header-display":"","site-post-title":"","ast-breadcrumbs-content":"","ast-featured-img":"","footer-sml-layout":"","theme-transparent-header-meta":"","adv-header-id-meta":"","stick-header-meta":"","header-above-stick-meta":"","header-main-stick-meta":"","header-below-stick-meta":"","astra-migrate-meta-layouts":"default","ast-page-background-enabled":"default","ast-page-background-meta":{"desktop":{"background-color":"var(--ast-global-color-4)","background-image":"","background-repeat":"repeat","background-position":"center center","background-size":"auto","background-attachment":"scroll","background-type":"","background-media":"","overlay-type":"","overlay-color":"","overlay-opacity":"","overlay-gradient":""},"tablet":{"background-color":"","background-image":"","background-repeat":"repeat","background-position":"center center","background-size":"auto","background-attachment":"scroll","background-type":"","background-media":"","overlay-type":"","overlay-color":"","overlay-opacity":"","overlay-gradient":""},"mobile":{"background-color":"","background-image":"","background-repeat":"repeat","background-position":"center center","background-size":"auto","background-attachment":"scroll","background-type":"","background-media":"","overlay-type":"","overlay-color":"","overlay-opacity":"","overlay-gradient":""}},"ast-content-background-meta":{"desktop":{"background-color":"var(--ast-global-color-5)","background-image":"","background-repeat":"repeat","background-position":"center center","background-size":"auto","background-attachment":"scroll","background-type":"","background-media":"","overlay-type":"","overlay-color":"","overlay-opacity":"","overlay-gradient":""},"tablet":{"background-color":"var(--ast-global-color-5)","background-image":"","background-repeat":"repeat","background-position":"center center","background-size":"auto","background-attachment":"scroll","background-type":"","background-media":"","overlay-type":"","overlay-color":"","overlay-opacity":"","overlay-gradient":""},"mobile":{"background-color":"var(--ast-global-color-5)","background-image":"","background-repeat":"repeat","background-position":"center center","background-size":"auto","background-attachment":"scroll","background-type":"","background-media":"","overlay-type":"","overlay-color":"","overlay-opacity":"","overlay-gradient":""}},"ngg_post_thumbnail":0,"footnotes":""},"class_list":["post-3969","page","type-page","status-publish","hentry"],"_links":{"self":[{"href":"https:\/\/www2.unifap.br\/biologia\/wp-json\/wp\/v2\/pages\/3969","targetHints":{"allow":["GET"]}}],"collection":[{"href":"https:\/\/www2.unifap.br\/biologia\/wp-json\/wp\/v2\/pages"}],"about":[{"href":"https:\/\/www2.unifap.br\/biologia\/wp-json\/wp\/v2\/types\/page"}],"author":[{"embeddable":true,"href":"https:\/\/www2.unifap.br\/biologia\/wp-json\/wp\/v2\/users\/4011"}],"replies":[{"embeddable":true,"href":"https:\/\/www2.unifap.br\/biologia\/wp-json\/wp\/v2\/comments?post=3969"}],"version-history":[{"count":11,"href":"https:\/\/www2.unifap.br\/biologia\/wp-json\/wp\/v2\/pages\/3969\/revisions"}],"predecessor-version":[{"id":4600,"href":"https:\/\/www2.unifap.br\/biologia\/wp-json\/wp\/v2\/pages\/3969\/revisions\/4600"}],"up":[{"embeddable":true,"href":"https:\/\/www2.unifap.br\/biologia\/wp-json\/wp\/v2\/pages\/3055"}],"wp:attachment":[{"href":"https:\/\/www2.unifap.br\/biologia\/wp-json\/wp\/v2\/media?parent=3969"}],"curies":[{"name":"wp","href":"https:\/\/api.w.org\/{rel}","templated":true}]}}