{"id":40,"date":"2022-09-29T10:34:55","date_gmt":"2022-09-29T10:34:55","guid":{"rendered":"http:\/\/pororoca.unifap.br\/biologia\/?page_id=40"},"modified":"2022-09-29T15:04:42","modified_gmt":"2022-09-29T15:04:42","slug":"lablimno","status":"publish","type":"page","link":"https:\/\/www2.unifap.br\/biologia\/laboratorios\/lablimno\/","title":{"rendered":"LABLIMNO"},"content":{"rendered":"<p class=\"MsoNormal\" style=\"margin: 0cm 0cm 0pt;text-align: justify\"><span style=\"font-size: x-small\"><span style=\"font-family: Arial\"><a href=\"http:\/\/www2.unifap.br\/biologia\/files\/2022\/09\/logolabilimno.png\"><img fetchpriority=\"high\" decoding=\"async\" class=\"wp-image-2466 alignleft\" src=\"http:\/\/www2.unifap.br\/biologia\/files\/2022\/09\/logolabilimno.png\" alt=\"\" width=\"285\" height=\"302\" \/><\/a>O LABORAT\u00d3RIO DE ICTIOLOGIA E LIMNOLOGIA (LABILIMNO) est\u00e1 vinculado ao Curso de Ci\u00eancias Biol\u00f3gicas da Universidade Federal do Amap\u00e1 (UNIFAP) e conta com um Professor Doutor (respons\u00e1vel pelo Laborat\u00f3rio), J\u00falio C\u00e9sar S\u00e1 de Oliveira, [<a href=\"http:\/\/lattes.cnpq.br\/4239001732722008\">http:\/\/lattes.cnpq.br\/4239001732722008<\/a>], um Professor Mestre (respons\u00e1vel pelo Laborat\u00f3rio), Rafael Esp\u00edndola do Nascimento [http:\/\/lattes.cnpq.br\/9421848500951697], um Bi\u00f3logo Mestre, Huann Carllo Gentil Vasconcelos [<a href=\"http:\/\/lattes.cnpq.br\/5658103045618349\">http:\/\/lattes.cnpq.br\/5658103045618349<\/a>] e uma Biom\u00e9dica Mestre, Francy Mendes Nogueira Cardoso [<a href=\"http:\/\/lattes.cnpq.br\/2973634574419381\">http:\/\/lattes.cnpq.br\/2973634574419381<\/a>].<br \/>\n<\/span><\/span><\/p>\n<p>&nbsp;<\/p>\n<p class=\"MsoNormal\" style=\"margin: 0cm 0cm 0pt;text-align: justify\"><span style=\"font-size: x-small\"><span style=\"font-family: Arial\">O LABILIMNO desenvolve trabalhos voltados ao ensino, referente a gradua\u00e7\u00e3o em Ci\u00eancias Biol\u00f3gicas, \u00e0 pesquisa, avaliando os ecossistemas aqu\u00e1ticos, principalmente continentais, no que diz respeito aos organismos aqu\u00e1ticos (peixes=ictiologia, crust\u00e1ceos=carcinologia, pl\u00e2nctons=planctologia, etc.), \u00e0 qualidade da \u00e1gua (tanto f\u00edsico-qu\u00edmica quanto microbiol\u00f3gica) e \u00e0 citogen\u00e9tica.\u00a0 O LABILIMNO tamb\u00e9m desenvolve atividades extensionistas, completando assim o trip\u00e9 ensino, pesquisa e extens\u00e3o.<br \/>\n<\/span><\/span><\/p>\n<p>&nbsp;<\/p>\n<p class=\"MsoNormal\" style=\"margin: 0cm 0cm 0pt;text-align: justify\"><span style=\"font-size: x-small\"><span style=\"font-family: Arial\">Estes s\u00e3o alguns dos projetos executados pelo Laborat\u00f3rio de Ictiologia e Limnologia &#8211; UNIFAP:<\/span><\/span><\/p>\n<p>&nbsp;<\/p>\n<p class=\"MsoNormal\" style=\"margin: 0cm 0cm 0pt;text-align: justify\"><span style=\"font-size: x-small\"><span style=\"font-family: Arial\">PESQUISAS EM EXECU\u00c7\u00c3O:<\/span><\/span><\/p>\n<ul type=\"disc\">\n<li><span style=\"font-size: x-small\"><span style=\"font-family: Arial\">Qualidade microbiol\u00f3gica e composi\u00e7\u00e3o da fauna parasit\u00e1ria de pescado comercializado em feiras livres dos munic\u00edpios de Macap\u00e1 e Santana, estado do Amap\u00e1 &#8211; Rafael Esp\u00edndola do Nascimento [coordenador], Huann Carllo Gentil Vasconcelos [integrante], J\u00falio C\u00e9sar S\u00e1 de Oliveira [integrante]. Execu\u00e7\u00e3o: 2019-Atual.<br \/>\n<\/span><\/span><\/li>\n<li><span style=\"font-size: x-small\"><span style=\"font-family: Arial\">Manejo pesqueiro baseado no ecossistema, com o uso da abordagem Ecopath with Ecosim (EwE) em ecossistemas aqu\u00e1ticos e terrestres &#8211; Ronaldo Angelini [coordenador], J\u00falio C\u00e9sar S\u00e1 de Oliveira [integrante], Fl\u00e1via Lucena Fredou [integrante], Adriana Rosa Carvalho [integrante], Jorge Sanchez-Botero [integrante], Carolina Doria [integrante], Carolina Viviana Minte-Vera [integrante], Hugo Bernatowski [integrante], J\u00falio Neves de Ara\u00fajo [integrante]. Execu\u00e7\u00e3o: 2017-Atual.<\/span><\/span><\/li>\n<\/ul>\n<p><span style=\"font-size: x-small\"><span style=\"font-family: Arial\">PESQUISAS FINALIZADAS<\/span><\/span><\/p>\n<ul type=\"disc\">\n<li><span style=\"font-size: x-small\"><span style=\"font-family: Arial\">Agraoecologia como mecanismo de promo\u00e7\u00e3o da sa\u00fade coletiva: qualidade da \u00e1gua e perfil limnol\u00f3gico em \u00e1reas de produ\u00e7\u00e3o agr\u00edcola convencional e agroecol\u00f3gica da cidade de Macap\u00e1, Estado do Amap\u00e1 &#8211; J\u00falio C\u00e9sar S\u00e1 de Oliveira [coordenador], D\u00e9bora da Concei\u00e7\u00e3o Oliveira Salom\u00e3o [integrante], Huann Carllo Gentil Vasconcelos [integrante]. Execu\u00e7\u00e3o 2018-2019.<br \/>\n<\/span><\/span><\/li>\n<li><span style=\"font-size: x-small\"><span style=\"font-family: Arial\">Avalia\u00e7\u00e3o da qualidade microbiol\u00f3gica do pescado comercializado na cidade de Macap\u00e1\/AP &#8211; J\u00falio C\u00e9sar S\u00e1 de Oliveira [coordenador], Monizi Costa Aires [integrante] e Me. Rafale Esp\u00edndola do Nascimento [integrante]. Execu\u00e7\u00e3o: 2017-2019<\/span><\/span><\/li>\n<li><span style=\"font-size: x-small\"><span style=\"font-family: Arial\">Avalia\u00e7\u00e3o da qualidade do pescado comercializado em Macap\u00e1\/AP atrav\u00e9s da t\u00e9cnica de multiplica\u00e7\u00e3o gen\u00f4mnica (PCR) como alternativa de diagnose para implanta\u00e7\u00e3o e melhoria do Programa de Monitoramento da Qualidade de Alimentos do Estado do Amap\u00e1 &#8211; J\u00falio C\u00e9sar S\u00e1 de Oliveira [coordenador], Huann Carllo Gentil Vasconcelos [integrante], Nahon S\u00e1 Galeno [integrante], Elza Caroline Muller [integrante], Rafael Lima Resque [integrante], Erineide Silva e Silva [integrante], Jackson Marinho Ferreira [integrante], Seloniel Barroso dos Reis [integrante]. Execu\u00e7\u00e3o 2016-2018.<\/span><\/span><\/li>\n<li><span style=\"font-size: x-small\"><span style=\"font-family: Arial\">Biologia populacional do camar\u00e3o pit\u00fa, <em>Macrobrachium carinus<\/em> Linnaeus, 1758, (Decapoda, Palaemonidae), do munic\u00edpio de Afu\u00e1, Estado do Par\u00e1 &#8211; J\u00falio C\u00e9sar S\u00e1 de Oliveira [coordenador], D\u00e9bora da Concei\u00e7\u00e3o Oliveira Salom\u00e3o [integrante], Huann Carllo Gentil Vasconcelos [integrante]. Execu\u00e7\u00e3o: 2016-2017.<\/span><\/span><\/li>\n<li><span style=\"font-size: x-small\"><span style=\"font-family: Arial\">Estudos bioecol\u00f3gicos da ictiofauna do Rio Pedreira, Macap\u00e1-AP &#8211; J\u00falio C\u00e9sar S\u00e1 de Oliveira [coordenador], Andr\u00e9a Soares de Ara\u00fajo [integrante], Huann Carllo Gentil Vasconcelos [integrante], Marcos Tavares-Dias [integrante]. Execu\u00e7\u00e3o: 2013-2015.<\/span><\/span><\/li>\n<li><span style=\"font-size: x-small\"><span style=\"font-family: Arial\">Qualidade da \u00e1gua do Rio Araguari (Ferreira Gomes\/AP) atrav\u00e9s da detec\u00e7\u00e3o de v\u00edrus ent\u00e9ricos por multiplica\u00e7\u00e3o gen\u00f4mica &#8211; J\u00falio C\u00e9sar S\u00e1 de Oliveira [coordenador], Artemis Socorro Nascimento Rodrigues [integrante], Aldo Aparecido Proeietii-Jr [integrante]. Execu\u00e7\u00e3o: 2013-2015.<\/span><\/span><\/li>\n<li><span style=\"font-size: x-small\"><span style=\"font-family: Arial\">Qualidade da \u00e1gua e perfil limnol\u00f3gico do Rio Pedreira, Macap\u00e1\/AP, como subs\u00eddio de gest\u00e3o da bacia hidrogr\u00e1fica &#8211; J\u00falio C\u00e9sar S\u00e1 de Oliveira [coordenador], Huann Carllo Gentil Vasconcelos [integrante], Erineide Silva e Silva [integrante]. Execu\u00e7\u00e3o: 2012-2016.<\/span><\/span><\/li>\n<li><span style=\"font-size: x-small\"><span style=\"font-family: Arial\">Sazonalidade de ectoparasitos crust\u00e1ceos em seis esp\u00e9cies de peixes do Reservat\u00f3rio da Usina Hidrel\u00e9trica Coaracy Nunes, Ferreira Gomes, Estado do Amap\u00e1 &#8211; Huann Carllo Gentil Vasconcelos [coordenador], J\u00falio C\u00e9sar S\u00e1 de Oliveira [integrante], Marcos Tavares-Dias [integrante]. Execu\u00e7\u00e3o: 2012-2014.<\/span><\/span><\/li>\n<li><span style=\"font-size: x-small\"><span style=\"font-family: Arial\">Ictiofauna e pesca da Usina Hidrel\u00e9trica Coaracy Nunes, Ferreira Gomes\/AP &#8211; J\u00falio C\u00e9sar S\u00e1 de Oliveira [coordenador], Huann Carllo Gentil Vasconcelos [integrante], Carlos Eduardo Costa Campos [integrante], Andrea Soares de Ara\u00fajo [integrante].<\/span><\/span><\/li>\n<\/ul>\n<p>&nbsp;<\/p>\n<p><span style=\"font-size: x-small\"><span style=\"font-family: Arial\">PROJETOS DE EXTENS\u00c3O REALIZADOS<br \/>\n<\/span><\/span><\/p>\n<ul type=\"disc\">\n<li><span style=\"font-size: x-small\"><span style=\"font-family: Arial\">Implanta\u00e7\u00e3o de Sistemas de Energia Solar Fotovoltaica em comunidades ribeirinhas do sul do Amap\u00e1, Brasil (etapa 2) &#8211; Huann Carllo Gentil Vasconcelos [coordenador], J\u00falio C\u00e9sar S\u00e1 de Oliveira [integrante], Seloniel Barbosa dos Reis [integrante], Carlos Eduardo Costa Campos [integrante], Fernanda Regina Smith Neves Corr\u00eaa [integrante], Felipe Monteiro [integrante]. Execu\u00e7\u00e3o: 2020-2021.<\/span><\/span><\/li>\n<li><span style=\"font-size: x-small\"><span style=\"font-family: Arial\">.Implanta\u00e7\u00e3o de Sistemas de Energia Solar Fotovoltaica em comunidades ribeirinhas do sul do Amap\u00e1, Brasil (etapa 1) &#8211; Huann Carllo Gentil Vasconcelos [coordenador], J\u00falio C\u00e9sar S\u00e1 de Oliveira [integrante], Seloniel Barbosa dos Reis [integrante], Carlos Eduardo Costa Campos [integrante], Fernanda Regina Smith Neves Corr\u00eaa [integrante], Felipe Monteiro [integrante]. Execu\u00e7\u00e3o: 2019-2019.<\/span><\/span><\/li>\n<\/ul>\n","protected":false},"excerpt":{"rendered":"<p>O LABORAT\u00d3RIO DE ICTIOLOGIA E LIMNOLOGIA (LABILIMNO) est\u00e1 vinculado ao Curso de Ci\u00eancias Biol\u00f3gicas da Universidade Federal do Amap\u00e1 (UNIFAP) e conta com um Professor Doutor (respons\u00e1vel pelo Laborat\u00f3rio), J\u00falio C\u00e9sar S\u00e1 de Oliveira, [http:\/\/lattes.cnpq.br\/4239001732722008], um Professor Mestre (respons\u00e1vel pelo Laborat\u00f3rio), Rafael Esp\u00edndola do Nascimento [http:\/\/lattes.cnpq.br\/9421848500951697], um Bi\u00f3logo Mestre, Huann Carllo Gentil Vasconcelos [http:\/\/lattes.cnpq.br\/5658103045618349] e&#8230;<\/p>\n","protected":false},"author":58,"featured_media":0,"parent":24,"menu_order":0,"comment_status":"closed","ping_status":"closed","template":"","meta":{"inline_featured_image":false,"site-sidebar-layout":"default","site-content-layout":"","ast-site-content-layout":"default","site-content-style":"default","site-sidebar-style":"default","ast-global-header-display":"","ast-banner-title-visibility":"","ast-main-header-display":"","ast-hfb-above-header-display":"","ast-hfb-below-header-display":"","ast-hfb-mobile-header-display":"","site-post-title":"","ast-breadcrumbs-content":"","ast-featured-img":"","footer-sml-layout":"","theme-transparent-header-meta":"","adv-header-id-meta":"","stick-header-meta":"","header-above-stick-meta":"","header-main-stick-meta":"","header-below-stick-meta":"","astra-migrate-meta-layouts":"default","ast-page-background-enabled":"default","ast-page-background-meta":{"desktop":{"background-color":"var(--ast-global-color-4)","background-image":"","background-repeat":"repeat","background-position":"center center","background-size":"auto","background-attachment":"scroll","background-type":"","background-media":"","overlay-type":"","overlay-color":"","overlay-opacity":"","overlay-gradient":""},"tablet":{"background-color":"","background-image":"","background-repeat":"repeat","background-position":"center center","background-size":"auto","background-attachment":"scroll","background-type":"","background-media":"","overlay-type":"","overlay-color":"","overlay-opacity":"","overlay-gradient":""},"mobile":{"background-color":"","background-image":"","background-repeat":"repeat","background-position":"center center","background-size":"auto","background-attachment":"scroll","background-type":"","background-media":"","overlay-type":"","overlay-color":"","overlay-opacity":"","overlay-gradient":""}},"ast-content-background-meta":{"desktop":{"background-color":"var(--ast-global-color-5)","background-image":"","background-repeat":"repeat","background-position":"center center","background-size":"auto","background-attachment":"scroll","background-type":"","background-media":"","overlay-type":"","overlay-color":"","overlay-opacity":"","overlay-gradient":""},"tablet":{"background-color":"var(--ast-global-color-5)","background-image":"","background-repeat":"repeat","background-position":"center center","background-size":"auto","background-attachment":"scroll","background-type":"","background-media":"","overlay-type":"","overlay-color":"","overlay-opacity":"","overlay-gradient":""},"mobile":{"background-color":"var(--ast-global-color-5)","background-image":"","background-repeat":"repeat","background-position":"center center","background-size":"auto","background-attachment":"scroll","background-type":"","background-media":"","overlay-type":"","overlay-color":"","overlay-opacity":"","overlay-gradient":""}},"ngg_post_thumbnail":0,"footnotes":""},"class_list":["post-40","page","type-page","status-publish","hentry"],"_links":{"self":[{"href":"https:\/\/www2.unifap.br\/biologia\/wp-json\/wp\/v2\/pages\/40","targetHints":{"allow":["GET"]}}],"collection":[{"href":"https:\/\/www2.unifap.br\/biologia\/wp-json\/wp\/v2\/pages"}],"about":[{"href":"https:\/\/www2.unifap.br\/biologia\/wp-json\/wp\/v2\/types\/page"}],"author":[{"embeddable":true,"href":"https:\/\/www2.unifap.br\/biologia\/wp-json\/wp\/v2\/users\/58"}],"replies":[{"embeddable":true,"href":"https:\/\/www2.unifap.br\/biologia\/wp-json\/wp\/v2\/comments?post=40"}],"version-history":[{"count":18,"href":"https:\/\/www2.unifap.br\/biologia\/wp-json\/wp\/v2\/pages\/40\/revisions"}],"predecessor-version":[{"id":2465,"href":"https:\/\/www2.unifap.br\/biologia\/wp-json\/wp\/v2\/pages\/40\/revisions\/2465"}],"up":[{"embeddable":true,"href":"https:\/\/www2.unifap.br\/biologia\/wp-json\/wp\/v2\/pages\/24"}],"wp:attachment":[{"href":"https:\/\/www2.unifap.br\/biologia\/wp-json\/wp\/v2\/media?parent=40"}],"curies":[{"name":"wp","href":"https:\/\/api.w.org\/{rel}","templated":true}]}}

<p class="MsoNormal" style="margin: 0cm 0cm 0pt;text-align: justify"><span style="font-size: x-small"><span style="font-family: Arial"><a href="http://www2.unifap.br/biologia/files/2022/09/logolabilimno.png"><img fetchpriority="high" decoding="async" class="wp-image-2466 alignleft" src="http://www2.unifap.br/biologia/files/2022/09/logolabilimno.png" alt="" width="285" height="302" /></a>O LABORATÓRIO DE ICTIOLOGIA E LIMNOLOGIA (LABILIMNO) está vinculado ao Curso de Ciências Biológicas da Universidade Federal do Amapá (UNIFAP) e conta com um Professor Doutor (responsável pelo Laboratório), Júlio César Sá de Oliveira, [<a href="http://lattes.cnpq.br/4239001732722008">http://lattes.cnpq.br/4239001732722008</a>], um Professor Mestre (responsável pelo Laboratório), Rafael Espíndola do Nascimento [http://lattes.cnpq.br/9421848500951697], um Biólogo Mestre, Huann Carllo Gentil Vasconcelos [<a href="http://lattes.cnpq.br/5658103045618349">http://lattes.cnpq.br/5658103045618349</a>] e uma Biomédica Mestre, Francy Mendes Nogueira Cardoso [<a href="http://lattes.cnpq.br/2973634574419381">http://lattes.cnpq.br/2973634574419381</a>].<br />
</span></span></p>
<p>&nbsp;</p>
<p class="MsoNormal" style="margin: 0cm 0cm 0pt;text-align: justify"><span style="font-size: x-small"><span style="font-family: Arial">O LABILIMNO desenvolve trabalhos voltados ao ensino, referente a graduação em Ciências Biológicas, à pesquisa, avaliando os ecossistemas aquáticos, principalmente continentais, no que diz respeito aos organismos aquáticos (peixes=ictiologia, crustáceos=carcinologia, plânctons=planctologia, etc.), à qualidade da água (tanto físico-química quanto microbiológica) e à citogenética.  O LABILIMNO também desenvolve atividades extensionistas, completando assim o tripé ensino, pesquisa e extensão.<br />
</span></span></p>
<p>&nbsp;</p>
<p class="MsoNormal" style="margin: 0cm 0cm 0pt;text-align: justify"><span style="font-size: x-small"><span style="font-family: Arial">Estes são alguns dos projetos executados pelo Laboratório de Ictiologia e Limnologia &#8211; UNIFAP:</span></span></p>
<p>&nbsp;</p>
<p class="MsoNormal" style="margin: 0cm 0cm 0pt;text-align: justify"><span style="font-size: x-small"><span style="font-family: Arial">PESQUISAS EM EXECUÇÃO:</span></span></p>
<ul type="disc">
<li><span style="font-size: x-small"><span style="font-family: Arial">Qualidade microbiológica e composição da fauna parasitária de pescado comercializado em feiras livres dos municípios de Macapá e Santana, estado do Amapá &#8211; Rafael Espíndola do Nascimento [coordenador], Huann Carllo Gentil Vasconcelos [integrante], Júlio César Sá de Oliveira [integrante]. Execução: 2019-Atual.<br />
</span></span></li>
<li><span style="font-size: x-small"><span style="font-family: Arial">Manejo pesqueiro baseado no ecossistema, com o uso da abordagem Ecopath with Ecosim (EwE) em ecossistemas aquáticos e terrestres &#8211; Ronaldo Angelini [coordenador], Júlio César Sá de Oliveira [integrante], Flávia Lucena Fredou [integrante], Adriana Rosa Carvalho [integrante], Jorge Sanchez-Botero [integrante], Carolina Doria [integrante], Carolina Viviana Minte-Vera [integrante], Hugo Bernatowski [integrante], Júlio Neves de Araújo [integrante]. Execução: 2017-Atual.</span></span></li>
</ul>
<p><span style="font-size: x-small"><span style="font-family: Arial">PESQUISAS FINALIZADAS</span></span></p>
<ul type="disc">
<li><span style="font-size: x-small"><span style="font-family: Arial">Agraoecologia como mecanismo de promoção da saúde coletiva: qualidade da água e perfil limnológico em áreas de produção agrícola convencional e agroecológica da cidade de Macapá, Estado do Amapá &#8211; Júlio César Sá de Oliveira [coordenador], Débora da Conceição Oliveira Salomão [integrante], Huann Carllo Gentil Vasconcelos [integrante]. Execução 2018-2019.<br />
</span></span></li>
<li><span style="font-size: x-small"><span style="font-family: Arial">Avaliação da qualidade microbiológica do pescado comercializado na cidade de Macapá/AP &#8211; Júlio César Sá de Oliveira [coordenador], Monizi Costa Aires [integrante] e Me. Rafale Espíndola do Nascimento [integrante]. Execução: 2017-2019</span></span></li>
<li><span style="font-size: x-small"><span style="font-family: Arial">Avaliação da qualidade do pescado comercializado em Macapá/AP através da técnica de multiplicação genômnica (PCR) como alternativa de diagnose para implantação e melhoria do Programa de Monitoramento da Qualidade de Alimentos do Estado do Amapá &#8211; Júlio César Sá de Oliveira [coordenador], Huann Carllo Gentil Vasconcelos [integrante], Nahon Sá Galeno [integrante], Elza Caroline Muller [integrante], Rafael Lima Resque [integrante], Erineide Silva e Silva [integrante], Jackson Marinho Ferreira [integrante], Seloniel Barroso dos Reis [integrante]. Execução 2016-2018.</span></span></li>
<li><span style="font-size: x-small"><span style="font-family: Arial">Biologia populacional do camarão pitú, <em>Macrobrachium carinus</em> Linnaeus, 1758, (Decapoda, Palaemonidae), do município de Afuá, Estado do Pará &#8211; Júlio César Sá de Oliveira [coordenador], Débora da Conceição Oliveira Salomão [integrante], Huann Carllo Gentil Vasconcelos [integrante]. Execução: 2016-2017.</span></span></li>
<li><span style="font-size: x-small"><span style="font-family: Arial">Estudos bioecológicos da ictiofauna do Rio Pedreira, Macapá-AP &#8211; Júlio César Sá de Oliveira [coordenador], Andréa Soares de Araújo [integrante], Huann Carllo Gentil Vasconcelos [integrante], Marcos Tavares-Dias [integrante]. Execução: 2013-2015.</span></span></li>
<li><span style="font-size: x-small"><span style="font-family: Arial">Qualidade da água do Rio Araguari (Ferreira Gomes/AP) através da detecção de vírus entéricos por multiplicação genômica &#8211; Júlio César Sá de Oliveira [coordenador], Artemis Socorro Nascimento Rodrigues [integrante], Aldo Aparecido Proeietii-Jr [integrante]. Execução: 2013-2015.</span></span></li>
<li><span style="font-size: x-small"><span style="font-family: Arial">Qualidade da água e perfil limnológico do Rio Pedreira, Macapá/AP, como subsídio de gestão da bacia hidrográfica &#8211; Júlio César Sá de Oliveira [coordenador], Huann Carllo Gentil Vasconcelos [integrante], Erineide Silva e Silva [integrante]. Execução: 2012-2016.</span></span></li>
<li><span style="font-size: x-small"><span style="font-family: Arial">Sazonalidade de ectoparasitos crustáceos em seis espécies de peixes do Reservatório da Usina Hidrelétrica Coaracy Nunes, Ferreira Gomes, Estado do Amapá &#8211; Huann Carllo Gentil Vasconcelos [coordenador], Júlio César Sá de Oliveira [integrante], Marcos Tavares-Dias [integrante]. Execução: 2012-2014.</span></span></li>
<li><span style="font-size: x-small"><span style="font-family: Arial">Ictiofauna e pesca da Usina Hidrelétrica Coaracy Nunes, Ferreira Gomes/AP &#8211; Júlio César Sá de Oliveira [coordenador], Huann Carllo Gentil Vasconcelos [integrante], Carlos Eduardo Costa Campos [integrante], Andrea Soares de Araújo [integrante].</span></span></li>
</ul>
<p>&nbsp;</p>
<p><span style="font-size: x-small"><span style="font-family: Arial">PROJETOS DE EXTENSÃO REALIZADOS<br />
</span></span></p>
<ul type="disc">
<li><span style="font-size: x-small"><span style="font-family: Arial">Implantação de Sistemas de Energia Solar Fotovoltaica em comunidades ribeirinhas do sul do Amapá, Brasil (etapa 2) &#8211; Huann Carllo Gentil Vasconcelos [coordenador], Júlio César Sá de Oliveira [integrante], Seloniel Barbosa dos Reis [integrante], Carlos Eduardo Costa Campos [integrante], Fernanda Regina Smith Neves Corrêa [integrante], Felipe Monteiro [integrante]. Execução: 2020-2021.</span></span></li>
<li><span style="font-size: x-small"><span style="font-family: Arial">.Implantação de Sistemas de Energia Solar Fotovoltaica em comunidades ribeirinhas do sul do Amapá, Brasil (etapa 1) &#8211; Huann Carllo Gentil Vasconcelos [coordenador], Júlio César Sá de Oliveira [integrante], Seloniel Barbosa dos Reis [integrante], Carlos Eduardo Costa Campos [integrante], Fernanda Regina Smith Neves Corrêa [integrante], Felipe Monteiro [integrante]. Execução: 2019-2019.</span></span></li>
</ul>

<p>O LABORATÓRIO DE ICTIOLOGIA E LIMNOLOGIA (LABILIMNO) está vinculado ao Curso de Ciências Biológicas da Universidade Federal do Amapá (UNIFAP) e conta com um Professor Doutor (responsável pelo Laboratório), Júlio César Sá de Oliveira, [http://lattes.cnpq.br/4239001732722008], um Professor Mestre (responsável pelo Laboratório), Rafael Espíndola do Nascimento [http://lattes.cnpq.br/9421848500951697], um Biólogo Mestre, Huann Carllo Gentil Vasconcelos [http://lattes.cnpq.br/5658103045618349] e&#8230;</p>
