{"id":31,"date":"2015-05-12T14:16:49","date_gmt":"2015-05-12T14:16:49","guid":{"rendered":"http:\/\/www2.unifap.br\/bionorte\/?page_id=31"},"modified":"2019-02-11T22:30:49","modified_gmt":"2019-02-11T22:30:49","slug":"objetivos","status":"publish","type":"page","link":"https:\/\/www2.unifap.br\/bionorte\/pagina-exemplo\/objetivos\/","title":{"rendered":"Objetivos"},"content":{"rendered":"<h2><a href=\"http:\/\/www2.unifap.br\/bionorte\/files\/2012\/08\/bionorte.gif\"><img decoding=\"async\" class=\"alignnone size-medium wp-image-9\" alt=\"bionorte\" src=\"http:\/\/www2.unifap.br\/bionorte\/files\/2012\/08\/bionorte-300x60.gif\" width=\"300\" height=\"60\" \/><\/a><\/h2>\n<h2>Objetivos do PPG da Bionorte<\/h2>\n<div>\n<div style=\"text-align: justify\"><b style=\"line-height: 1.5em\">\u00a0 \u00a0 \u00a0 \u00a0<\/b><span style=\"line-height: 1.5em\">O Programa tem como objetivo a forma\u00e7\u00e3o de Doutores para atuarem nos mais variados campos da \u00a0Biodiversidade, Conserva\u00e7\u00e3o e Biotecnologia. Visa aprofundar a forma\u00e7\u00e3o cient\u00edfica, t\u00e9cnica e cultural do p\u00f3s-graduando de forma a permitir contribui\u00e7\u00e3o original e criativa na \u00e1rea de pesquisa cient\u00edfica e tecnol\u00f3gica, al\u00e9m da forma\u00e7\u00e3o de recursos humanos de alto n\u00edvel. Pretende-se, no desenvolvimento do Programa, a integra\u00e7\u00e3o das Institui\u00e7\u00f5es dos Estados da Amaz\u00f4nia Legal com a participa\u00e7\u00e3o de professores, orientadores e doutorandos, assim como de profissionais do Setor Produtivo, a fim de permitir esfor\u00e7os conjuntos e racionalizados para o desenvolvimento de processos e produtos oriundos da biodiversidade, bem como de estudos avan\u00e7ados de gest\u00e3o da inova\u00e7\u00e3o, que venham contribuir para o Desenvolvimento Sustent\u00e1vel da Amaz\u00f4nia e para a melhoria da qualidade de vida da Popula\u00e7\u00e3o.<\/span><\/div>\n<p><b>\u00a0\u00a0 \u00a0 \u00a0\u00a0<\/b>Com a implanta\u00e7\u00e3o da Rede BIONORTE e do PPG-BIONORTE espera-se tamb\u00e9m na regi\u00e3o:<\/p>\n<ol>\n<li>Melhorar as condi\u00e7\u00f5es dos herb\u00e1rios, cole\u00e7\u00f5es de cultura e bancos de germoplasma;<\/li>\n<li>Dinamizar as pesquisas nas fazendas experimentais, nas reservas florestais p\u00fablicas e privadas;<\/li>\n<li>Desenvolver novos procedimentos de: manejo de recursos naturais, biorremedia\u00e7\u00e3o, controle biol\u00f3gico e recupera\u00e7\u00e3o de \u00e1reas alteradas\/degradadas;<\/li>\n<li>Desenvolver novas biotecnologias voltadas para produ\u00e7\u00e3o de fitoter\u00e1picos, biof\u00e1rmacos, novos biomateriais, corantes, aromatizantes, etc&#8230;<\/li>\n<li>Atrair bioind\u00fastrias, incubar outras e propiciar a g\u00eanese de p\u00f3los de Bioind\u00fastrias na Amaz\u00f4nia.<\/li>\n<\/ol>\n<\/div>\n","protected":false},"excerpt":{"rendered":"<p>Objetivos do PPG da Bionorte \u00a0 \u00a0 \u00a0 \u00a0O Programa tem como objetivo a forma\u00e7\u00e3o de Doutores para atuarem nos mais variados campos da \u00a0Biodiversidade, Conserva\u00e7\u00e3o e Biotecnologia. Visa aprofundar a forma\u00e7\u00e3o cient\u00edfica, t\u00e9cnica e cultural do p\u00f3s-graduando de forma&hellip; <\/p>\n<p><a href=\"https:\/\/www2.unifap.br\/bionorte\/pagina-exemplo\/objetivos\/\" class=\"readmore-button\">Continue Reading<\/a><\/p>\n","protected":false},"author":308,"featured_media":0,"parent":2,"menu_order":1,"comment_status":"open","ping_status":"open","template":"","meta":{"inline_featured_image":false,"ngg_post_thumbnail":0,"footnotes":""},"class_list":["post-31","page","type-page","status-publish","hentry"],"_links":{"self":[{"href":"https:\/\/www2.unifap.br\/bionorte\/wp-json\/wp\/v2\/pages\/31","targetHints":{"allow":["GET"]}}],"collection":[{"href":"https:\/\/www2.unifap.br\/bionorte\/wp-json\/wp\/v2\/pages"}],"about":[{"href":"https:\/\/www2.unifap.br\/bionorte\/wp-json\/wp\/v2\/types\/page"}],"author":[{"embeddable":true,"href":"https:\/\/www2.unifap.br\/bionorte\/wp-json\/wp\/v2\/users\/308"}],"replies":[{"embeddable":true,"href":"https:\/\/www2.unifap.br\/bionorte\/wp-json\/wp\/v2\/comments?post=31"}],"version-history":[{"count":3,"href":"https:\/\/www2.unifap.br\/bionorte\/wp-json\/wp\/v2\/pages\/31\/revisions"}],"predecessor-version":[{"id":305,"href":"https:\/\/www2.unifap.br\/bionorte\/wp-json\/wp\/v2\/pages\/31\/revisions\/305"}],"up":[{"embeddable":true,"href":"https:\/\/www2.unifap.br\/bionorte\/wp-json\/wp\/v2\/pages\/2"}],"wp:attachment":[{"href":"https:\/\/www2.unifap.br\/bionorte\/wp-json\/wp\/v2\/media?parent=31"}],"curies":[{"name":"wp","href":"https:\/\/api.w.org\/{rel}","templated":true}]}}