{"id":459,"date":"2019-03-18T19:48:00","date_gmt":"2019-03-18T19:48:00","guid":{"rendered":"http:\/\/www2.unifap.br\/bionorte\/?page_id=459"},"modified":"2019-03-18T19:52:47","modified_gmt":"2019-03-18T19:52:47","slug":"disciplinas-via-web-conferencia","status":"publish","type":"page","link":"https:\/\/www2.unifap.br\/bionorte\/disciplinas-via-web-conferencia\/","title":{"rendered":"Disciplinas via Web Confer\u00eancia"},"content":{"rendered":"<ul>\n<li>Cronograma e link para download do material para as resenhas da disciplina &#8220;Biodiversidade Amaz\u00f4nica&#8221;:<\/li>\n<\/ul>\n<ol>\n<li><a href=\"https:\/\/www.youtube.com\/watch?v=NlXLFqyBhSI&amp;feature=youtu.be&amp;fbclid=IwAR3pLEHndCXAaGUCCSeTx7xLpvGQCCgJpK9T3Nwo5c7JwbGYrNPOsWohmt4\" target=\"_blank\" rel=\"noopener\">Apresenta\u00e7\u00e3o da professora Patr\u00edcia Albuquerque<\/a> e <a href=\"http:\/\/www2.unifap.br\/bionorte\/files\/2019\/03\/Patr\u00edcia-Apresentacao-Biodiversidade-Amazonica-2019.pdf\" target=\"_blank\" rel=\"noopener\">cronograma da disciplina<\/a>;<\/li>\n<li><a href=\"https:\/\/onedrive.live.com\/?authkey=%21AF_TdSESiBZh7Gk&amp;id=44D084F0864F418C%212963&amp;cid=44D084F0864F418C\" target=\"_blank\" rel=\"noopener\">Link para o material das aulas<\/a>.<\/li>\n<\/ol>\n","protected":false},"excerpt":{"rendered":"<p>Cronograma e link para download do material para as resenhas da disciplina &#8220;Biodiversidade Amaz\u00f4nica&#8221;: Apresenta\u00e7\u00e3o da professora Patr\u00edcia Albuquerque e cronograma da disciplina; Link para o material das aulas.<\/p>\n","protected":false},"author":3813,"featured_media":0,"parent":0,"menu_order":16,"comment_status":"closed","ping_status":"closed","template":"","meta":{"inline_featured_image":false,"ngg_post_thumbnail":0,"footnotes":""},"class_list":["post-459","page","type-page","status-publish","hentry"],"_links":{"self":[{"href":"https:\/\/www2.unifap.br\/bionorte\/wp-json\/wp\/v2\/pages\/459","targetHints":{"allow":["GET"]}}],"collection":[{"href":"https:\/\/www2.unifap.br\/bionorte\/wp-json\/wp\/v2\/pages"}],"about":[{"href":"https:\/\/www2.unifap.br\/bionorte\/wp-json\/wp\/v2\/types\/page"}],"author":[{"embeddable":true,"href":"https:\/\/www2.unifap.br\/bionorte\/wp-json\/wp\/v2\/users\/3813"}],"replies":[{"embeddable":true,"href":"https:\/\/www2.unifap.br\/bionorte\/wp-json\/wp\/v2\/comments?post=459"}],"version-history":[{"count":3,"href":"https:\/\/www2.unifap.br\/bionorte\/wp-json\/wp\/v2\/pages\/459\/revisions"}],"predecessor-version":[{"id":463,"href":"https:\/\/www2.unifap.br\/bionorte\/wp-json\/wp\/v2\/pages\/459\/revisions\/463"}],"wp:attachment":[{"href":"https:\/\/www2.unifap.br\/bionorte\/wp-json\/wp\/v2\/media?parent=459"}],"curies":[{"name":"wp","href":"https:\/\/api.w.org\/{rel}","templated":true}]}}