{"id":224,"date":"2019-09-18T10:19:09","date_gmt":"2019-09-18T13:19:09","guid":{"rendered":"http:\/\/www2.unifap.br\/cafis\/?page_id=224"},"modified":"2023-06-18T19:42:05","modified_gmt":"2023-06-18T22:42:05","slug":"diretoria","status":"publish","type":"page","link":"https:\/\/www2.unifap.br\/cafis\/diretoria\/","title":{"rendered":"DIRETORIA"},"content":{"rendered":"<p><strong>DIRETOR-PRESIDENTE<\/strong><\/p>\n<p>Bruce Willian Silva Souza<\/p>\n<p>&nbsp;<\/p>\n<p><strong>DIRETOR VICE-PRESIDENTE<\/strong><\/p>\n<p>Pablo Silva da Costa<\/p>\n<p>&nbsp;<\/p>\n<p><strong>SECRET\u00c1RIA GERAL<br \/>\n<\/strong><\/p>\n<p>Gabriela Leit\u00e3o Sousa<\/p>\n<p>&nbsp;<\/p>\n<p><strong>TESOUREIRA<br \/>\n<\/strong><\/p>\n<p>Raissa Lorrane da Luz Rodrigues<\/p>\n<p>&nbsp;<\/p>\n<p><strong>DIRETOR DE COMUNICA\u00c7\u00c3O<\/strong><\/p>\n<p>Clynde Matheus Sandim Amoras<\/p>\n","protected":false},"excerpt":{"rendered":"<p>DIRETOR-PRESIDENTE Bruce Willian Silva Souza &nbsp; DIRETOR VICE-PRESIDENTE Pablo Silva da Costa &nbsp; SECRET\u00c1RIA GERAL Gabriela Leit\u00e3o Sousa &nbsp; TESOUREIRA Raissa Lorrane da Luz Rodrigues &nbsp; DIRETOR DE COMUNICA\u00c7\u00c3O Clynde Matheus Sandim Amoras<\/p>\n","protected":false},"author":3843,"featured_media":0,"parent":0,"menu_order":0,"comment_status":"closed","ping_status":"closed","template":"","meta":{"inline_featured_image":false,"ngg_post_thumbnail":0,"footnotes":""},"class_list":["post-224","page","type-page","status-publish","hentry"],"_links":{"self":[{"href":"https:\/\/www2.unifap.br\/cafis\/wp-json\/wp\/v2\/pages\/224","targetHints":{"allow":["GET"]}}],"collection":[{"href":"https:\/\/www2.unifap.br\/cafis\/wp-json\/wp\/v2\/pages"}],"about":[{"href":"https:\/\/www2.unifap.br\/cafis\/wp-json\/wp\/v2\/types\/page"}],"author":[{"embeddable":true,"href":"https:\/\/www2.unifap.br\/cafis\/wp-json\/wp\/v2\/users\/3843"}],"replies":[{"embeddable":true,"href":"https:\/\/www2.unifap.br\/cafis\/wp-json\/wp\/v2\/comments?post=224"}],"version-history":[{"count":6,"href":"https:\/\/www2.unifap.br\/cafis\/wp-json\/wp\/v2\/pages\/224\/revisions"}],"predecessor-version":[{"id":929,"href":"https:\/\/www2.unifap.br\/cafis\/wp-json\/wp\/v2\/pages\/224\/revisions\/929"}],"wp:attachment":[{"href":"https:\/\/www2.unifap.br\/cafis\/wp-json\/wp\/v2\/media?parent=224"}],"curies":[{"name":"wp","href":"https:\/\/api.w.org\/{rel}","templated":true}]}}

<p><strong>DIRETOR-PRESIDENTE</strong></p>
<p>Bruce Willian Silva Souza</p>
<p>&nbsp;</p>
<p><strong>DIRETOR VICE-PRESIDENTE</strong></p>
<p>Pablo Silva da Costa</p>
<p>&nbsp;</p>
<p><strong>SECRETÁRIA GERAL<br />
</strong></p>
<p>Gabriela Leitão Sousa</p>
<p>&nbsp;</p>
<p><strong>TESOUREIRA<br />
</strong></p>
<p>Raissa Lorrane da Luz Rodrigues</p>
<p>&nbsp;</p>
<p><strong>DIRETOR DE COMUNICAÇÃO</strong></p>
<p>Clynde Matheus Sandim Amoras</p>

<p>DIRETOR-PRESIDENTE Bruce Willian Silva Souza &nbsp; DIRETOR VICE-PRESIDENTE Pablo Silva da Costa &nbsp; SECRETÁRIA GERAL Gabriela Leitão Sousa &nbsp; TESOUREIRA Raissa Lorrane da Luz Rodrigues &nbsp; DIRETOR DE COMUNICAÇÃO Clynde Matheus Sandim Amoras</p>
