{"id":274,"date":"2020-03-14T10:33:46","date_gmt":"2020-03-14T13:33:46","guid":{"rendered":"http:\/\/www2.unifap.br\/cafis\/?page_id=274"},"modified":"2020-03-14T15:25:01","modified_gmt":"2020-03-14T18:25:01","slug":"atletica-orion","status":"publish","type":"page","link":"https:\/\/www2.unifap.br\/cafis\/atletica-orion\/","title":{"rendered":"ATL\u00c9TICA \u00d3RION"},"content":{"rendered":"<p><img fetchpriority=\"high\" decoding=\"async\" class=\"size-medium wp-image-313 aligncenter\" src=\"http:\/\/www2.unifap.br\/cafis\/files\/2020\/03\/IMG-20200314-WA00771-300x300.jpg\" alt=\"\" width=\"300\" height=\"300\" srcset=\"https:\/\/www2.unifap.br\/cafis\/files\/2020\/03\/IMG-20200314-WA00771-300x300.jpg 300w, https:\/\/www2.unifap.br\/cafis\/files\/2020\/03\/IMG-20200314-WA00771-150x150.jpg 150w, https:\/\/www2.unifap.br\/cafis\/files\/2020\/03\/IMG-20200314-WA00771-768x768.jpg 768w, https:\/\/www2.unifap.br\/cafis\/files\/2020\/03\/IMG-20200314-WA00771-1024x1024.jpg 1024w, https:\/\/www2.unifap.br\/cafis\/files\/2020\/03\/IMG-20200314-WA00771.jpg 1250w\" sizes=\"(max-width: 300px) 100vw, 300px\" \/><\/p>\n<p style=\"text-align: center\">A Associa\u00e7\u00e3o Atl\u00e9tica Acad\u00eamica do Curso de F\u00edsica \u00d3rion<\/p>\n<p>&nbsp;<\/p>\n<p>&nbsp;<\/p>\n<p><strong>Diretoria:&nbsp;<\/strong><\/p>\n<p><strong>Presidente<\/strong><\/p>\n<p>Bruce Willian Silva Souza<\/p>\n<p>&nbsp;<\/p>\n<p><strong>Diretor Financeiro<\/strong><\/p>\n<p>Tairl\u00f3n Santos dos Santos<\/p>\n<p>&nbsp;<\/p>\n<p><strong>Secret\u00e1rio<\/strong><\/p>\n<p>Kelvys Luiz Santos de Figueiredo<\/p>\n<p>&nbsp;<\/p>\n<p><strong>Segundo Secret\u00e1rio<\/strong><\/p>\n<p>Gabriel Cardoso de Lacerda Bittencourt<\/p>\n","protected":false},"excerpt":{"rendered":"<p>A Associa\u00e7\u00e3o Atl\u00e9tica Acad\u00eamica do Curso de F\u00edsica \u00d3rion &nbsp; &nbsp; Diretoria:&nbsp; Presidente Bruce Willian Silva Souza &nbsp; Diretor Financeiro Tairl\u00f3n Santos dos Santos &nbsp; Secret\u00e1rio Kelvys Luiz Santos de Figueiredo &nbsp; Segundo Secret\u00e1rio Gabriel Cardoso de Lacerda Bittencourt<\/p>\n","protected":false},"author":3843,"featured_media":0,"parent":0,"menu_order":0,"comment_status":"closed","ping_status":"closed","template":"","meta":{"inline_featured_image":false,"ngg_post_thumbnail":0,"footnotes":""},"class_list":["post-274","page","type-page","status-publish","hentry"],"_links":{"self":[{"href":"https:\/\/www2.unifap.br\/cafis\/wp-json\/wp\/v2\/pages\/274","targetHints":{"allow":["GET"]}}],"collection":[{"href":"https:\/\/www2.unifap.br\/cafis\/wp-json\/wp\/v2\/pages"}],"about":[{"href":"https:\/\/www2.unifap.br\/cafis\/wp-json\/wp\/v2\/types\/page"}],"author":[{"embeddable":true,"href":"https:\/\/www2.unifap.br\/cafis\/wp-json\/wp\/v2\/users\/3843"}],"replies":[{"embeddable":true,"href":"https:\/\/www2.unifap.br\/cafis\/wp-json\/wp\/v2\/comments?post=274"}],"version-history":[{"count":3,"href":"https:\/\/www2.unifap.br\/cafis\/wp-json\/wp\/v2\/pages\/274\/revisions"}],"predecessor-version":[{"id":315,"href":"https:\/\/www2.unifap.br\/cafis\/wp-json\/wp\/v2\/pages\/274\/revisions\/315"}],"wp:attachment":[{"href":"https:\/\/www2.unifap.br\/cafis\/wp-json\/wp\/v2\/media?parent=274"}],"curies":[{"name":"wp","href":"https:\/\/api.w.org\/{rel}","templated":true}]}}

ATLÉTICA ÓRION

<p><img fetchpriority="high" decoding="async" class="size-medium wp-image-313 aligncenter" src="http://www2.unifap.br/cafis/files/2020/03/IMG-20200314-WA00771-300x300.jpg" alt="" width="300" height="300" srcset="https://www2.unifap.br/cafis/files/2020/03/IMG-20200314-WA00771-300x300.jpg 300w, https://www2.unifap.br/cafis/files/2020/03/IMG-20200314-WA00771-150x150.jpg 150w, https://www2.unifap.br/cafis/files/2020/03/IMG-20200314-WA00771-768x768.jpg 768w, https://www2.unifap.br/cafis/files/2020/03/IMG-20200314-WA00771-1024x1024.jpg 1024w, https://www2.unifap.br/cafis/files/2020/03/IMG-20200314-WA00771.jpg 1250w" sizes="(max-width: 300px) 100vw, 300px" /></p>
<p style="text-align: center">A Associação Atlética Acadêmica do Curso de Física Órion</p>
<p>&nbsp;</p>
<p>&nbsp;</p>
<p><strong>Diretoria:&nbsp;</strong></p>
<p><strong>Presidente</strong></p>
<p>Bruce Willian Silva Souza</p>
<p>&nbsp;</p>
<p><strong>Diretor Financeiro</strong></p>
<p>Tairlón Santos dos Santos</p>
<p>&nbsp;</p>
<p><strong>Secretário</strong></p>
<p>Kelvys Luiz Santos de Figueiredo</p>
<p>&nbsp;</p>
<p><strong>Segundo Secretário</strong></p>
<p>Gabriel Cardoso de Lacerda Bittencourt</p>

<p>A Associação Atlética Acadêmica do Curso de Física Órion &nbsp; &nbsp; Diretoria:&nbsp; Presidente Bruce Willian Silva Souza &nbsp; Diretor Financeiro Tairlón Santos dos Santos &nbsp; Secretário Kelvys Luiz Santos de Figueiredo &nbsp; Segundo Secretário Gabriel Cardoso de Lacerda Bittencourt</p>
