{"id":1371,"date":"2018-04-11T13:35:32","date_gmt":"2018-04-11T13:35:32","guid":{"rendered":"http:\/\/www2.unifap.br\/cambientais\/?page_id=1371"},"modified":"2023-03-29T18:36:06","modified_gmt":"2023-03-29T18:36:06","slug":"tcc-turma-2014","status":"publish","type":"page","link":"https:\/\/www2.unifap.br\/cambientais\/biblioteca-de-dissertacoes-e-teses\/tcc\/tcc-turma-2014\/","title":{"rendered":"TCC &#8211; Turma 2014"},"content":{"rendered":"\t\t<div data-elementor-type=\"wp-page\" data-elementor-id=\"1371\" class=\"elementor elementor-1371\">\n\t\t\t\t\t\t<section class=\"elementor-section elementor-top-section elementor-element elementor-element-6ae5b62a elementor-section-boxed elementor-section-height-default elementor-section-height-default\" data-id=\"6ae5b62a\" data-element_type=\"section\" data-e-type=\"section\">\n\t\t\t\t\t\t<div class=\"elementor-container elementor-column-gap-default\">\n\t\t\t\t\t<div class=\"elementor-column elementor-col-100 elementor-top-column elementor-element elementor-element-40b44b3b\" data-id=\"40b44b3b\" data-element_type=\"column\" data-e-type=\"column\">\n\t\t\t<div class=\"elementor-widget-wrap elementor-element-populated\">\n\t\t\t\t\t\t<div class=\"elementor-element elementor-element-2719a362 elementor-widget elementor-widget-text-editor\" data-id=\"2719a362\" data-element_type=\"widget\" data-e-type=\"widget\" data-widget_type=\"text-editor.default\">\n\t\t\t\t<div class=\"elementor-widget-container\">\n\t\t\t\t\t\t\t\t\t<p>(Para fazer o download do TCC, clique no nome do autor)<\/p><p><a href=\"http:\/\/www2.unifap.br\/cambientais\/files\/2018\/04\/TCC-ADEMIR_DA_SILVA_BARROS.pdf\">ADEMIR DA SILVA BARROS<\/a>:\u00a0IDENTIFICA\u00c7\u00c3O DE CIANOBACT\u00c9RIAS DE UM ECOSSISTEMA AQU\u00c1TICO DA \u00c1REA DE PROTE\u00c7\u00c3O AMBIENTAL (APA) DO RIO CURIA\u00da, AMAP\u00c1, AMAZ\u00d4NIA, BRASIL.<\/p><p><a href=\"http:\/\/www2.unifap.br\/cambientais\/files\/2018\/04\/TCC-ANA-_CAROLINA_DOS_SANTOS_FERREIRA.pdf\">ANA CAROLINA DOS SANTOS FERREIRA<\/a>:\u00a0LEVANTAMENTO DE MICROALGAS PLANCT\u00d4NICAS NA \u00c1REA DE PROTE\u00c7\u00c3O AMBIENTAL (APA) DO RIO CURIA\u00da, AMAP\u00c1, AMAZ\u00d4NIA ORIENTAL.<\/p><p><a href=\"http:\/\/www2.unifap.br\/cambientais\/files\/2018\/04\/TCC-CAIO_SERGIO_SILVA_DOS_ANJOS.pdf\">CAIO S\u00c9RGIO SILVA DOS ANJOS<\/a>:\u00a0AN\u00c1LISE DO SOLO DO CERRADO DO MUNIC\u00cdPIO DE TARTARUGALZINHO-AP PELO M\u00c9TODO GRANULOM\u00c9TRICO USANDO DIFERENTES REAGENTES QU\u00cdMICOS.<\/p><p><a href=\"http:\/\/www2.unifap.br\/cambientais\/files\/2019\/09\/TCC-GABRIELE_LUINI-_LIMA_BASTOS.pdf\">GABRIELE LUINI LIMA BASTOS<\/a>: LEVANTAMENTO DA COMPOSI\u00c7\u00c3O DE ALGAS PERIF\u00cdTICAS DE ECOSSISTEMA AQU\u00c1TICO DA \u00c1REA DE PROTE\u00c7\u00c3O AMBIENTAL (APA) DO<br \/>RIO CURIA\u00da- AMAP\u00c1 NO PER\u00cdODO DE JUNHO DE 2016 A OUTUBRO DE 2017<\/p><p><a href=\"http:\/\/www2.unifap.br\/cambientais\/files\/2019\/09\/TCC-RENILDE_MARGARIDA_DOS_SANTOS_FA\u00c7ANHA.pdf\">RENILDE MARGARIDA DOS SANTOS FA\u00c7ANHA<\/a>: A ARTE VISUAL COMO ESTRAT\u00c9GIA NA EDUCA\u00c7\u00c3O AMBIENTAL: A EXPERI\u00caNCIA VIVIDA NA ESCOLA JESUS DE NAZAR\u00c9.<\/p><p><span style=\"color: #000000\"><a style=\"color: #000000\" href=\"http:\/\/www2.unifap.br\/cambientais\/files\/2023\/03\/TCC-Joenilce-de-Souza-Cardoso.pdf\">JOENILCE DE SOUZA CARDOSO: AN\u00c1LISE F\u00cdSICO-QU\u00cdMICA E MICROBIOL\u00d3GICA DA MINA T6 (LAGOA AZUL) EM SERRA DO NAVIO E SUA BALNEABILIDADE<\/a><\/span><\/p>\t\t\t\t\t\t\t\t<\/div>\n\t\t\t\t<\/div>\n\t\t\t\t\t<\/div>\n\t\t<\/div>\n\t\t\t\t\t<\/div>\n\t\t<\/section>\n\t\t\t\t<\/div>\n\t\t","protected":false},"excerpt":{"rendered":"<p>(Para fazer o download do TCC, clique no nome do autor) ADEMIR DA SILVA BARROS:\u00a0IDENTIFICA\u00c7\u00c3O DE CIANOBACT\u00c9RIAS DE UM ECOSSISTEMA AQU\u00c1TICO DA \u00c1REA DE PROTE\u00c7\u00c3O AMBIENTAL (APA) DO RIO CURIA\u00da, AMAP\u00c1, AMAZ\u00d4NIA, BRASIL. ANA CAROLINA DOS SANTOS FERREIRA:\u00a0LEVANTAMENTO DE MICROALGAS PLANCT\u00d4NICAS NA \u00c1REA DE PROTE\u00c7\u00c3O AMBIENTAL (APA) DO RIO CURIA\u00da, \u2026 <a class=\"continue-reading-link\" href=\"https:\/\/www2.unifap.br\/cambientais\/biblioteca-de-dissertacoes-e-teses\/tcc\/tcc-turma-2014\/\"> Continue Lendo <span class=\"meta-nav\">&rarr; <\/span><\/a><\/p>\n","protected":false},"author":918,"featured_media":0,"parent":503,"menu_order":0,"comment_status":"open","ping_status":"open","template":"","meta":{"inline_featured_image":false,"ngg_post_thumbnail":0,"footnotes":""},"class_list":["post-1371","page","type-page","status-publish","hentry"],"_links":{"self":[{"href":"https:\/\/www2.unifap.br\/cambientais\/wp-json\/wp\/v2\/pages\/1371","targetHints":{"allow":["GET"]}}],"collection":[{"href":"https:\/\/www2.unifap.br\/cambientais\/wp-json\/wp\/v2\/pages"}],"about":[{"href":"https:\/\/www2.unifap.br\/cambientais\/wp-json\/wp\/v2\/types\/page"}],"author":[{"embeddable":true,"href":"https:\/\/www2.unifap.br\/cambientais\/wp-json\/wp\/v2\/users\/918"}],"replies":[{"embeddable":true,"href":"https:\/\/www2.unifap.br\/cambientais\/wp-json\/wp\/v2\/comments?post=1371"}],"version-history":[{"count":7,"href":"https:\/\/www2.unifap.br\/cambientais\/wp-json\/wp\/v2\/pages\/1371\/revisions"}],"predecessor-version":[{"id":3157,"href":"https:\/\/www2.unifap.br\/cambientais\/wp-json\/wp\/v2\/pages\/1371\/revisions\/3157"}],"up":[{"embeddable":true,"href":"https:\/\/www2.unifap.br\/cambientais\/wp-json\/wp\/v2\/pages\/503"}],"wp:attachment":[{"href":"https:\/\/www2.unifap.br\/cambientais\/wp-json\/wp\/v2\/media?parent=1371"}],"curies":[{"name":"wp","href":"https:\/\/api.w.org\/{rel}","templated":true}]}}