{"id":1715,"date":"2022-09-13T21:38:08","date_gmt":"2022-09-13T21:38:08","guid":{"rendered":"https:\/\/www2.unifap.br\/cambientais\/?page_id=1715"},"modified":"2025-06-10T13:24:59","modified_gmt":"2025-06-10T13:24:59","slug":"elementor-1715","status":"publish","type":"page","link":"https:\/\/www2.unifap.br\/cambientais\/elementor-1715\/","title":{"rendered":"Coordenador e Vice-coordenadora"},"content":{"rendered":"\t\t<div data-elementor-type=\"wp-page\" data-elementor-id=\"1715\" class=\"elementor elementor-1715\">\n\t\t\t\t\t\t<section class=\"elementor-section elementor-top-section elementor-element elementor-element-f485462 elementor-section-boxed elementor-section-height-default elementor-section-height-default\" data-id=\"f485462\" data-element_type=\"section\" data-e-type=\"section\">\n\t\t\t\t\t\t<div class=\"elementor-container elementor-column-gap-default\">\n\t\t\t\t\t<div class=\"elementor-column elementor-col-100 elementor-top-column elementor-element elementor-element-cb6267d\" data-id=\"cb6267d\" data-element_type=\"column\" data-e-type=\"column\">\n\t\t\t<div class=\"elementor-widget-wrap elementor-element-populated\">\n\t\t\t\t\t\t<div class=\"elementor-element elementor-element-75cc4d1 elementor-widget-divider--view-line elementor-widget elementor-widget-divider\" data-id=\"75cc4d1\" data-element_type=\"widget\" data-e-type=\"widget\" data-widget_type=\"divider.default\">\n\t\t\t\t<div class=\"elementor-widget-container\">\n\t\t\t\t\t\t\t<div class=\"elementor-divider\">\n\t\t\t<span class=\"elementor-divider-separator\">\n\t\t\t\t\t\t<\/span>\n\t\t<\/div>\n\t\t\t\t\t\t<\/div>\n\t\t\t\t<\/div>\n\t\t\t\t<div class=\"elementor-element elementor-element-37ebbe2 elementor-widget elementor-widget-text-editor\" data-id=\"37ebbe2\" data-element_type=\"widget\" data-e-type=\"widget\" data-widget_type=\"text-editor.default\">\n\t\t\t\t<div class=\"elementor-widget-container\">\n\t\t\t\t\t\t\t\t\t<p><span style=\"color: #000000\">Coordenador: Prof. Dr. Jos\u00e9 Leonardo Lima Magalh\u00e3es<\/span><\/p>\t\t\t\t\t\t\t\t<\/div>\n\t\t\t\t<\/div>\n\t\t\t\t<section class=\"elementor-section elementor-inner-section elementor-element elementor-element-b726f26 elementor-section-boxed elementor-section-height-default elementor-section-height-default\" data-id=\"b726f26\" data-element_type=\"section\" data-e-type=\"section\">\n\t\t\t\t\t\t<div class=\"elementor-container elementor-column-gap-default\">\n\t\t\t\t\t<div class=\"elementor-column elementor-col-50 elementor-inner-column elementor-element elementor-element-e0ec14a\" data-id=\"e0ec14a\" data-element_type=\"column\" data-e-type=\"column\">\n\t\t\t<div class=\"elementor-widget-wrap elementor-element-populated\">\n\t\t\t\t\t\t<div class=\"elementor-element elementor-element-0de753b elementor-widget elementor-widget-image\" data-id=\"0de753b\" data-element_type=\"widget\" data-e-type=\"widget\" data-widget_type=\"image.default\">\n\t\t\t\t<div class=\"elementor-widget-container\">\n\t\t\t\t\t\t\t\t\t\t\t\t\t\t\t<img fetchpriority=\"high\" decoding=\"async\" width=\"768\" height=\"1024\" src=\"http:\/\/www2.unifap.br\/cambientais\/files\/2023\/08\/20230828_170015-768x1024.jpg\" class=\"attachment-large size-large wp-image-3614\" alt=\"\" srcset=\"http:\/\/www2.unifap.br\/cambientais\/files\/2023\/08\/20230828_170015-768x1024.jpg 768w, http:\/\/www2.unifap.br\/cambientais\/files\/2023\/08\/20230828_170015-225x300.jpg 225w, http:\/\/www2.unifap.br\/cambientais\/files\/2023\/08\/20230828_170015-1152x1536.jpg 1152w, http:\/\/www2.unifap.br\/cambientais\/files\/2023\/08\/20230828_170015-1536x2048.jpg 1536w, http:\/\/www2.unifap.br\/cambientais\/files\/2023\/08\/20230828_170015-113x150.jpg 113w, http:\/\/www2.unifap.br\/cambientais\/files\/2023\/08\/20230828_170015-scaled.jpg 1920w\" sizes=\"(max-width: 768px) 100vw, 768px\" \/>\t\t\t\t\t\t\t\t\t\t\t\t\t\t\t<\/div>\n\t\t\t\t<\/div>\n\t\t\t\t\t<\/div>\n\t\t<\/div>\n\t\t\t\t<div class=\"elementor-column elementor-col-50 elementor-inner-column elementor-element elementor-element-af61b5a\" data-id=\"af61b5a\" data-element_type=\"column\" data-e-type=\"column\">\n\t\t\t<div class=\"elementor-widget-wrap elementor-element-populated\">\n\t\t\t\t\t\t<div class=\"elementor-element elementor-element-562325f elementor-widget elementor-widget-text-editor\" data-id=\"562325f\" data-element_type=\"widget\" data-e-type=\"widget\" data-widget_type=\"text-editor.default\">\n\t\t\t\t<div class=\"elementor-widget-container\">\n\t\t\t\t\t\t\t\t\t<p><span style=\"color: #000000;font-family: Tahoma, Geneva, sans-serif;font-size: 13px;text-align: justify;text-indent: 20px\">Possui gradua\u00e7\u00e3o em Ci\u00eancias Biol\u00f3gicas, Mestrado em Ci\u00eancias Biol\u00f3gicas pelo Programa de P\u00f3s-Gradua\u00e7\u00e3o em Bot\u00e2nica Tropical (PPGBOT &#8211; UFRA\/MPEG) e Doutorado pelo Programa de P\u00f3s-Gradua\u00e7\u00e3o em Ecologia (PPGECO &#8211; UFPA\/Embrapa Amaz\u00f4nia Oriental). \u00c9 Professor do Magist\u00e9rio Superior da Universidade Federal do Amap\u00e1, Departamento de Meio Ambiente e Desenvolvimento, e atualmente Coordenador do Curso de Bacharelado em Ci\u00eancias Ambientais. Como pesquisador atua nas \u00e1reas de Ecologia, Bot\u00e2nica e Biologia da Conserva\u00e7\u00e3o. Atua, tamb\u00e9m, como orientador e consultor de diversas tem\u00e1ticas ambientais: Licenciamento Ambiental; Educa\u00e7\u00e3o Ambiental; Modelagem Ecol\u00f3gica; Ecologia de Florestas de V\u00e1rzea.<\/span><\/p><p><span style=\"color: #000000;font-family: Tahoma, Geneva, sans-serif;font-size: 13px;text-align: justify;text-indent: 20px\">E-mail:<b> <i>leonardo.magalhaes@unifap.br<\/i><\/b><\/span><\/p><p><strong><a href=\"http:\/\/www2.unifap.br\/cambientais\/files\/2025\/06\/portaria-1044-2025.pdf\"><span style=\"color: #0000ff\">PORTARIA N\u00ba 1044\/2025<\/span><\/a><\/strong><\/p>\t\t\t\t\t\t\t\t<\/div>\n\t\t\t\t<\/div>\n\t\t\t\t\t<\/div>\n\t\t<\/div>\n\t\t\t\t\t<\/div>\n\t\t<\/section>\n\t\t\t\t<div class=\"elementor-element elementor-element-0785914 elementor-widget-divider--view-line elementor-widget elementor-widget-divider\" data-id=\"0785914\" data-element_type=\"widget\" data-e-type=\"widget\" data-widget_type=\"divider.default\">\n\t\t\t\t<div class=\"elementor-widget-container\">\n\t\t\t\t\t\t\t<div class=\"elementor-divider\">\n\t\t\t<span class=\"elementor-divider-separator\">\n\t\t\t\t\t\t<\/span>\n\t\t<\/div>\n\t\t\t\t\t\t<\/div>\n\t\t\t\t<\/div>\n\t\t\t\t\t<\/div>\n\t\t<\/div>\n\t\t\t\t\t<\/div>\n\t\t<\/section>\n\t\t\t\t<section class=\"elementor-section elementor-top-section elementor-element elementor-element-6a66a40 elementor-section-boxed elementor-section-height-default elementor-section-height-default\" data-id=\"6a66a40\" data-element_type=\"section\" data-e-type=\"section\">\n\t\t\t\t\t\t<div class=\"elementor-container elementor-column-gap-default\">\n\t\t\t\t\t<div class=\"elementor-column elementor-col-100 elementor-top-column elementor-element elementor-element-b5d6717\" data-id=\"b5d6717\" data-element_type=\"column\" data-e-type=\"column\">\n\t\t\t<div class=\"elementor-widget-wrap elementor-element-populated\">\n\t\t\t\t\t\t<div class=\"elementor-element elementor-element-67e966a elementor-widget elementor-widget-text-editor\" data-id=\"67e966a\" data-element_type=\"widget\" data-e-type=\"widget\" data-widget_type=\"text-editor.default\">\n\t\t\t\t<div class=\"elementor-widget-container\">\n\t\t\t\t\t\t\t\t\t<p><span style=\"color: #000000\">Vice-Coordenadora: Profa. Dra. G\u00e9ssica Zila Batista dos Santos<\/span><\/p>\t\t\t\t\t\t\t\t<\/div>\n\t\t\t\t<\/div>\n\t\t\t\t<section class=\"elementor-section elementor-inner-section elementor-element elementor-element-c45b92b elementor-section-boxed elementor-section-height-default elementor-section-height-default\" data-id=\"c45b92b\" data-element_type=\"section\" data-e-type=\"section\">\n\t\t\t\t\t\t<div class=\"elementor-container elementor-column-gap-default\">\n\t\t\t\t\t<div class=\"elementor-column elementor-col-50 elementor-inner-column elementor-element elementor-element-468fd61\" data-id=\"468fd61\" data-element_type=\"column\" data-e-type=\"column\">\n\t\t\t<div class=\"elementor-widget-wrap elementor-element-populated\">\n\t\t\t\t\t\t<div class=\"elementor-element elementor-element-181916d elementor-widget elementor-widget-image\" data-id=\"181916d\" data-element_type=\"widget\" data-e-type=\"widget\" data-widget_type=\"image.default\">\n\t\t\t\t<div class=\"elementor-widget-container\">\n\t\t\t\t\t\t\t\t\t\t\t\t\t\t\t<img decoding=\"async\" width=\"731\" height=\"1113\" src=\"http:\/\/www2.unifap.br\/cambientais\/files\/2023\/09\/Imagem-do-WhatsApp-de-2023-09-11-as-11.25.55-e1694716110445.jpg\" class=\"attachment-1536x1536 size-1536x1536 wp-image-3650\" alt=\"\" srcset=\"http:\/\/www2.unifap.br\/cambientais\/files\/2023\/09\/Imagem-do-WhatsApp-de-2023-09-11-as-11.25.55-e1694716110445.jpg 731w, http:\/\/www2.unifap.br\/cambientais\/files\/2023\/09\/Imagem-do-WhatsApp-de-2023-09-11-as-11.25.55-e1694716110445-197x300.jpg 197w, http:\/\/www2.unifap.br\/cambientais\/files\/2023\/09\/Imagem-do-WhatsApp-de-2023-09-11-as-11.25.55-e1694716110445-673x1024.jpg 673w, http:\/\/www2.unifap.br\/cambientais\/files\/2023\/09\/Imagem-do-WhatsApp-de-2023-09-11-as-11.25.55-e1694716110445-99x150.jpg 99w\" sizes=\"(max-width: 731px) 100vw, 731px\" \/>\t\t\t\t\t\t\t\t\t\t\t\t\t\t\t<\/div>\n\t\t\t\t<\/div>\n\t\t\t\t\t<\/div>\n\t\t<\/div>\n\t\t\t\t<div class=\"elementor-column elementor-col-50 elementor-inner-column elementor-element elementor-element-3ea6130\" data-id=\"3ea6130\" data-element_type=\"column\" data-e-type=\"column\">\n\t\t\t<div class=\"elementor-widget-wrap elementor-element-populated\">\n\t\t\t\t\t\t<div class=\"elementor-element elementor-element-b90a738 elementor-widget elementor-widget-text-editor\" data-id=\"b90a738\" data-element_type=\"widget\" data-e-type=\"widget\" data-widget_type=\"text-editor.default\">\n\t\t\t\t<div class=\"elementor-widget-container\">\n\t\t\t\t\t\t\t\t\t<p style=\"text-indent: 20px\"><span style=\"color: #000000;font-family: Tahoma, Geneva, sans-serif\"><span style=\"font-size: 13px\">Engenheira ambiental, com\u00a0 especializa\u00e7\u00e3o em Per\u00edcia, Auditoria e Gest\u00e3o Ambiental, mestrado em Engenharia Civil e doutorado em Ci\u00eancias do Ambiente e Sustentabilidade. \u00c9 professora adjunta do Curso de Ci\u00eancias Ambientais da UNIFAP. J\u00e1 atuou no Polo Industrial de Manaus em empresas multinacionais nas seguintes \u00e1reas: P&amp;D, Meio Ambiente, Qualidade, Inova\u00e7\u00e3o, Compras, Planejamento e Controle de Materiais. Atua nos seguintes temas: gerenciamento de res\u00edduos s\u00f3lidos e l\u00edquidos, avalia\u00e7\u00e3o do ciclo de vida de produtos (ACV), economia circular e desenvolvimento de materiais sustent\u00e1veis.\u00a0<\/span><\/span><\/p><p><span style=\"color: #000000;font-family: Tahoma, Geneva, sans-serif;font-size: 13px;text-indent: 20px\">E-mail:\u00a0<\/span><span style=\"color: #000000;font-family: Tahoma, Geneva, sans-serif\"><span style=\"font-size: 13px\"><i><b>gessicazila@unifap.br<\/b><\/i><\/span><\/span><\/p><p><strong><span style=\"color: #0000ff\"><a style=\"color: #0000ff\" href=\"http:\/\/www2.unifap.br\/cambientais\/files\/2023\/09\/portaria-1.pdf\">P<\/a><a style=\"font-size: inherit;color: #0000ff\" href=\"http:\/\/www2.unifap.br\/cambientais\/files\/2025\/06\/portaria-0932-2025.pdf\" target=\"_blank\" rel=\"noopener\">ORTARIA N\u00ba 0932\/2025<\/a><\/span><\/strong><\/p>\t\t\t\t\t\t\t\t<\/div>\n\t\t\t\t<\/div>\n\t\t\t\t\t<\/div>\n\t\t<\/div>\n\t\t\t\t\t<\/div>\n\t\t<\/section>\n\t\t\t\t\t<\/div>\n\t\t<\/div>\n\t\t\t\t\t<\/div>\n\t\t<\/section>\n\t\t\t\t<section class=\"elementor-section elementor-top-section elementor-element elementor-element-90f104f elementor-section-boxed elementor-section-height-default elementor-section-height-default\" data-id=\"90f104f\" data-element_type=\"section\" data-e-type=\"section\">\n\t\t\t\t\t\t<div class=\"elementor-container elementor-column-gap-default\">\n\t\t\t\t\t<div class=\"elementor-column elementor-col-100 elementor-top-column elementor-element elementor-element-2f3bd2a\" data-id=\"2f3bd2a\" data-element_type=\"column\" data-e-type=\"column\">\n\t\t\t<div class=\"elementor-widget-wrap elementor-element-populated\">\n\t\t\t\t\t\t<div class=\"elementor-element elementor-element-6356f40 elementor-widget-divider--view-line elementor-widget elementor-widget-divider\" data-id=\"6356f40\" data-element_type=\"widget\" data-e-type=\"widget\" data-widget_type=\"divider.default\">\n\t\t\t\t<div class=\"elementor-widget-container\">\n\t\t\t\t\t\t\t<div class=\"elementor-divider\">\n\t\t\t<span class=\"elementor-divider-separator\">\n\t\t\t\t\t\t<\/span>\n\t\t<\/div>\n\t\t\t\t\t\t<\/div>\n\t\t\t\t<\/div>\n\t\t\t\t<div class=\"elementor-element elementor-element-ba46735 elementor-button-info elementor-align-left elementor-widget elementor-widget-button\" data-id=\"ba46735\" data-element_type=\"widget\" data-e-type=\"widget\" data-widget_type=\"button.default\">\n\t\t\t\t<div class=\"elementor-widget-container\">\n\t\t\t\t\t\t\t\t\t<div class=\"elementor-button-wrapper\">\n\t\t\t\t\t<a class=\"elementor-button elementor-button-link elementor-size-md\" href=\"https:\/\/www2.unifap.br\/cambientais\/\">\n\t\t\t\t\t\t<span class=\"elementor-button-content-wrapper\">\n\t\t\t\t\t\t<span class=\"elementor-button-icon\">\n\t\t\t\t<i aria-hidden=\"true\" class=\"fas fa-home\"><\/i>\t\t\t<\/span>\n\t\t\t\t\t\t\t\t\t<span class=\"elementor-button-text\">In\u00edcio<\/span>\n\t\t\t\t\t<\/span>\n\t\t\t\t\t<\/a>\n\t\t\t\t<\/div>\n\t\t\t\t\t\t\t\t<\/div>\n\t\t\t\t<\/div>\n\t\t\t\t\t<\/div>\n\t\t<\/div>\n\t\t\t\t\t<\/div>\n\t\t<\/section>\n\t\t\t\t<section class=\"elementor-section elementor-top-section elementor-element elementor-element-17fe35c elementor-section-boxed elementor-section-height-default elementor-section-height-default\" data-id=\"17fe35c\" data-element_type=\"section\" data-e-type=\"section\">\n\t\t\t\t\t\t<div class=\"elementor-container elementor-column-gap-default\">\n\t\t\t\t\t<div class=\"elementor-column elementor-col-100 elementor-top-column elementor-element elementor-element-6f5ec88\" data-id=\"6f5ec88\" data-element_type=\"column\" data-e-type=\"column\">\n\t\t\t<div class=\"elementor-widget-wrap\">\n\t\t\t\t\t\t\t<\/div>\n\t\t<\/div>\n\t\t\t\t\t<\/div>\n\t\t<\/section>\n\t\t\t\t<\/div>\n\t\t","protected":false},"excerpt":{"rendered":"<p>Coordenador: Prof. Dr. Jos\u00e9 Leonardo Lima Magalh\u00e3es Possui gradua\u00e7\u00e3o em Ci\u00eancias Biol\u00f3gicas, Mestrado em Ci\u00eancias Biol\u00f3gicas pelo Programa de P\u00f3s-Gradua\u00e7\u00e3o em Bot\u00e2nica Tropical (PPGBOT &#8211; UFRA\/MPEG) e Doutorado pelo Programa de P\u00f3s-Gradua\u00e7\u00e3o em Ecologia (PPGECO &#8211; UFPA\/Embrapa Amaz\u00f4nia Oriental). \u00c9 Professor do Magist\u00e9rio Superior da Universidade Federal do Amap\u00e1, Departamento \u2026 <a class=\"continue-reading-link\" href=\"https:\/\/www2.unifap.br\/cambientais\/elementor-1715\/\"> Continue Lendo <span class=\"meta-nav\">&rarr; <\/span><\/a><\/p>\n","protected":false},"author":297,"featured_media":0,"parent":0,"menu_order":0,"comment_status":"closed","ping_status":"closed","template":"","meta":{"inline_featured_image":false,"ngg_post_thumbnail":0,"footnotes":""},"class_list":["post-1715","page","type-page","status-publish","hentry"],"_links":{"self":[{"href":"https:\/\/www2.unifap.br\/cambientais\/wp-json\/wp\/v2\/pages\/1715","targetHints":{"allow":["GET"]}}],"collection":[{"href":"https:\/\/www2.unifap.br\/cambientais\/wp-json\/wp\/v2\/pages"}],"about":[{"href":"https:\/\/www2.unifap.br\/cambientais\/wp-json\/wp\/v2\/types\/page"}],"author":[{"embeddable":true,"href":"https:\/\/www2.unifap.br\/cambientais\/wp-json\/wp\/v2\/users\/297"}],"replies":[{"embeddable":true,"href":"https:\/\/www2.unifap.br\/cambientais\/wp-json\/wp\/v2\/comments?post=1715"}],"version-history":[{"count":74,"href":"https:\/\/www2.unifap.br\/cambientais\/wp-json\/wp\/v2\/pages\/1715\/revisions"}],"predecessor-version":[{"id":4942,"href":"https:\/\/www2.unifap.br\/cambientais\/wp-json\/wp\/v2\/pages\/1715\/revisions\/4942"}],"wp:attachment":[{"href":"https:\/\/www2.unifap.br\/cambientais\/wp-json\/wp\/v2\/media?parent=1715"}],"curies":[{"name":"wp","href":"https:\/\/api.w.org\/{rel}","templated":true}]}}