{"id":619,"date":"2013-12-17T20:25:43","date_gmt":"2013-12-17T20:25:43","guid":{"rendered":"http:\/\/www2.unifap.br\/cambientais\/?page_id=619"},"modified":"2023-03-27T20:11:51","modified_gmt":"2023-03-27T20:11:51","slug":"normas-e-resolucoes","status":"publish","type":"page","link":"https:\/\/www2.unifap.br\/cambientais\/normas-e-resolucoes\/","title":{"rendered":"Regimentos Internos"},"content":{"rendered":"\t\t<div data-elementor-type=\"wp-page\" data-elementor-id=\"619\" class=\"elementor elementor-619\">\n\t\t\t\t\t\t<section class=\"elementor-section elementor-top-section elementor-element elementor-element-0e65278 elementor-section-boxed elementor-section-height-default elementor-section-height-default\" data-id=\"0e65278\" data-element_type=\"section\" data-e-type=\"section\">\n\t\t\t\t\t\t<div class=\"elementor-container elementor-column-gap-default\">\n\t\t\t\t\t<div class=\"elementor-column elementor-col-100 elementor-top-column elementor-element elementor-element-8be98a2\" data-id=\"8be98a2\" data-element_type=\"column\" data-e-type=\"column\">\n\t\t\t<div class=\"elementor-widget-wrap elementor-element-populated\">\n\t\t\t\t\t\t<div class=\"elementor-element elementor-element-ceed690 elementor-widget elementor-widget-text-editor\" data-id=\"ceed690\" data-element_type=\"widget\" data-e-type=\"widget\" data-widget_type=\"text-editor.default\">\n\t\t\t\t<div class=\"elementor-widget-container\">\n\t\t\t\t\t\t\t\t\t<ul><li><a href=\"http:\/\/www2.unifap.br\/cambientais\/files\/2023\/03\/Regimento-interno-do-Curso-de-Bacharelado-em-Ciencias-Ambientais-1.pdf\"><strong>Regimento interno do Curso de Bacharelado em Ci\u00eancias Ambientais<\/strong><\/a><\/li><li><strong><a href=\"http:\/\/www2.unifap.br\/cambientais\/files\/2023\/03\/Regulamento-para-o-funcionamento-do-Nucleo-Docente-Estruturante-do-Curso-de-Bacharelado-em-Ciencias-Ambientais.pdf\">Regulamento para o funcionamento do N\u00facleo Docente Estruturante &#8211; NDE<\/a><\/strong><\/li><li><strong><a href=\"http:\/\/www2.unifap.br\/cambientais\/files\/2023\/03\/Regulamento-para-Atividades-Complementares-\u2013-AC-do-Curso-de-Bacharelado-em-Ciencias-Ambientais.pdf\">Regulamento para Atividades Complementares \u2013 ACC<\/a><\/strong><\/li><li><strong><a href=\"http:\/\/www2.unifap.br\/cambientais\/files\/2023\/03\/Regulamento-para-realizacao-do-Estagio-Supervisionado-do-curso-de-Bacharelado-em-Ciencias-Ambientais.pdf\">Regulamento para realiza\u00e7\u00e3o do Est\u00e1gio Supervisionado Obrigat\u00f3rio &#8211; ESO<\/a><\/strong><\/li><li><strong><a href=\"http:\/\/www2.unifap.br\/cambientais\/files\/2023\/03\/Regulamento-para-realizacao-do-Trabalho-de-Conclusao-de-Curso-TCC^J-do-Curso-de-Bacharelado-em-Ciencias-Ambientais-2.pdf\">Regulamento-para-realizacao-do-Trabalho-de-Conclusao-de-Curso-TCC<\/a><\/strong><\/li><\/ul>\t\t\t\t\t\t\t\t<\/div>\n\t\t\t\t<\/div>\n\t\t\t\t\t<\/div>\n\t\t<\/div>\n\t\t\t\t\t<\/div>\n\t\t<\/section>\n\t\t\t\t<section class=\"elementor-section elementor-top-section elementor-element elementor-element-f1e6ee8 elementor-section-boxed elementor-section-height-default elementor-section-height-default\" data-id=\"f1e6ee8\" data-element_type=\"section\" data-e-type=\"section\">\n\t\t\t\t\t\t<div class=\"elementor-container elementor-column-gap-default\">\n\t\t\t\t\t<div class=\"elementor-column elementor-col-100 elementor-top-column elementor-element elementor-element-5d9f241\" data-id=\"5d9f241\" data-element_type=\"column\" data-e-type=\"column\">\n\t\t\t<div class=\"elementor-widget-wrap elementor-element-populated\">\n\t\t\t\t\t\t<div class=\"elementor-element elementor-element-837b1da elementor-widget-divider--view-line elementor-widget elementor-widget-divider\" data-id=\"837b1da\" data-element_type=\"widget\" data-e-type=\"widget\" data-widget_type=\"divider.default\">\n\t\t\t\t<div class=\"elementor-widget-container\">\n\t\t\t\t\t\t\t<div class=\"elementor-divider\">\n\t\t\t<span class=\"elementor-divider-separator\">\n\t\t\t\t\t\t<\/span>\n\t\t<\/div>\n\t\t\t\t\t\t<\/div>\n\t\t\t\t<\/div>\n\t\t\t\t\t<\/div>\n\t\t<\/div>\n\t\t\t\t\t<\/div>\n\t\t<\/section>\n\t\t\t\t<section class=\"elementor-section elementor-top-section elementor-element elementor-element-658533db elementor-section-boxed elementor-section-height-default elementor-section-height-default\" data-id=\"658533db\" data-element_type=\"section\" data-e-type=\"section\">\n\t\t\t\t\t\t<div class=\"elementor-container elementor-column-gap-default\">\n\t\t\t\t\t<div class=\"elementor-column elementor-col-100 elementor-top-column elementor-element elementor-element-556e4630\" data-id=\"556e4630\" data-element_type=\"column\" data-e-type=\"column\">\n\t\t\t<div class=\"elementor-widget-wrap elementor-element-populated\">\n\t\t\t\t\t\t<div class=\"elementor-element elementor-element-2c89b2aa elementor-button-info elementor-align-left elementor-widget elementor-widget-button\" data-id=\"2c89b2aa\" data-element_type=\"widget\" data-e-type=\"widget\" data-widget_type=\"button.default\">\n\t\t\t\t<div class=\"elementor-widget-container\">\n\t\t\t\t\t\t\t\t\t<div class=\"elementor-button-wrapper\">\n\t\t\t\t\t<a class=\"elementor-button elementor-button-link elementor-size-md\" href=\"https:\/\/www2.unifap.br\/cambientais\">\n\t\t\t\t\t\t<span class=\"elementor-button-content-wrapper\">\n\t\t\t\t\t\t<span class=\"elementor-button-icon\">\n\t\t\t\t<i aria-hidden=\"true\" class=\"fas fa-home\"><\/i>\t\t\t<\/span>\n\t\t\t\t\t\t\t\t\t<span class=\"elementor-button-text\">In\u00edcio<\/span>\n\t\t\t\t\t<\/span>\n\t\t\t\t\t<\/a>\n\t\t\t\t<\/div>\n\t\t\t\t\t\t\t\t<\/div>\n\t\t\t\t<\/div>\n\t\t\t\t\t<\/div>\n\t\t<\/div>\n\t\t\t\t\t<\/div>\n\t\t<\/section>\n\t\t\t\t<\/div>\n\t\t","protected":false},"excerpt":{"rendered":"<p>Regimento interno do Curso de Bacharelado em Ci\u00eancias Ambientais Regulamento para o funcionamento do N\u00facleo Docente Estruturante &#8211; NDE Regulamento para Atividades Complementares \u2013 ACC Regulamento para realiza\u00e7\u00e3o do Est\u00e1gio Supervisionado Obrigat\u00f3rio &#8211; ESO Regulamento-para-realizacao-do-Trabalho-de-Conclusao-de-Curso-TCC In\u00edcio<\/p>\n","protected":false},"author":309,"featured_media":0,"parent":0,"menu_order":0,"comment_status":"open","ping_status":"open","template":"","meta":{"inline_featured_image":false,"ngg_post_thumbnail":0,"footnotes":""},"class_list":["post-619","page","type-page","status-publish","hentry"],"_links":{"self":[{"href":"https:\/\/www2.unifap.br\/cambientais\/wp-json\/wp\/v2\/pages\/619","targetHints":{"allow":["GET"]}}],"collection":[{"href":"https:\/\/www2.unifap.br\/cambientais\/wp-json\/wp\/v2\/pages"}],"about":[{"href":"https:\/\/www2.unifap.br\/cambientais\/wp-json\/wp\/v2\/types\/page"}],"author":[{"embeddable":true,"href":"https:\/\/www2.unifap.br\/cambientais\/wp-json\/wp\/v2\/users\/309"}],"replies":[{"embeddable":true,"href":"https:\/\/www2.unifap.br\/cambientais\/wp-json\/wp\/v2\/comments?post=619"}],"version-history":[{"count":53,"href":"https:\/\/www2.unifap.br\/cambientais\/wp-json\/wp\/v2\/pages\/619\/revisions"}],"predecessor-version":[{"id":2779,"href":"https:\/\/www2.unifap.br\/cambientais\/wp-json\/wp\/v2\/pages\/619\/revisions\/2779"}],"wp:attachment":[{"href":"https:\/\/www2.unifap.br\/cambientais\/wp-json\/wp\/v2\/media?parent=619"}],"curies":[{"name":"wp","href":"https:\/\/api.w.org\/{rel}","templated":true}]}}