{"id":2913,"date":"2021-11-16T20:02:49","date_gmt":"2021-11-16T20:02:49","guid":{"rendered":"http:\/\/www2.unifap.br\/ccomputacao\/?page_id=2913"},"modified":"2022-08-16T18:54:08","modified_gmt":"2022-08-16T18:54:08","slug":"landing","status":"publish","type":"page","link":"https:\/\/www2.unifap.br\/ccomputacao\/","title":{"rendered":""},"content":{"rendered":"\t\t<div data-elementor-type=\"wp-page\" data-elementor-id=\"2913\" class=\"elementor elementor-2913\">\n\t\t\t\t\t\t<section class=\"elementor-section elementor-top-section elementor-element elementor-element-387366b elementor-section-full_width elementor-section-height-default elementor-section-height-default\" data-id=\"387366b\" data-element_type=\"section\" data-e-type=\"section\" data-settings=\"{&quot;background_background&quot;:&quot;gradient&quot;}\">\n\t\t\t\t\t\t\t<div class=\"elementor-background-overlay\"><\/div>\n\t\t\t\t\t\t\t<div class=\"elementor-container elementor-column-gap-wider\">\n\t\t\t\t\t<div class=\"elementor-column elementor-col-33 elementor-top-column elementor-element elementor-element-8e09589\" data-id=\"8e09589\" data-element_type=\"column\" data-e-type=\"column\">\n\t\t\t<div class=\"elementor-widget-wrap elementor-element-populated\">\n\t\t\t\t\t\t<div class=\"elementor-element elementor-element-893c8db elementor-widget elementor-widget-heading\" data-id=\"893c8db\" data-element_type=\"widget\" data-e-type=\"widget\" data-widget_type=\"heading.default\">\n\t\t\t\t<div class=\"elementor-widget-container\">\n\t\t\t\t\t<h1 class=\"elementor-heading-title elementor-size-xl\">Apresenta\u00e7\u00e3o do curso<\/h1>\t\t\t\t<\/div>\n\t\t\t\t<\/div>\n\t\t\t\t<div class=\"elementor-element elementor-element-2c9d3f7 elementor-widget elementor-widget-text-editor\" data-id=\"2c9d3f7\" data-element_type=\"widget\" data-e-type=\"widget\" data-widget_type=\"text-editor.default\">\n\t\t\t\t<div class=\"elementor-widget-container\">\n\t\t\t\t\t\t\t\t\t<p><span style=\"color: #ffffff\">A forma\u00e7\u00e3o do discente abrange a compreens\u00e3o do campo cient\u00edfico da computa\u00e7\u00e3o, buscando a sua aplica\u00e7\u00e3o na solu\u00e7\u00e3o de problemas da sociedade e no desenvolvimento de conhecimento e tecnologias que permitam a evolu\u00e7\u00e3o da computa\u00e7\u00e3o.<\/span><\/p>\t\t\t\t\t\t\t\t<\/div>\n\t\t\t\t<\/div>\n\t\t\t\t<div class=\"elementor-element elementor-element-c4e6e1a elementor-button-info elementor-align-center elementor-widget elementor-widget-button\" data-id=\"c4e6e1a\" data-element_type=\"widget\" data-e-type=\"widget\" data-widget_type=\"button.default\">\n\t\t\t\t<div class=\"elementor-widget-container\">\n\t\t\t\t\t\t\t\t\t<div class=\"elementor-button-wrapper\">\n\t\t\t\t\t<a class=\"elementor-button elementor-button-link elementor-size-sm\" href=\"https:\/\/www2.unifap.br\/ccomputacao\/o-curso\/\">\n\t\t\t\t\t\t<span class=\"elementor-button-content-wrapper\">\n\t\t\t\t\t\t\t\t\t<span class=\"elementor-button-text\">Saiba mais<\/span>\n\t\t\t\t\t<\/span>\n\t\t\t\t\t<\/a>\n\t\t\t\t<\/div>\n\t\t\t\t\t\t\t\t<\/div>\n\t\t\t\t<\/div>\n\t\t\t\t\t<\/div>\n\t\t<\/div>\n\t\t\t\t<div class=\"elementor-column elementor-col-66 elementor-top-column elementor-element elementor-element-bfe33eb\" data-id=\"bfe33eb\" data-element_type=\"column\" data-e-type=\"column\">\n\t\t\t<div class=\"elementor-widget-wrap elementor-element-populated\">\n\t\t\t\t\t\t<div class=\"elementor-element elementor-element-95b4385 elementor-widget elementor-widget-image\" data-id=\"95b4385\" data-element_type=\"widget\" data-e-type=\"widget\" data-widget_type=\"image.default\">\n\t\t\t\t<div class=\"elementor-widget-container\">\n\t\t\t\t\t\t\t\t\t\t\t\t\t\t\t<img fetchpriority=\"high\" decoding=\"async\" width=\"1024\" height=\"389\" src=\"http:\/\/www2.unifap.br\/ccomputacao\/files\/2021\/04\/bloco-1024x389.jpg\" class=\"attachment-large size-large wp-image-2690\" alt=\"\" srcset=\"http:\/\/www2.unifap.br\/ccomputacao\/files\/2021\/04\/bloco-1024x389.jpg 1024w, http:\/\/www2.unifap.br\/ccomputacao\/files\/2021\/04\/bloco-300x114.jpg 300w, http:\/\/www2.unifap.br\/ccomputacao\/files\/2021\/04\/bloco-768x292.jpg 768w, http:\/\/www2.unifap.br\/ccomputacao\/files\/2021\/04\/bloco-1536x584.jpg 1536w, http:\/\/www2.unifap.br\/ccomputacao\/files\/2021\/04\/bloco-2048x779.jpg 2048w\" sizes=\"(max-width: 1024px) 100vw, 1024px\" \/>\t\t\t\t\t\t\t\t\t\t\t\t\t\t\t<\/div>\n\t\t\t\t<\/div>\n\t\t\t\t\t<\/div>\n\t\t<\/div>\n\t\t\t\t\t<\/div>\n\t\t<\/section>\n\t\t\t\t<section class=\"elementor-section elementor-top-section elementor-element elementor-element-fef8b72 elementor-section-boxed elementor-section-height-default elementor-section-height-default\" data-id=\"fef8b72\" data-element_type=\"section\" data-e-type=\"section\">\n\t\t\t\t\t\t<div class=\"elementor-container elementor-column-gap-default\">\n\t\t\t\t\t<div class=\"elementor-column elementor-col-100 elementor-top-column elementor-element elementor-element-f3a7677\" data-id=\"f3a7677\" data-element_type=\"column\" data-e-type=\"column\">\n\t\t\t<div class=\"elementor-widget-wrap elementor-element-populated\">\n\t\t\t\t\t\t<div class=\"elementor-element elementor-element-0755939 elementor-widget elementor-widget-heading\" data-id=\"0755939\" data-element_type=\"widget\" data-e-type=\"widget\" data-widget_type=\"heading.default\">\n\t\t\t\t<div class=\"elementor-widget-container\">\n\t\t\t\t\t<h1 class=\"elementor-heading-title elementor-size-large\">PORTAIS DE ACESSO<\/h1>\t\t\t\t<\/div>\n\t\t\t\t<\/div>\n\t\t\t\t\t<\/div>\n\t\t<\/div>\n\t\t\t\t\t<\/div>\n\t\t<\/section>\n\t\t\t\t<section class=\"elementor-section elementor-top-section elementor-element elementor-element-19fe949 elementor-section-boxed elementor-section-height-default elementor-section-height-default\" data-id=\"19fe949\" data-element_type=\"section\" data-e-type=\"section\">\n\t\t\t\t\t\t<div class=\"elementor-container elementor-column-gap-default\">\n\t\t\t\t\t<div class=\"elementor-column elementor-col-33 elementor-top-column elementor-element elementor-element-3183774\" data-id=\"3183774\" data-element_type=\"column\" data-e-type=\"column\">\n\t\t\t<div class=\"elementor-widget-wrap elementor-element-populated\">\n\t\t\t\t\t\t<div class=\"elementor-element elementor-element-8c7e7f9 elementor-view-default elementor-position-block-start elementor-mobile-position-block-start elementor-widget elementor-widget-icon-box\" data-id=\"8c7e7f9\" data-element_type=\"widget\" data-e-type=\"widget\" data-widget_type=\"icon-box.default\">\n\t\t\t\t<div class=\"elementor-widget-container\">\n\t\t\t\t\t\t\t<div class=\"elementor-icon-box-wrapper\">\n\n\t\t\t\t\t\t<div class=\"elementor-icon-box-icon\">\n\t\t\t\t<a href=\"https:\/\/www2.unifap.br\/ccomputacao\/portal-docente\/\" class=\"elementor-icon\" tabindex=\"-1\" aria-label=\"PORTAL DOCENTE\">\n\t\t\t\t<i aria-hidden=\"true\" class=\"fas fa-chalkboard-teacher\"><\/i>\t\t\t\t<\/a>\n\t\t\t<\/div>\n\t\t\t\n\t\t\t\t\t\t<div class=\"elementor-icon-box-content\">\n\n\t\t\t\t\t\t\t\t\t<h3 class=\"elementor-icon-box-title\">\n\t\t\t\t\t\t<a href=\"https:\/\/www2.unifap.br\/ccomputacao\/portal-docente\/\" >\n\t\t\t\t\t\t\tPORTAL DOCENTE\t\t\t\t\t\t<\/a>\n\t\t\t\t\t<\/h3>\n\t\t\t\t\n\t\t\t\t\n\t\t\t<\/div>\n\t\t\t\n\t\t<\/div>\n\t\t\t\t\t\t<\/div>\n\t\t\t\t<\/div>\n\t\t\t\t\t<\/div>\n\t\t<\/div>\n\t\t\t\t<div class=\"elementor-column elementor-col-33 elementor-top-column elementor-element elementor-element-e520118\" data-id=\"e520118\" data-element_type=\"column\" data-e-type=\"column\">\n\t\t\t<div class=\"elementor-widget-wrap elementor-element-populated\">\n\t\t\t\t\t\t<div class=\"elementor-element elementor-element-65f11e3 elementor-view-default elementor-position-block-start elementor-mobile-position-block-start elementor-widget elementor-widget-icon-box\" data-id=\"65f11e3\" data-element_type=\"widget\" data-e-type=\"widget\" data-widget_type=\"icon-box.default\">\n\t\t\t\t<div class=\"elementor-widget-container\">\n\t\t\t\t\t\t\t<div class=\"elementor-icon-box-wrapper\">\n\n\t\t\t\t\t\t<div class=\"elementor-icon-box-icon\">\n\t\t\t\t<a href=\"https:\/\/www2.unifap.br\/ccomputacao\/portal-academico\/\" class=\"elementor-icon\" tabindex=\"-1\" aria-label=\"PORTAL ACAD\u00caMICO\">\n\t\t\t\t<i aria-hidden=\"true\" class=\"fas fa-graduation-cap\"><\/i>\t\t\t\t<\/a>\n\t\t\t<\/div>\n\t\t\t\n\t\t\t\t\t\t<div class=\"elementor-icon-box-content\">\n\n\t\t\t\t\t\t\t\t\t<h3 class=\"elementor-icon-box-title\">\n\t\t\t\t\t\t<a href=\"https:\/\/www2.unifap.br\/ccomputacao\/portal-academico\/\" >\n\t\t\t\t\t\t\tPORTAL ACAD\u00caMICO\t\t\t\t\t\t<\/a>\n\t\t\t\t\t<\/h3>\n\t\t\t\t\n\t\t\t\t\n\t\t\t<\/div>\n\t\t\t\n\t\t<\/div>\n\t\t\t\t\t\t<\/div>\n\t\t\t\t<\/div>\n\t\t\t\t\t<\/div>\n\t\t<\/div>\n\t\t\t\t<div class=\"elementor-column elementor-col-33 elementor-top-column elementor-element elementor-element-adf07fe\" data-id=\"adf07fe\" data-element_type=\"column\" data-e-type=\"column\">\n\t\t\t<div class=\"elementor-widget-wrap elementor-element-populated\">\n\t\t\t\t\t\t<div class=\"elementor-element elementor-element-e105307 elementor-view-default elementor-position-block-start elementor-mobile-position-block-start elementor-widget elementor-widget-icon-box\" data-id=\"e105307\" data-element_type=\"widget\" data-e-type=\"widget\" data-widget_type=\"icon-box.default\">\n\t\t\t\t<div class=\"elementor-widget-container\">\n\t\t\t\t\t\t\t<div class=\"elementor-icon-box-wrapper\">\n\n\t\t\t\t\t\t<div class=\"elementor-icon-box-icon\">\n\t\t\t\t<a href=\"https:\/\/www2.unifap.br\/ccomputacao\/portal-administrativo\/\" class=\"elementor-icon\" tabindex=\"-1\" aria-label=\"PORTAL ADMINISTRATIVO\">\n\t\t\t\t<i aria-hidden=\"true\" class=\"far fa-folder-open\"><\/i>\t\t\t\t<\/a>\n\t\t\t<\/div>\n\t\t\t\n\t\t\t\t\t\t<div class=\"elementor-icon-box-content\">\n\n\t\t\t\t\t\t\t\t\t<h3 class=\"elementor-icon-box-title\">\n\t\t\t\t\t\t<a href=\"https:\/\/www2.unifap.br\/ccomputacao\/portal-administrativo\/\" >\n\t\t\t\t\t\t\tPORTAL ADMINISTRATIVO\t\t\t\t\t\t<\/a>\n\t\t\t\t\t<\/h3>\n\t\t\t\t\n\t\t\t\t\n\t\t\t<\/div>\n\t\t\t\n\t\t<\/div>\n\t\t\t\t\t\t<\/div>\n\t\t\t\t<\/div>\n\t\t\t\t\t<\/div>\n\t\t<\/div>\n\t\t\t\t\t<\/div>\n\t\t<\/section>\n\t\t\t\t<section class=\"elementor-section elementor-top-section elementor-element elementor-element-af85741 elementor-section-boxed elementor-section-height-default elementor-section-height-default\" data-id=\"af85741\" data-element_type=\"section\" data-e-type=\"section\">\n\t\t\t\t\t\t<div class=\"elementor-container elementor-column-gap-default\">\n\t\t\t\t\t<div class=\"elementor-column elementor-col-100 elementor-top-column elementor-element elementor-element-7258569\" data-id=\"7258569\" data-element_type=\"column\" data-e-type=\"column\">\n\t\t\t<div class=\"elementor-widget-wrap elementor-element-populated\">\n\t\t\t\t\t\t<div class=\"elementor-element elementor-element-93f4b38 elementor-widget elementor-widget-heading\" data-id=\"93f4b38\" data-element_type=\"widget\" data-e-type=\"widget\" data-widget_type=\"heading.default\">\n\t\t\t\t<div class=\"elementor-widget-container\">\n\t\t\t\t\t<h1 class=\"elementor-heading-title elementor-size-large\">NOT\u00cdCIAS<\/h1>\t\t\t\t<\/div>\n\t\t\t\t<\/div>\n\t\t\t\t\t<\/div>\n\t\t<\/div>\n\t\t\t\t\t<\/div>\n\t\t<\/section>\n\t\t\t\t<section class=\"elementor-section elementor-top-section elementor-element elementor-element-e3a944c elementor-section-boxed elementor-section-height-default elementor-section-height-default\" data-id=\"e3a944c\" data-element_type=\"section\" data-e-type=\"section\">\n\t\t\t\t\t\t<div class=\"elementor-container elementor-column-gap-default\">\n\t\t\t\t\t<div class=\"elementor-column elementor-col-100 elementor-top-column elementor-element elementor-element-f941dd3\" data-id=\"f941dd3\" data-element_type=\"column\" data-e-type=\"column\">\n\t\t\t<div class=\"elementor-widget-wrap elementor-element-populated\">\n\t\t\t\t\t\t<div class=\"elementor-element elementor-element-872bd69 elementor-grid-eael-col-4 elementor-grid-tablet-eael-col-2 elementor-grid-mobile-eael-col-1 elementor-widget elementor-widget-eael-post-grid\" data-id=\"872bd69\" data-element_type=\"widget\" data-e-type=\"widget\" data-settings=\"{&quot;eael_post_grid_columns&quot;:&quot;eael-col-4&quot;,&quot;eael_post_grid_columns_tablet&quot;:&quot;eael-col-2&quot;,&quot;eael_post_grid_columns_mobile&quot;:&quot;eael-col-1&quot;}\" data-widget_type=\"eael-post-grid.default\">\n\t\t\t\t<div class=\"elementor-widget-container\">\n\t\t\t\t\t<div id=\"eael-post-grid-872bd69\" class=\"eael-post-grid-container\">\n            <div class=\"eael-post-grid eael-post-appender eael-post-appender-872bd69 eael-post-grid-style-one\" data-layout-mode=\"masonry\"><article class=\"eael-grid-post eael-post-grid-column\" data-id=\"4451\">\n        <div class=\"eael-grid-post-holder\">\n            <div class=\"eael-grid-post-holder-inner\"><div class=\"eael-entry-media\"><div class=\"eael-entry-overlay fade-in\"><i class=\"fas fa-long-arrow-alt-right\" aria-hidden=\"true\"><\/i><a href=\"https:\/\/www2.unifap.br\/ccomputacao\/2024\/02\/02\/palestra-desafios-amazonia-sustentavel\/\"><\/a><\/div><div class=\"eael-entry-thumbnail \">\n                <img decoding=\"async\" width=\"300\" height=\"300\" src=\"https:\/\/www2.unifap.br\/ccomputacao\/files\/2024\/02\/palestra-eduardo-cerqueira-300x300.jpeg\" class=\"attachment-medium size-medium wp-image-4452\" alt=\"\" srcset=\"https:\/\/www2.unifap.br\/ccomputacao\/files\/2024\/02\/palestra-eduardo-cerqueira-300x300.jpeg 300w, https:\/\/www2.unifap.br\/ccomputacao\/files\/2024\/02\/palestra-eduardo-cerqueira-1024x1024.jpeg 1024w, https:\/\/www2.unifap.br\/ccomputacao\/files\/2024\/02\/palestra-eduardo-cerqueira-150x150.jpeg 150w, https:\/\/www2.unifap.br\/ccomputacao\/files\/2024\/02\/palestra-eduardo-cerqueira-768x768.jpeg 768w, https:\/\/www2.unifap.br\/ccomputacao\/files\/2024\/02\/palestra-eduardo-cerqueira-600x600.jpeg 600w, https:\/\/www2.unifap.br\/ccomputacao\/files\/2024\/02\/palestra-eduardo-cerqueira.jpeg 1080w\" sizes=\"(max-width: 300px) 100vw, 300px\" \/>\n            <\/div>\n        <\/div><div class=\"eael-entry-wrapper\"><header class=\"eael-entry-header\"><h2 class=\"eael-entry-title\"><a class=\"eael-grid-post-link\" href=\"https:\/\/www2.unifap.br\/ccomputacao\/2024\/02\/02\/palestra-desafios-amazonia-sustentavel\/\" title=\"PALESTRA: Desafios e Oportunidades para o Desenvolvimento de Solu\u00e7\u00f5es Tecnol\u00f3gicas para uma Amaz\u00f4nia Sustent\u00e1vel\">PALESTRA: Desafios e Oportunidades para o Desenvolvimento de Solu\u00e7\u00f5es Tecnol\u00f3gicas para uma Amaz\u00f4nia Sustent\u00e1vel<\/a><\/h2><\/header><div class=\"eael-entry-content\">\n                        <div class=\"eael-grid-post-excerpt\"><p>Palestrante: Prof. Dr. Eduardo Cerqueira (Professor Associado &#8211; ITEC \u2013...<\/p><a href=\"https:\/\/www2.unifap.br\/ccomputacao\/2024\/02\/02\/palestra-desafios-amazonia-sustentavel\/\" class=\"eael-post-elements-readmore-btn\">Leia mais<\/a><\/div>\n                    <\/div><div class=\"eael-entry-footer\"><div class=\"eael-entry-meta\"><span class=\"eael-posted-on\"><time datetime=\"2 de fevereiro de 2024\">2 de fevereiro de 2024<\/time><\/span><\/div><\/div><\/div><\/div>\n        <\/div>\n    <\/article><article class=\"eael-grid-post eael-post-grid-column\" data-id=\"4439\">\n        <div class=\"eael-grid-post-holder\">\n            <div class=\"eael-grid-post-holder-inner\"><div class=\"eael-entry-media\"><div class=\"eael-entry-overlay fade-in\"><i class=\"fas fa-long-arrow-alt-right\" aria-hidden=\"true\"><\/i><a href=\"https:\/\/www2.unifap.br\/ccomputacao\/2023\/11\/13\/capacitacao-de-recursos-humanos-em-inteligencia-artificial-com-foco-no-desenvolvimento-sustentavel-na-amazonia\/\"><\/a><\/div><div class=\"eael-entry-thumbnail \">\n                <img decoding=\"async\" width=\"300\" height=\"300\" src=\"https:\/\/www2.unifap.br\/ccomputacao\/files\/2023\/11\/capcaitacao_ia-300x300.jpeg\" class=\"attachment-medium size-medium wp-image-4440\" alt=\"\" srcset=\"https:\/\/www2.unifap.br\/ccomputacao\/files\/2023\/11\/capcaitacao_ia-300x300.jpeg 300w, https:\/\/www2.unifap.br\/ccomputacao\/files\/2023\/11\/capcaitacao_ia-150x150.jpeg 150w, https:\/\/www2.unifap.br\/ccomputacao\/files\/2023\/11\/capcaitacao_ia-768x766.jpeg 768w, https:\/\/www2.unifap.br\/ccomputacao\/files\/2023\/11\/capcaitacao_ia-600x600.jpeg 600w, https:\/\/www2.unifap.br\/ccomputacao\/files\/2023\/11\/capcaitacao_ia.jpeg 1003w\" sizes=\"(max-width: 300px) 100vw, 300px\" \/>\n            <\/div>\n        <\/div><div class=\"eael-entry-wrapper\"><header class=\"eael-entry-header\"><h2 class=\"eael-entry-title\"><a class=\"eael-grid-post-link\" href=\"https:\/\/www2.unifap.br\/ccomputacao\/2023\/11\/13\/capacitacao-de-recursos-humanos-em-inteligencia-artificial-com-foco-no-desenvolvimento-sustentavel-na-amazonia\/\" title=\"Capacita\u00e7\u00e3o de Recursos Humanos em Intelig\u00eancia Artificial com Foco no Desenvolvimento Sustent\u00e1vel na Amaz\u00f4nia\">Capacita\u00e7\u00e3o de Recursos Humanos em Intelig\u00eancia Artificial com Foco no Desenvolvimento Sustent\u00e1vel na Amaz\u00f4nia<\/a><\/h2><\/header><div class=\"eael-entry-content\">\n                        <div class=\"eael-grid-post-excerpt\"><p>O Colegiado do Curso de Engenharia El\u00e9trica, em parceria com...<\/p><a href=\"https:\/\/www2.unifap.br\/ccomputacao\/2023\/11\/13\/capacitacao-de-recursos-humanos-em-inteligencia-artificial-com-foco-no-desenvolvimento-sustentavel-na-amazonia\/\" class=\"eael-post-elements-readmore-btn\">Leia mais<\/a><\/div>\n                    <\/div><div class=\"eael-entry-footer\"><div class=\"eael-entry-meta\"><span class=\"eael-posted-on\"><time datetime=\"13 de novembro de 2023\">13 de novembro de 2023<\/time><\/span><\/div><\/div><\/div><\/div>\n        <\/div>\n    <\/article><article class=\"eael-grid-post eael-post-grid-column\" data-id=\"4434\">\n        <div class=\"eael-grid-post-holder\">\n            <div class=\"eael-grid-post-holder-inner\"><div class=\"eael-entry-media\"><div class=\"eael-entry-overlay fade-in\"><i class=\"fas fa-long-arrow-alt-right\" aria-hidden=\"true\"><\/i><a href=\"https:\/\/www2.unifap.br\/ccomputacao\/2023\/11\/09\/ajuste-de-matricula-2023-2\/\"><\/a><\/div><div class=\"eael-entry-thumbnail \">\n                <img loading=\"lazy\" decoding=\"async\" width=\"300\" height=\"300\" src=\"https:\/\/www2.unifap.br\/ccomputacao\/files\/2023\/11\/ajuste_matricula-300x300.png\" class=\"attachment-medium size-medium wp-image-4435\" alt=\"\" srcset=\"https:\/\/www2.unifap.br\/ccomputacao\/files\/2023\/11\/ajuste_matricula-300x300.png 300w, https:\/\/www2.unifap.br\/ccomputacao\/files\/2023\/11\/ajuste_matricula-1024x1024.png 1024w, https:\/\/www2.unifap.br\/ccomputacao\/files\/2023\/11\/ajuste_matricula-150x150.png 150w, https:\/\/www2.unifap.br\/ccomputacao\/files\/2023\/11\/ajuste_matricula-768x768.png 768w, https:\/\/www2.unifap.br\/ccomputacao\/files\/2023\/11\/ajuste_matricula-600x600.png 600w, https:\/\/www2.unifap.br\/ccomputacao\/files\/2023\/11\/ajuste_matricula.png 1080w\" sizes=\"(max-width: 300px) 100vw, 300px\" \/>\n            <\/div>\n        <\/div><div class=\"eael-entry-wrapper\"><header class=\"eael-entry-header\"><h2 class=\"eael-entry-title\"><a class=\"eael-grid-post-link\" href=\"https:\/\/www2.unifap.br\/ccomputacao\/2023\/11\/09\/ajuste-de-matricula-2023-2\/\" title=\"Ajuste de Matr\u00edcula &#8211; 2023.2\">Ajuste de Matr\u00edcula &#8211; 2023.2<\/a><\/h2><\/header><div class=\"eael-entry-content\">\n                        <div class=\"eael-grid-post-excerpt\"><p>A Coordena\u00e7\u00e3o do Curso de Ci\u00eancia da Computa\u00e7\u00e3o informa que...<\/p><a href=\"https:\/\/www2.unifap.br\/ccomputacao\/2023\/11\/09\/ajuste-de-matricula-2023-2\/\" class=\"eael-post-elements-readmore-btn\">Leia mais<\/a><\/div>\n                    <\/div><div class=\"eael-entry-footer\"><div class=\"eael-entry-meta\"><span class=\"eael-posted-on\"><time datetime=\"9 de novembro de 2023\">9 de novembro de 2023<\/time><\/span><\/div><\/div><\/div><\/div>\n        <\/div>\n    <\/article><article class=\"eael-grid-post eael-post-grid-column\" data-id=\"4426\">\n        <div class=\"eael-grid-post-holder\">\n            <div class=\"eael-grid-post-holder-inner\"><div class=\"eael-entry-media\"><div class=\"eael-entry-overlay fade-in\"><i class=\"fas fa-long-arrow-alt-right\" aria-hidden=\"true\"><\/i><a href=\"https:\/\/www2.unifap.br\/ccomputacao\/2023\/11\/06\/i-simposio-cientifico-do-dcet\/\"><\/a><\/div><div class=\"eael-entry-thumbnail \">\n                <img loading=\"lazy\" decoding=\"async\" width=\"300\" height=\"300\" src=\"https:\/\/www2.unifap.br\/ccomputacao\/files\/2023\/11\/simposiodcet-300x300.png\" class=\"attachment-medium size-medium wp-image-4427\" alt=\"\" srcset=\"https:\/\/www2.unifap.br\/ccomputacao\/files\/2023\/11\/simposiodcet-300x300.png 300w, https:\/\/www2.unifap.br\/ccomputacao\/files\/2023\/11\/simposiodcet-1024x1024.png 1024w, https:\/\/www2.unifap.br\/ccomputacao\/files\/2023\/11\/simposiodcet-150x150.png 150w, https:\/\/www2.unifap.br\/ccomputacao\/files\/2023\/11\/simposiodcet-768x768.png 768w, https:\/\/www2.unifap.br\/ccomputacao\/files\/2023\/11\/simposiodcet-600x600.png 600w, https:\/\/www2.unifap.br\/ccomputacao\/files\/2023\/11\/simposiodcet.png 1080w\" sizes=\"(max-width: 300px) 100vw, 300px\" \/>\n            <\/div>\n        <\/div><div class=\"eael-entry-wrapper\"><header class=\"eael-entry-header\"><h2 class=\"eael-entry-title\"><a class=\"eael-grid-post-link\" href=\"https:\/\/www2.unifap.br\/ccomputacao\/2023\/11\/06\/i-simposio-cientifico-do-dcet\/\" title=\"I Simp\u00f3sio Cient\u00edfico do DCET\">I Simp\u00f3sio Cient\u00edfico do DCET<\/a><\/h2><\/header><div class=\"eael-entry-content\">\n                        <div class=\"eael-grid-post-excerpt\"><p>Os alunos do Curso de Ci\u00eancia da Computa\u00e7\u00e3o est\u00e3o dispensados...<\/p><a href=\"https:\/\/www2.unifap.br\/ccomputacao\/2023\/11\/06\/i-simposio-cientifico-do-dcet\/\" class=\"eael-post-elements-readmore-btn\">Leia mais<\/a><\/div>\n                    <\/div><div class=\"eael-entry-footer\"><div class=\"eael-entry-meta\"><span class=\"eael-posted-on\"><time datetime=\"6 de novembro de 2023\">6 de novembro de 2023<\/time><\/span><\/div><\/div><\/div><\/div>\n        <\/div>\n    <\/article><\/div>\n            <div class=\"clearfix\"><\/div>\n        <\/div>            <div class=\"eael-load-more-button-wrap eael-force-hide\">\n                <button class=\"eael-load-more-button\" id=\"eael-load-more-btn-872bd69\" data-widget-id=\"872bd69\" data-widget=\"872bd69\" data-page-id=\"2913\" data-template=\"{&quot;dir&quot;:&quot;lite&quot;,&quot;file_name&quot;:&quot;one.php&quot;,&quot;name&quot;:&quot;Post-Grid&quot;}\" data-class=\"Essential_Addons_Elementor\\Elements\\Post_Grid\" data-layout=\"masonry\" data-page=\"1\" data-args=\"orderby=date&amp;order=desc&amp;ignore_sticky_posts=1&amp;post_status=publish&amp;posts_per_page=4&amp;offset=0&amp;post_type=post\" data-max-page=\"37\">\n                    <span class=\"eael-btn-loader button__loader\"><\/span>\n                    <span class=\"eael_load_more_text\">Load More<\/span>\n                <\/button>\n            <\/div>\n            \t\t\t\t<\/div>\n\t\t\t\t<\/div>\n\t\t\t\t\t<\/div>\n\t\t<\/div>\n\t\t\t\t\t<\/div>\n\t\t<\/section>\n\t\t\t\t<section class=\"elementor-section elementor-top-section elementor-element elementor-element-a928c88 elementor-section-boxed elementor-section-height-default elementor-section-height-default\" data-id=\"a928c88\" data-element_type=\"section\" data-e-type=\"section\">\n\t\t\t\t\t\t<div class=\"elementor-container elementor-column-gap-default\">\n\t\t\t\t\t<div class=\"elementor-column elementor-col-100 elementor-top-column elementor-element elementor-element-32b70a3\" data-id=\"32b70a3\" data-element_type=\"column\" data-e-type=\"column\">\n\t\t\t<div class=\"elementor-widget-wrap elementor-element-populated\">\n\t\t\t\t\t\t<div class=\"elementor-element elementor-element-d0ba95b elementor-button-info elementor-align-center elementor-widget elementor-widget-button\" data-id=\"d0ba95b\" data-element_type=\"widget\" data-e-type=\"widget\" data-widget_type=\"button.default\">\n\t\t\t\t<div class=\"elementor-widget-container\">\n\t\t\t\t\t\t\t\t\t<div class=\"elementor-button-wrapper\">\n\t\t\t\t\t<a class=\"elementor-button elementor-button-link elementor-size-sm\" href=\"https:\/\/www2.unifap.br\/ccomputacao\/?post_type=post\">\n\t\t\t\t\t\t<span class=\"elementor-button-content-wrapper\">\n\t\t\t\t\t\t\t\t\t<span class=\"elementor-button-text\">MAIS NOT\u00cdCIAS<\/span>\n\t\t\t\t\t<\/span>\n\t\t\t\t\t<\/a>\n\t\t\t\t<\/div>\n\t\t\t\t\t\t\t\t<\/div>\n\t\t\t\t<\/div>\n\t\t\t\t\t<\/div>\n\t\t<\/div>\n\t\t\t\t\t<\/div>\n\t\t<\/section>\n\t\t\t\t<\/div>\n\t\t","protected":false},"excerpt":{"rendered":"<p>Apresenta\u00e7\u00e3o do curso A forma\u00e7\u00e3o do discente abrange a compreens\u00e3o do campo cient\u00edfico da computa\u00e7\u00e3o, buscando a sua aplica\u00e7\u00e3o na solu\u00e7\u00e3o de problemas da sociedade e no desenvolvimento de conhecimento e tecnologias que permitam a evolu\u00e7\u00e3o da computa\u00e7\u00e3o. Saiba mais PORTAIS DE ACESSO PORTAL DOCENTE PORTAL ACAD\u00caMICO PORTAL ADMINISTRATIVO NOT\u00cdCIAS Cancelamento de Disciplinas Informamos que&#8230;<\/p>\n","protected":false},"author":757,"featured_media":0,"parent":0,"menu_order":0,"comment_status":"closed","ping_status":"closed","template":"","meta":{"inline_featured_image":false,"ngg_post_thumbnail":0,"footnotes":""},"class_list":["post-2913","page","type-page","status-publish","hentry","entry","has-media"],"_links":{"self":[{"href":"https:\/\/www2.unifap.br\/ccomputacao\/wp-json\/wp\/v2\/pages\/2913","targetHints":{"allow":["GET"]}}],"collection":[{"href":"https:\/\/www2.unifap.br\/ccomputacao\/wp-json\/wp\/v2\/pages"}],"about":[{"href":"https:\/\/www2.unifap.br\/ccomputacao\/wp-json\/wp\/v2\/types\/page"}],"author":[{"embeddable":true,"href":"https:\/\/www2.unifap.br\/ccomputacao\/wp-json\/wp\/v2\/users\/757"}],"replies":[{"embeddable":true,"href":"https:\/\/www2.unifap.br\/ccomputacao\/wp-json\/wp\/v2\/comments?post=2913"}],"version-history":[{"count":110,"href":"https:\/\/www2.unifap.br\/ccomputacao\/wp-json\/wp\/v2\/pages\/2913\/revisions"}],"predecessor-version":[{"id":3563,"href":"https:\/\/www2.unifap.br\/ccomputacao\/wp-json\/wp\/v2\/pages\/2913\/revisions\/3563"}],"wp:attachment":[{"href":"https:\/\/www2.unifap.br\/ccomputacao\/wp-json\/wp\/v2\/media?parent=2913"}],"curies":[{"name":"wp","href":"https:\/\/api.w.org\/{rel}","templated":true}]}}