{"id":3359,"date":"2022-08-15T16:18:28","date_gmt":"2022-08-15T16:18:28","guid":{"rendered":"https:\/\/www2.unifap.br\/ccomputacao\/?page_id=3359"},"modified":"2022-09-20T16:34:15","modified_gmt":"2022-09-20T16:34:15","slug":"atividades-complementares","status":"publish","type":"page","link":"https:\/\/www2.unifap.br\/ccomputacao\/atividades-complementares\/","title":{"rendered":"ATIVIDADES COMPLEMENTARES"},"content":{"rendered":"\t\t<div data-elementor-type=\"wp-page\" data-elementor-id=\"3359\" class=\"elementor elementor-3359\">\n\t\t\t\t\t\t<section class=\"elementor-section elementor-top-section elementor-element elementor-element-7416cb9 elementor-section-boxed elementor-section-height-default elementor-section-height-default\" data-id=\"7416cb9\" data-element_type=\"section\" data-e-type=\"section\">\n\t\t\t\t\t\t<div class=\"elementor-container elementor-column-gap-default\">\n\t\t\t\t\t<div class=\"elementor-column elementor-col-100 elementor-top-column elementor-element elementor-element-287a48d\" data-id=\"287a48d\" data-element_type=\"column\" data-e-type=\"column\">\n\t\t\t<div class=\"elementor-widget-wrap elementor-element-populated\">\n\t\t\t\t\t\t<div class=\"elementor-element elementor-element-8199aaf elementor-widget elementor-widget-heading\" data-id=\"8199aaf\" data-element_type=\"widget\" data-e-type=\"widget\" data-widget_type=\"heading.default\">\n\t\t\t\t<div class=\"elementor-widget-container\">\n\t\t\t\t\t<h1 class=\"elementor-heading-title elementor-size-xl\">ATIVIDADES COMPLEMENTARES<\/h1>\t\t\t\t<\/div>\n\t\t\t\t<\/div>\n\t\t\t\t\t<\/div>\n\t\t<\/div>\n\t\t\t\t\t<\/div>\n\t\t<\/section>\n\t\t\t\t<section class=\"elementor-section elementor-top-section elementor-element elementor-element-e65b2b7 elementor-section-boxed elementor-section-height-default elementor-section-height-default\" data-id=\"e65b2b7\" data-element_type=\"section\" data-e-type=\"section\">\n\t\t\t\t\t\t<div class=\"elementor-container elementor-column-gap-default\">\n\t\t\t\t\t<div class=\"elementor-column elementor-col-100 elementor-top-column elementor-element elementor-element-b820938\" data-id=\"b820938\" data-element_type=\"column\" data-e-type=\"column\">\n\t\t\t<div class=\"elementor-widget-wrap elementor-element-populated\">\n\t\t\t\t\t\t<div class=\"elementor-element elementor-element-3ec72ab elementor-widget elementor-widget-text-editor\" data-id=\"3ec72ab\" data-element_type=\"widget\" data-e-type=\"widget\" data-widget_type=\"text-editor.default\">\n\t\t\t\t<div class=\"elementor-widget-container\">\n\t\t\t\t\t\t\t\t\t<p style=\"text-align: center\">____________________________________________________<\/p><p style=\"text-align: center\">COMISS\u00c3O DE ATIVIDADES COMPLEMENTARES<\/p><p style=\"text-align: center\"><b>Prof. Me. Marco Antonio Leal da Silva<\/b><\/p><p style=\"text-align: center\">E-mail: marcoleal@unifap.br<\/p><p style=\"text-align: center\"><b>Prof. Esp. Leonardo G\u00f3es Ferreira<\/b><\/p><p style=\"text-align: center\">E-mail: leonardo@unifap.br<\/p><p style=\"text-align: center\"><a href=\"https:\/\/www2.unifap.br\/ccomputacao\/files\/2022\/06\/portaria_atividade.pdf\">Portaria: 0067\/2022<\/a><\/p><p style=\"text-align: center\">Coordena\u00e7\u00e3o de Curso: ccc@unifap.br<\/p><p style=\"text-align: center\">__________________________________________________<\/p><h1 style=\"text-align: center\"><b>PROCEDIMENTOS PARA ENTREGA DE ATIVIDADES COMPLEMENTARES<\/b><\/h1><p>As Atividades Complementares s\u00e3o obrigat\u00f3rias, devendo ser cumpridas o total da carga hor\u00e1ria no decorrer do curso, como requisito para a cola\u00e7\u00e3o de grau conforme <a href=\"https:\/\/www2.unifap.br\/ccomputacao\/files\/2017\/09\/RegulamentoDeAtividadesComplementares.pdf\">RESOLU\u00c7\u00c3O No 03\/2017 DO COLEGIADO DO CURSO DE CI\u00caNCIA DA COMPUTA\u00c7\u00c3O &#8211; DE 01 de Dezembro de 2017<\/a>.<\/p><p>As Atividades Complementares est\u00e3o descritas no curr\u00edculo do curso de Bacharelado em Ci\u00eancia da Computa\u00e7\u00e3o com carga hor\u00e1ria de 210 horas. Para registro das Atividades Complementares ser\u00e3o consideradas as categorias, atividades e c\u00f4mputo de carga hor\u00e1ria presentes no ANEXO A da RESOLU\u00c7\u00c3O No 03\/2017 DO COLEGIADO DO CURSO DE CI\u00caNCIA DA COMPUTA\u00c7\u00c3O &#8211; DE 01 de Dezembro de 2017 e que est\u00e3o apresentadas no final deste texto de orienta\u00e7\u00e3o.\u00a0<\/p><p><b>ETAPA 1 (Entrega da Documenta\u00e7\u00e3o )<\/b>: Clique para baixar o <a href=\"https:\/\/www2.unifap.br\/ccomputacao\/files\/2022\/08\/Ficha-de-Atividade-Complementar.docx\">FORMUL\u00c1RIO DE ATIVIDADES COMPLEMENTARES<\/a><\/p><p>Deve ser encaminhado ao e-mail da Coordena\u00e7\u00e3o do Curso de Ci\u00eancia da Computa\u00e7\u00e3o (ccc@unifap.br) os documentos:<\/p><ol><li>Formul\u00e1rio de Atividades Complementares (datado e assinado pelo(a) discente)<\/li><li>Documentos Comprobat\u00f3rios de participa\u00e7\u00e3o e\/ou produ\u00e7\u00e3o das Atividades Complementares (documento \u00fanico em PDF, ordenado de acordo com o formul\u00e1rio de AC)<\/li><\/ol><p><strong>OBS 1<\/strong> \u2013 as horas solicitadas ser\u00e3o analisadas por um dos professores membros da comiss\u00e3o de Atividades Complementares;.<\/p><p><strong>OBS 2<\/strong> \u2013 Ap\u00f3s aprova\u00e7\u00e3o das horas solicitadas, os documentos ser\u00e3o devolvidos por e-mail ao discente para conhecimento;<\/p><p><strong>OBS 3<\/strong> &#8211; As horas de atividades complementares aceitas ser\u00e3o inseridas no hist\u00f3rico acad\u00eamico pelo coordenador de curso somente quando integralizadas as 210h.\u00a0<\/p><h2 style=\"text-align: center\">ATIVIDADES E C\u00d4MPUTO DE CARGA HOR\u00c1RIA DE AC\u00a0<\/h2><p style=\"text-align: center\">Anexo A da Resolu\u00e7\u00e3o N\u00ba 03\/2017 do COLEGIADO DO CURSO DE CI\u00caNCIA DA COMPUTA\u00c7\u00c3O &#8211; DE 01 de Dezembro de 2017.<\/p><h2 style=\"text-align: center\"><a href=\"http:\/\/www2.unifap.br\/ccomputacao\/files\/2022\/08\/acc1.png\"><img fetchpriority=\"high\" decoding=\"async\" class=\"size-full wp-image-3363 aligncenter\" src=\"http:\/\/www2.unifap.br\/ccomputacao\/files\/2022\/08\/acc1.png\" alt=\"\" width=\"644\" height=\"530\" \/><\/a><\/h2><h2 style=\"text-align: center\">EXEMPLO PARA PREENCHIMENTO DO FORMUL\u00c1RIO DE ATIVIDADES COMPLEMENTARES<\/h2><p><a href=\"http:\/\/www2.unifap.br\/ccomputacao\/files\/2022\/08\/acc2.png\"><img decoding=\"async\" class=\"size-full wp-image-3368 aligncenter\" src=\"http:\/\/www2.unifap.br\/ccomputacao\/files\/2022\/08\/acc2.png\" alt=\"\" width=\"645\" height=\"679\" \/><\/a><\/p>\t\t\t\t\t\t\t\t<\/div>\n\t\t\t\t<\/div>\n\t\t\t\t\t<\/div>\n\t\t<\/div>\n\t\t\t\t\t<\/div>\n\t\t<\/section>\n\t\t\t\t<\/div>\n\t\t","protected":false},"excerpt":{"rendered":"<p>ATIVIDADES COMPLEMENTARES ____________________________________________________ COMISS\u00c3O DE ATIVIDADES COMPLEMENTARES Prof. Me. Marco Antonio Leal da Silva E-mail: marcoleal@unifap.br Prof. Esp. Leonardo G\u00f3es Ferreira E-mail: leonardo@unifap.br Portaria: 0067\/2022 Coordena\u00e7\u00e3o de Curso: ccc@unifap.br __________________________________________________ PROCEDIMENTOS PARA ENTREGA DE ATIVIDADES COMPLEMENTARES As Atividades Complementares s\u00e3o obrigat\u00f3rias, devendo ser cumpridas o total da carga hor\u00e1ria no decorrer do curso, como requisito&#8230;<\/p>\n","protected":false},"author":757,"featured_media":0,"parent":0,"menu_order":0,"comment_status":"closed","ping_status":"closed","template":"","meta":{"inline_featured_image":false,"ngg_post_thumbnail":0,"footnotes":""},"class_list":["post-3359","page","type-page","status-publish","hentry","entry"],"_links":{"self":[{"href":"https:\/\/www2.unifap.br\/ccomputacao\/wp-json\/wp\/v2\/pages\/3359","targetHints":{"allow":["GET"]}}],"collection":[{"href":"https:\/\/www2.unifap.br\/ccomputacao\/wp-json\/wp\/v2\/pages"}],"about":[{"href":"https:\/\/www2.unifap.br\/ccomputacao\/wp-json\/wp\/v2\/types\/page"}],"author":[{"embeddable":true,"href":"https:\/\/www2.unifap.br\/ccomputacao\/wp-json\/wp\/v2\/users\/757"}],"replies":[{"embeddable":true,"href":"https:\/\/www2.unifap.br\/ccomputacao\/wp-json\/wp\/v2\/comments?post=3359"}],"version-history":[{"count":13,"href":"https:\/\/www2.unifap.br\/ccomputacao\/wp-json\/wp\/v2\/pages\/3359\/revisions"}],"predecessor-version":[{"id":3546,"href":"https:\/\/www2.unifap.br\/ccomputacao\/wp-json\/wp\/v2\/pages\/3359\/revisions\/3546"}],"wp:attachment":[{"href":"https:\/\/www2.unifap.br\/ccomputacao\/wp-json\/wp\/v2\/media?parent=3359"}],"curies":[{"name":"wp","href":"https:\/\/api.w.org\/{rel}","templated":true}]}}