{"id":972,"date":"2018-04-16T12:37:43","date_gmt":"2018-04-16T12:37:43","guid":{"rendered":"http:\/\/www2.unifap.br\/ccomputacao\/?page_id=972"},"modified":"2021-04-07T13:02:35","modified_gmt":"2021-04-07T13:02:35","slug":"acervo-bibliografico-livros-periodicos-e-ebooks","status":"publish","type":"page","link":"https:\/\/www2.unifap.br\/ccomputacao\/apresentacao-do-curso-2\/acervo-bibliografico-livros-periodicos-e-ebooks\/","title":{"rendered":"Acervo Bibliogr\u00e1fico: Livros, Peri\u00f3dicos e Ebooks"},"content":{"rendered":"<h1 style=\"text-align: left\" align=\"center\">Acervo Bibliogr\u00e1fico: Livros, Peri\u00f3dicos e Ebooks<\/h1>\n<p style=\"text-align: left\" align=\"center\"><b>Obs: Para acessar os peri\u00f3dicos o usu\u00e1rio necessita estar na rede da UNIFAP.<\/b><\/p>\n<p>Para acessar, basta clicar no item desejado:<\/p>\n<ul>\n<li><a href=\"http:\/\/www2.unifap.br\/ccomputacao\/files\/2018\/04\/PERIODICOS-NACIONAIS-DE-CI\u00caNCIA-DA-COMPUTA\u00c7\u00c3O.pdf\" target=\"_blank\" rel=\"noopener noreferrer\">PERI\u00d3DICOS NACIONAIS EM CI\u00caNCIA DA COMPUTA\u00c7\u00c3O<\/a><\/li>\n<li><a href=\"http:\/\/www2.unifap.br\/ccomputacao\/files\/2018\/04\/PERIODICOS-INTERNACIONAIS-DE-CI\u00caNCIA-DA-COMPUTA\u00c7\u00c3O.pdf\" target=\"_blank\" rel=\"noopener noreferrer\">PERI\u00d3DICOS INTERNACIONAIS EM CI\u00caNCIA DA COMPUTA\u00c7\u00c3O<\/a><\/li>\n<li><a href=\"https:\/\/ebooks.unifap.br\/\" target=\"_blank\" rel=\"noopener noreferrer\">EBOOKS \u2013 (\u00c9 necess\u00e1rio entrar com as credenciais do SIGAA)<\/a><\/li>\n<li><a href=\"http:\/\/www2.unifap.br\/editora\/catalogo\/e-books\/\" target=\"_blank\" rel=\"noopener noreferrer\">EBOOKS DA EDITORA DA UNIFAP<\/a><\/li>\n<\/ul>\n<hr>\n<h3>Links \u00fateis<\/h3>\n<ul>\n<li><a href=\"http:\/\/books.goalkicker.com\/\" target=\"_blank\" rel=\"noopener noreferrer\">Ebooks de programa\u00e7\u00e3o (em ingl\u00eas)<\/a><\/li>\n<\/ul>\n","protected":false},"excerpt":{"rendered":"<p>Acervo Bibliogr\u00e1fico: Livros, Peri\u00f3dicos e Ebooks Obs: Para acessar os peri\u00f3dicos o usu\u00e1rio necessita estar na rede da UNIFAP. Para acessar, basta clicar no item desejado: PERI\u00d3DICOS NACIONAIS EM CI\u00caNCIA DA COMPUTA\u00c7\u00c3O PERI\u00d3DICOS INTERNACIONAIS EM CI\u00caNCIA DA COMPUTA\u00c7\u00c3O EBOOKS \u2013 (\u00c9 necess\u00e1rio entrar com as credenciais do SIGAA) EBOOKS DA EDITORA DA UNIFAP Links \u00fateis&#8230;<\/p>\n","protected":false},"author":757,"featured_media":0,"parent":512,"menu_order":6,"comment_status":"closed","ping_status":"open","template":"","meta":{"inline_featured_image":false,"ngg_post_thumbnail":0,"footnotes":""},"class_list":["post-972","page","type-page","status-publish","hentry","entry"],"_links":{"self":[{"href":"https:\/\/www2.unifap.br\/ccomputacao\/wp-json\/wp\/v2\/pages\/972","targetHints":{"allow":["GET"]}}],"collection":[{"href":"https:\/\/www2.unifap.br\/ccomputacao\/wp-json\/wp\/v2\/pages"}],"about":[{"href":"https:\/\/www2.unifap.br\/ccomputacao\/wp-json\/wp\/v2\/types\/page"}],"author":[{"embeddable":true,"href":"https:\/\/www2.unifap.br\/ccomputacao\/wp-json\/wp\/v2\/users\/757"}],"replies":[{"embeddable":true,"href":"https:\/\/www2.unifap.br\/ccomputacao\/wp-json\/wp\/v2\/comments?post=972"}],"version-history":[{"count":7,"href":"https:\/\/www2.unifap.br\/ccomputacao\/wp-json\/wp\/v2\/pages\/972\/revisions"}],"predecessor-version":[{"id":2750,"href":"https:\/\/www2.unifap.br\/ccomputacao\/wp-json\/wp\/v2\/pages\/972\/revisions\/2750"}],"up":[{"embeddable":true,"href":"https:\/\/www2.unifap.br\/ccomputacao\/wp-json\/wp\/v2\/pages\/512"}],"wp:attachment":[{"href":"https:\/\/www2.unifap.br\/ccomputacao\/wp-json\/wp\/v2\/media?parent=972"}],"curies":[{"name":"wp","href":"https:\/\/api.w.org\/{rel}","templated":true}]}}