{"id":112,"date":"2025-06-03T16:26:26","date_gmt":"2025-06-03T19:26:26","guid":{"rendered":"https:\/\/www2.unifap.br\/cdh\/?page_id=112"},"modified":"2025-09-09T16:20:15","modified_gmt":"2025-09-09T19:20:15","slug":"projetos-em-andamento","status":"publish","type":"page","link":"https:\/\/www2.unifap.br\/cdh\/servicos\/projetos-em-andamento\/","title":{"rendered":"Projetos em Andamento"},"content":{"rendered":"\t\t<div data-elementor-type=\"wp-page\" data-elementor-id=\"112\" class=\"elementor elementor-112\">\n\t\t\t\t<div class=\"elementor-element elementor-element-6e0e3db e-flex e-con-boxed e-con e-parent\" data-id=\"6e0e3db\" data-element_type=\"container\" data-e-type=\"container\" data-settings=\"{&quot;background_background&quot;:&quot;gradient&quot;}\">\n\t\t\t\t\t<div class=\"e-con-inner\">\n\t\t<div class=\"elementor-element elementor-element-96a5606 e-con-full e-flex e-con e-child\" data-id=\"96a5606\" data-element_type=\"container\" data-e-type=\"container\">\n\t\t\t\t<div class=\"elementor-element elementor-element-0a71fd2 elementor-widget elementor-widget-heading\" data-id=\"0a71fd2\" data-element_type=\"widget\" data-e-type=\"widget\" data-widget_type=\"heading.default\">\n\t\t\t\t<div class=\"elementor-widget-container\">\n\t\t\t\t\t<h2 class=\"elementor-heading-title elementor-size-default\">Projetos em andamento<\/h2>\t\t\t\t<\/div>\n\t\t\t\t<\/div>\n\t\t\t\t<div class=\"elementor-element elementor-element-24183f7 elementor-widget elementor-widget-text-editor\" data-id=\"24183f7\" data-element_type=\"widget\" data-e-type=\"widget\" data-widget_type=\"text-editor.default\">\n\t\t\t\t<div class=\"elementor-widget-container\">\n\t\t\t\t\t\t\t\t\t<p>Conhe\u00e7a os projetos em andamento na CDH\/UNIFAP.<\/p>\t\t\t\t\t\t\t\t<\/div>\n\t\t\t\t<\/div>\n\t\t\t\t<div class=\"elementor-element elementor-element-fb0fb9a elementor-widget elementor-widget-eael-adv-tabs\" data-id=\"fb0fb9a\" data-element_type=\"widget\" data-e-type=\"widget\" data-widget_type=\"eael-adv-tabs.default\">\n\t\t\t\t<div class=\"elementor-widget-container\">\n\t\t\t\t\t        <div data-scroll-on-click=\"no\" data-scroll-speed=\"300\" id=\"eael-advance-tabs-fb0fb9a\" class=\"eael-advance-tabs eael-tabs-vertical eael-tab-auto-active \" data-tabid=\"fb0fb9a\">\n            <div class=\"eael-tabs-nav\">\n                <ul class=\"eael-tab-inline-icon\" role=\"tablist\">\n                                            <li id=\"articulao-em-rede\" class=\"inactive eael-tab-item-trigger eael-tab-nav-item\" aria-selected=\"true\" data-tab=\"1\" role=\"tab\" tabindex=\"0\" aria-controls=\"articulao-em-rede-tab\" aria-expanded=\"false\">\n                            \n                                                        \n                                                            <span class=\"eael-tab-title title-after-icon\" >Articula\u00e7\u00e3o em Rede<\/span>                            \n                                                    <\/li>\n                                            <li id=\"incidncia-do-mercrio-nos-tribunais\" class=\"inactive eael-tab-item-trigger eael-tab-nav-item\" aria-selected=\"false\" data-tab=\"2\" role=\"tab\" tabindex=\"-1\" aria-controls=\"incidncia-do-mercrio-nos-tribunais-tab\" aria-expanded=\"false\">\n                            \n                                                        \n                                                            <span class=\"eael-tab-title title-after-icon\" >Incid\u00eancia do Merc\u00fario nos Tribunais<\/span>                            \n                                                    <\/li>\n                                            <li id=\"polo-da-ccteufpa\" class=\"inactive eael-tab-item-trigger eael-tab-nav-item\" aria-selected=\"false\" data-tab=\"3\" role=\"tab\" tabindex=\"-1\" aria-controls=\"polo-da-ccteufpa-tab\" aria-expanded=\"false\">\n                            \n                                                        \n                                                            <span class=\"eael-tab-title title-after-icon\" >Polo da CCTE\/UFPA<\/span>                            \n                                                    <\/li>\n                                            <li id=\"polo-da-clnica-multivercidades-da-amazniaufpa\" class=\"inactive eael-tab-item-trigger eael-tab-nav-item\" aria-selected=\"false\" data-tab=\"4\" role=\"tab\" tabindex=\"-1\" aria-controls=\"polo-da-clnica-multivercidades-da-amazniaufpa-tab\" aria-expanded=\"false\">\n                            \n                                                        \n                                                            <span class=\"eael-tab-title title-after-icon\" >Polo da Cl\u00ednica Multivercidades da Amaz\u00f4nia\/UFPA<\/span>                            \n                                                    <\/li>\n                                    <\/ul>\n            <\/div>\n            \n            <div class=\"eael-tabs-content\">\n\t\t        \n                    <div id=\"articulao-em-rede-tab\" class=\"clearfix eael-tab-content-item inactive\" data-title-link=\"articulao-em-rede-tab\">\n\t\t\t\t        <p style=\"text-align: justify\"><strong>In\u00edcio: 2024.<\/strong><\/p><p><strong>Articula\u00e7\u00e3o em Rede: Cl\u00ednicas de Direitos Humanos na Amaz\u00f4nia<\/strong><\/p><p>Pela presente proposta visa-se fortalecer a Rede Amaz\u00f4nica de Cl\u00ednicas de Direitos Humanos, enquanto uma rede de articula\u00e7\u00e3o de a\u00e7\u00f5es, de pesquisa e est\u00edmulo \u00e0 educa\u00e7\u00e3o cl\u00ednica n\u00e3o apenas no Brasil, mas agora na Pan-Amaz\u00f4nia, em busca de novas alian\u00e7as. Em outra medida, a proposta mant\u00e9m a Rede Amaz\u00f4nica em constante di\u00e1logo com as comunidades tradicionais da Amaz\u00f4nia e atores estrat\u00e9gicos, empoderamento de grupos para defesa de direitos e de amplia\u00e7\u00e3o do acesso \u00e0 justi\u00e7a, por meio da atua\u00e7\u00e3o em demandas espec\u00edficas e conjuntas.<\/p><p>O projeto tem por escopo: (1) retomar os encontros de forma\u00e7\u00e3o docente e discente, com eventos ampliados da Rede Amaz\u00f4nica de Cl\u00ednicas, de incid\u00eancia no F\u00f3rum Nacional de Cl\u00ednicas Jur\u00eddicas; (2) dar continuidade \u00e0s publica\u00e7\u00f5es, como Anais e Observat\u00f3rio de Direitos Humanos; (3) manter a articula\u00e7\u00e3o em torno da proposta legislativa sobre a Conven\u00e7\u00e3o de Minamata, com campanhas, lobbying legislativo e aprimoramento da proposta; (4) acompanhar o caso submetido \u00e0 Comiss\u00e3o Interamericana, desta vez, ampliando para o peticionamento de novo caso em \u00e2mbito internacional, al\u00e9m do monitoramento das demandas em tr\u00e2mite; e, por fim, abrir uma nova frente em torno da (5) Educa\u00e7\u00e3o em Direitos Humanos, com produ\u00e7\u00e3o de materiais formativos de amplo alcance para a promo\u00e7\u00e3o dos direitos humanos, com forma\u00e7\u00e3o intra e extra membros das Cl\u00ednicas de Direitos Humanos, a fim de manter a Rede Amaz\u00f4nica articulada em demandas concretas e atividades de forma\u00e7\u00e3o e pesquisa acad\u00eamica.<\/p><p><strong>Projeto com financiamento externo &#8211; FADESP\/UFPA.<\/strong><\/p>                    <\/div>\n\t\t        \n                    <div id=\"incidncia-do-mercrio-nos-tribunais-tab\" class=\"clearfix eael-tab-content-item inactive\" data-title-link=\"incidncia-do-mercrio-nos-tribunais-tab\">\n\t\t\t\t        <p><strong>Pesquisa Jurisprudencial sobre a &#8220;A Incid\u00eancia do Merc\u00fario nos Tribunais&#8221; coordenada pela Profa. Dra. Linara Oeiras Assun\u00e7\u00e3o.<\/strong><\/p><p><strong>Participa\u00e7\u00e3o de docentes e discentes da UNIFAP, UFPA, UFOPA e da UEA.<\/strong><\/p><p><strong>Tribunais pesquisados:<\/strong> Tribunais Regionais Federais da 1\u00aa a 5\u00aa Regi\u00e3o e Tribunais Regionais do Trabalho da 8\u00aa e da 11\u00aa Regi\u00e3o.<\/p><p>Estudou a frequ\u00eancia com que mat\u00e9rias relacionadas ao merc\u00fario se tornaram demandas ajuizadas e julgadas em 2\u00aa inst\u00e2ncia nos Tribunais Regionais Federais (TRFs da 1\u00aa, 2\u00aa, 3\u00aa, 4\u00aa e 5\u00aa regi\u00f5es) e nos Tribunais Regionais do Trabalho (TRTs da 8\u00aa e 11\u00aa regi\u00f5es).<\/p><p>A pesquisa foi realizada entre os meses de abril a julho de 2024 e passou por atualiza\u00e7\u00e3o entre os meses de julho a agosto de 2025.<\/p><p>Formou um bancos de dados sobre a incid\u00eancia do merc\u00fario nos Tribunais, totalizando 97 julgados nos TRFs, entre ac\u00f3rd\u00e3os e decis\u00f5es monocr\u00e1ticas, e 28 ac\u00f3rd\u00e3os nos TRTs pesquisados, totalizando 125 julgados. Apresentou categoriza\u00e7\u00f5es e padr\u00f5es de julgamentos para esses julgados.<\/p><p>A publica\u00e7\u00e3o da pesquisa como Relat\u00f3rio T\u00e9cnico est\u00e1 no prelo.<\/p><p><strong>Projeto com financiamento externo &#8211; FADESP\/UFPA.\u00a0<\/strong><\/p>                    <\/div>\n\t\t        \n                    <div id=\"polo-da-ccteufpa-tab\" class=\"clearfix eael-tab-content-item inactive\" data-title-link=\"polo-da-ccteufpa-tab\">\n\t\t\t\t        <p><strong>Coordenadora Local do Polo:<\/strong> Profa. Dra. Juliana Monteiro Pedro<\/p><p><strong>Residente Cl\u00ednica:<\/strong> Mestranda Kelita Morena da Costa Chaves (PPGD\/UNIFAP)<\/p><p>O projeto <strong>&#8220;Implementa\u00e7\u00e3o de a\u00e7\u00f5es voltadas ao combate ao trabalho escravo contempor\u00e2neo e outras viola\u00e7\u00f5es graves aos direitos humanos do trabalho no estado do Amap\u00e1, promovido pela Cl\u00ednica de Direitos Humanos da UNIFAP e Cl\u00ednica de Combate ao Trabalho Escravo da UFPA&#8221;<\/strong> surge da urgente necessidade de combater uma realidade preocupante e muitas vezes invisibilizada no estado do Amap\u00e1: o <strong>trabalho escravo contempor\u00e2neo<\/strong> e outras <strong>graves viola\u00e7\u00f5es aos direitos humanos no trabalho<\/strong>.<\/p><p>Embora o Par\u00e1, seu vizinho, seja consistentemente um dos estados com maior n\u00famero de resgates de trabalhadores em condi\u00e7\u00f5es an\u00e1logas \u00e0 escravid\u00e3o, o Amap\u00e1, apesar de uma menor visibilidade nos relat\u00f3rios federais e na &#8220;lista suja&#8221; do trabalho escravo, n\u00e3o est\u00e1 imune a essa chaga social. Den\u00fancias recebidas e a\u00e7\u00f5es judiciais j\u00e1 ajuizadas pela <strong>Cl\u00ednica de Combate ao Trabalho Escravo (CCTE) da UFPA<\/strong> na Justi\u00e7a do Trabalho local confirmam a exist\u00eancia e a gravidade dessas pr\u00e1ticas no estado. Essa situa\u00e7\u00e3o exige uma atua\u00e7\u00e3o coordenada e especializada, dada a complexidade do fen\u00f4meno e a vulnerabilidade das v\u00edtimas.<\/p><p>O objetivo geral do Polo \u00e9 a promo\u00e7\u00e3o de esfor\u00e7os entre a CCTE\/UFPA e CDH\/UNIFAP na implementa\u00e7\u00e3o de programas e a\u00e7\u00f5es voltadas ao combate ao trabalho escravo contempor\u00e2neo e outras graves viola\u00e7\u00f5es aos direitos humanos no trabalho no estado do Amap\u00e1. Os objetivos espec\u00edficos s\u00e3o:<\/p><p><strong>.<\/strong> Oferecimento de assist\u00eancia jur\u00eddica gratuita aos trabalhadores v\u00edtimas da escravid\u00e3o e outras graves viola\u00e7\u00f5es a direitos humanos no trabalho a ser promovida pelas cl\u00ednicas, em casos encaminhados pela Procuradoria Regional do Trabalho da 8\u00ba Regi\u00e3o, com o ajuizamento e acompanhamento das a\u00e7\u00f5es judiciais perante a Justi\u00e7a do Trabalho da 8\u00ba Regi\u00e3o no territ\u00f3rio do estado do Amap\u00e1;<\/p><p><strong>.<\/strong> Acompanhamento nas media\u00e7\u00f5es extrajudiciais promovidas pela Procuradoria Regional do Trabalho da 8\u00aa Regi\u00e3o (PRT8);<\/p><p><strong>.<\/strong> Oferecimento de <em>Amicus Curiae<\/em> no Tribunal Regional do Trabalho 8\u00aa Regi\u00e3o (TRT8), assim como nos Tribunais Superiores em lit\u00edgios considerados estrat\u00e9gicos;<\/p><p><strong>.<\/strong> Auxiliar a PRT8 em consultas jur\u00eddicas e pareceres relacionados a temas e assuntos referente \u00e0 escravid\u00e3o contempor\u00e2nea e direitos humanos no trabalho.<\/p><p><strong>Projeto com financiamento externo &#8211; FADESP\/UFPA\/MPT Macap\u00e1.<\/strong><\/p>                    <\/div>\n\t\t        \n                    <div id=\"polo-da-clnica-multivercidades-da-amazniaufpa-tab\" class=\"clearfix eael-tab-content-item inactive\" data-title-link=\"polo-da-clnica-multivercidades-da-amazniaufpa-tab\">\n\t\t\t\t        <p>Em constru\u00e7\u00e3o.<\/p>                    <\/div>\n\t\t                    <\/div>\n        <\/div>\n\t\t\t\t<\/div>\n\t\t\t\t<\/div>\n\t\t\t\t<\/div>\n\t\t\t\t\t<\/div>\n\t\t\t\t<\/div>\n\t\t\t\t<\/div>\n\t\t","protected":false},"excerpt":{"rendered":"<p>Projetos em andamento Conhe\u00e7a os projetos em andamento na CDH\/UNIFAP. Articula\u00e7\u00e3o em Rede Incid\u00eancia do Merc\u00fario nos Tribunais Polo da&#8230;<\/p>\n","protected":false},"author":3999,"featured_media":0,"parent":106,"menu_order":0,"comment_status":"closed","ping_status":"closed","template":"","meta":{"inline_featured_image":false,"site-sidebar-layout":"no-sidebar","site-content-layout":"","ast-site-content-layout":"full-width-container","site-content-style":"default","site-sidebar-style":"default","ast-global-header-display":"","ast-banner-title-visibility":"","ast-main-header-display":"","ast-hfb-above-header-display":"","ast-hfb-below-header-display":"","ast-hfb-mobile-header-display":"","site-post-title":"disabled","ast-breadcrumbs-content":"","ast-featured-img":"disabled","footer-sml-layout":"","theme-transparent-header-meta":"default","adv-header-id-meta":"","stick-header-meta":"","header-above-stick-meta":"","header-main-stick-meta":"","header-below-stick-meta":"","astra-migrate-meta-layouts":"set","ast-page-background-enabled":"default","ast-page-background-meta":{"desktop":{"background-color":"var(--ast-global-color-4)","background-image":"","background-repeat":"repeat","background-position":"center center","background-size":"auto","background-attachment":"scroll","background-type":"","background-media":"","overlay-type":"","overlay-color":"","overlay-opacity":"","overlay-gradient":""},"tablet":{"background-color":"","background-image":"","background-repeat":"repeat","background-position":"center center","background-size":"auto","background-attachment":"scroll","background-type":"","background-media":"","overlay-type":"","overlay-color":"","overlay-opacity":"","overlay-gradient":""},"mobile":{"background-color":"","background-image":"","background-repeat":"repeat","background-position":"center center","background-size":"auto","background-attachment":"scroll","background-type":"","background-media":"","overlay-type":"","overlay-color":"","overlay-opacity":"","overlay-gradient":""}},"ast-content-background-meta":{"desktop":{"background-color":"var(--ast-global-color-5)","background-image":"","background-repeat":"repeat","background-position":"center center","background-size":"auto","background-attachment":"scroll","background-type":"","background-media":"","overlay-type":"","overlay-color":"","overlay-opacity":"","overlay-gradient":""},"tablet":{"background-color":"var(--ast-global-color-5)","background-image":"","background-repeat":"repeat","background-position":"center center","background-size":"auto","background-attachment":"scroll","background-type":"","background-media":"","overlay-type":"","overlay-color":"","overlay-opacity":"","overlay-gradient":""},"mobile":{"background-color":"var(--ast-global-color-5)","background-image":"","background-repeat":"repeat","background-position":"center center","background-size":"auto","background-attachment":"scroll","background-type":"","background-media":"","overlay-type":"","overlay-color":"","overlay-opacity":"","overlay-gradient":""}},"footnotes":""},"class_list":["post-112","page","type-page","status-publish","hentry"],"_links":{"self":[{"href":"https:\/\/www2.unifap.br\/cdh\/wp-json\/wp\/v2\/pages\/112","targetHints":{"allow":["GET"]}}],"collection":[{"href":"https:\/\/www2.unifap.br\/cdh\/wp-json\/wp\/v2\/pages"}],"about":[{"href":"https:\/\/www2.unifap.br\/cdh\/wp-json\/wp\/v2\/types\/page"}],"author":[{"embeddable":true,"href":"https:\/\/www2.unifap.br\/cdh\/wp-json\/wp\/v2\/users\/3999"}],"replies":[{"embeddable":true,"href":"https:\/\/www2.unifap.br\/cdh\/wp-json\/wp\/v2\/comments?post=112"}],"version-history":[{"count":28,"href":"https:\/\/www2.unifap.br\/cdh\/wp-json\/wp\/v2\/pages\/112\/revisions"}],"predecessor-version":[{"id":1343,"href":"https:\/\/www2.unifap.br\/cdh\/wp-json\/wp\/v2\/pages\/112\/revisions\/1343"}],"up":[{"embeddable":true,"href":"https:\/\/www2.unifap.br\/cdh\/wp-json\/wp\/v2\/pages\/106"}],"wp:attachment":[{"href":"https:\/\/www2.unifap.br\/cdh\/wp-json\/wp\/v2\/media?parent=112"}],"curies":[{"name":"wp","href":"https:\/\/api.w.org\/{rel}","templated":true}]}}