{"id":114,"date":"2025-06-03T16:27:14","date_gmt":"2025-06-03T19:27:14","guid":{"rendered":"https:\/\/www2.unifap.br\/cdh\/?page_id=114"},"modified":"2025-06-07T18:08:26","modified_gmt":"2025-06-07T21:08:26","slug":"parcerias","status":"publish","type":"page","link":"https:\/\/www2.unifap.br\/cdh\/parcerias\/","title":{"rendered":"Parcerias"},"content":{"rendered":"\t\t<div data-elementor-type=\"wp-page\" data-elementor-id=\"114\" class=\"elementor elementor-114\">\n\t\t\t\t<div class=\"elementor-element elementor-element-6e0e3db e-flex e-con-boxed e-con e-parent\" data-id=\"6e0e3db\" data-element_type=\"container\" data-e-type=\"container\" data-settings=\"{&quot;background_background&quot;:&quot;gradient&quot;}\">\n\t\t\t\t\t<div class=\"e-con-inner\">\n\t\t<div class=\"elementor-element elementor-element-0376bcc e-con-full e-flex e-con e-child\" data-id=\"0376bcc\" data-element_type=\"container\" data-e-type=\"container\">\n\t\t\t\t<div class=\"elementor-element elementor-element-0e94f0c elementor-widget elementor-widget-heading\" data-id=\"0e94f0c\" data-element_type=\"widget\" data-e-type=\"widget\" data-widget_type=\"heading.default\">\n\t\t\t\t<div class=\"elementor-widget-container\">\n\t\t\t\t\t<h2 class=\"elementor-heading-title elementor-size-default\">Parcerias<\/h2>\t\t\t\t<\/div>\n\t\t\t\t<\/div>\n\t\t\t\t<div class=\"elementor-element elementor-element-70f858f elementor-widget elementor-widget-text-editor\" data-id=\"70f858f\" data-element_type=\"widget\" data-e-type=\"widget\" data-widget_type=\"text-editor.default\">\n\t\t\t\t<div class=\"elementor-widget-container\">\n\t\t\t\t\t\t\t\t\t<p>\u00a0Conhe\u00e7a as parcerias firmadas pela Cl\u00ednica de Direitos Humanos da UNIFAP (CDH\/UNIFAP).<\/p>\t\t\t\t\t\t\t\t<\/div>\n\t\t\t\t<\/div>\n\t\t<div class=\"elementor-element elementor-element-d110a72 e-flex e-con-boxed e-con e-child\" data-id=\"d110a72\" data-element_type=\"container\" data-e-type=\"container\">\n\t\t\t\t\t<div class=\"e-con-inner\">\n\t\t<div class=\"elementor-element elementor-element-b4ffc30 e-grid e-con-boxed e-con e-child\" data-id=\"b4ffc30\" data-element_type=\"container\" data-e-type=\"container\">\n\t\t\t\t\t<div class=\"e-con-inner\">\n\t\t\t\t<div class=\"elementor-element elementor-element-b408712 elementor-position-top elementor-widget elementor-widget-image-box\" data-id=\"b408712\" data-element_type=\"widget\" data-e-type=\"widget\" data-widget_type=\"image-box.default\">\n\t\t\t\t<div class=\"elementor-widget-container\">\n\t\t\t\t\t<div class=\"elementor-image-box-wrapper\"><figure class=\"elementor-image-box-img\"><img fetchpriority=\"high\" decoding=\"async\" width=\"1280\" height=\"766\" src=\"https:\/\/www2.unifap.br\/cdh\/files\/2025\/06\/WhatsApp-Image-2022-03-16-at-15.55.13.jpeg\" class=\"attachment-full size-full wp-image-844\" alt=\"\" srcset=\"https:\/\/www2.unifap.br\/cdh\/files\/2025\/06\/WhatsApp-Image-2022-03-16-at-15.55.13.jpeg 1280w, https:\/\/www2.unifap.br\/cdh\/files\/2025\/06\/WhatsApp-Image-2022-03-16-at-15.55.13-300x180.jpeg 300w, https:\/\/www2.unifap.br\/cdh\/files\/2025\/06\/WhatsApp-Image-2022-03-16-at-15.55.13-1024x613.jpeg 1024w, https:\/\/www2.unifap.br\/cdh\/files\/2025\/06\/WhatsApp-Image-2022-03-16-at-15.55.13-768x460.jpeg 768w\" sizes=\"(max-width: 1280px) 100vw, 1280px\" \/><\/figure><div class=\"elementor-image-box-content\"><h3 class=\"elementor-image-box-title\">Rede Amaz\u00f4nica de Cl\u00ednicas de Direitos Humanos<\/h3><p class=\"elementor-image-box-description\">A Rede Amaz\u00f4nica de Cl\u00ednicas de Direitos Humanos re\u00fane cl\u00ednicas jur\u00eddicas da Universidade Federal do Par\u00e1 (UFPA), da Universidade Federal do Oeste do Par\u00e1 (UFOPA), da Universidade do Estado do Amazonas (UEA) e da Universidade Federal do Amap\u00e1 (UNIFAP).  <\/p><\/div><\/div>\t\t\t\t<\/div>\n\t\t\t\t<\/div>\n\t\t\t\t<div class=\"elementor-element elementor-element-7ddbbe2 elementor-position-top elementor-widget elementor-widget-image-box\" data-id=\"7ddbbe2\" data-element_type=\"widget\" data-e-type=\"widget\" data-widget_type=\"image-box.default\">\n\t\t\t\t<div class=\"elementor-widget-container\">\n\t\t\t\t\t<div class=\"elementor-image-box-wrapper\"><figure class=\"elementor-image-box-img\"><a href=\"https:\/\/www2.unifap.br\/ppgd\/\" tabindex=\"-1\"><img decoding=\"async\" width=\"1600\" height=\"1600\" src=\"https:\/\/www2.unifap.br\/cdh\/files\/2025\/06\/LOGO-PPGD-ARVORE.jpg\" class=\"attachment-full size-full wp-image-1172\" alt=\"\" srcset=\"https:\/\/www2.unifap.br\/cdh\/files\/2025\/06\/LOGO-PPGD-ARVORE.jpg 1600w, https:\/\/www2.unifap.br\/cdh\/files\/2025\/06\/LOGO-PPGD-ARVORE-300x300.jpg 300w, https:\/\/www2.unifap.br\/cdh\/files\/2025\/06\/LOGO-PPGD-ARVORE-1024x1024.jpg 1024w, https:\/\/www2.unifap.br\/cdh\/files\/2025\/06\/LOGO-PPGD-ARVORE-150x150.jpg 150w, https:\/\/www2.unifap.br\/cdh\/files\/2025\/06\/LOGO-PPGD-ARVORE-768x768.jpg 768w, https:\/\/www2.unifap.br\/cdh\/files\/2025\/06\/LOGO-PPGD-ARVORE-1536x1536.jpg 1536w\" sizes=\"(max-width: 1600px) 100vw, 1600px\" \/><\/a><\/figure><div class=\"elementor-image-box-content\"><h3 class=\"elementor-image-box-title\"><a href=\"https:\/\/www2.unifap.br\/ppgd\/\">Programa de P\u00f3s-Gradua\u00e7\u00e3o em Direito da UNIFAP<\/a><\/h3><p class=\"elementor-image-box-description\">O Programa de P\u00f3s-Gradua\u00e7\u00e3o em Direito da UNIFAP \u00e9 parceiro da CDH\/UNIFAP na execu\u00e7\u00e3o de projetos de pesquisa e extens\u00e3o.<\/p><\/div><\/div>\t\t\t\t<\/div>\n\t\t\t\t<\/div>\n\t\t\t\t<div class=\"elementor-element elementor-element-5f73d65 elementor-position-top elementor-widget elementor-widget-image-box\" data-id=\"5f73d65\" data-element_type=\"widget\" data-e-type=\"widget\" data-widget_type=\"image-box.default\">\n\t\t\t\t<div class=\"elementor-widget-container\">\n\t\t\t\t\t<div class=\"elementor-image-box-wrapper\"><figure class=\"elementor-image-box-img\"><a href=\"https:\/\/www.rebedh.com.br\" tabindex=\"-1\"><img decoding=\"async\" width=\"5332\" height=\"1623\" src=\"https:\/\/www2.unifap.br\/cdh\/files\/2025\/06\/cropped-cropped-Marca-grafica-Horizontal-1.png\" class=\"attachment-full size-full wp-image-1177\" alt=\"\" srcset=\"https:\/\/www2.unifap.br\/cdh\/files\/2025\/06\/cropped-cropped-Marca-grafica-Horizontal-1.png 5332w, https:\/\/www2.unifap.br\/cdh\/files\/2025\/06\/cropped-cropped-Marca-grafica-Horizontal-1-300x91.png 300w, https:\/\/www2.unifap.br\/cdh\/files\/2025\/06\/cropped-cropped-Marca-grafica-Horizontal-1-1024x312.png 1024w, https:\/\/www2.unifap.br\/cdh\/files\/2025\/06\/cropped-cropped-Marca-grafica-Horizontal-1-768x234.png 768w, https:\/\/www2.unifap.br\/cdh\/files\/2025\/06\/cropped-cropped-Marca-grafica-Horizontal-1-1536x468.png 1536w, https:\/\/www2.unifap.br\/cdh\/files\/2025\/06\/cropped-cropped-Marca-grafica-Horizontal-1-2048x623.png 2048w\" sizes=\"(max-width: 5332px) 100vw, 5332px\" \/><\/a><\/figure><div class=\"elementor-image-box-content\"><h3 class=\"elementor-image-box-title\"><a href=\"https:\/\/www.rebedh.com.br\">Rede Brasileira de Educa\u00e7\u00e3o em Direitos Humanos<\/a><\/h3><p class=\"elementor-image-box-description\">A RBEDH \u00e9 parceira da CDH\/UNIFAP na elabora\u00e7\u00e3o de produtos voltados a educa\u00e7\u00e3o em direitos humanos.<\/p><\/div><\/div>\t\t\t\t<\/div>\n\t\t\t\t<\/div>\n\t\t\t\t<div class=\"elementor-element elementor-element-c81a3aa elementor-position-top elementor-widget elementor-widget-image-box\" data-id=\"c81a3aa\" data-element_type=\"widget\" data-e-type=\"widget\" data-widget_type=\"image-box.default\">\n\t\t\t\t<div class=\"elementor-widget-container\">\n\t\t\t\t\t<div class=\"elementor-image-box-wrapper\"><figure class=\"elementor-image-box-img\"><a href=\"https:\/\/ccte.ufpa.br\/pt\/\" tabindex=\"-1\"><img loading=\"lazy\" decoding=\"async\" width=\"2551\" height=\"587\" src=\"https:\/\/www2.unifap.br\/cdh\/files\/2025\/06\/logo-ccte1.png\" class=\"attachment-full size-full wp-image-1184\" alt=\"\" srcset=\"https:\/\/www2.unifap.br\/cdh\/files\/2025\/06\/logo-ccte1.png 2551w, https:\/\/www2.unifap.br\/cdh\/files\/2025\/06\/logo-ccte1-300x69.png 300w, https:\/\/www2.unifap.br\/cdh\/files\/2025\/06\/logo-ccte1-1024x236.png 1024w, https:\/\/www2.unifap.br\/cdh\/files\/2025\/06\/logo-ccte1-768x177.png 768w, https:\/\/www2.unifap.br\/cdh\/files\/2025\/06\/logo-ccte1-1536x353.png 1536w, https:\/\/www2.unifap.br\/cdh\/files\/2025\/06\/logo-ccte1-2048x471.png 2048w\" sizes=\"(max-width: 2551px) 100vw, 2551px\" \/><\/a><\/figure><div class=\"elementor-image-box-content\"><h3 class=\"elementor-image-box-title\"><a href=\"https:\/\/ccte.ufpa.br\/pt\/\">Cl\u00ednica de Combate ao Trabalho Escravo da UFPA<\/a><\/h3><p class=\"elementor-image-box-description\">A CCTE\/UFPA tem um acordo de coopera\u00e7\u00e3o com a CDH\/UNIFAP.<\/p><\/div><\/div>\t\t\t\t<\/div>\n\t\t\t\t<\/div>\n\t\t\t\t<div class=\"elementor-element elementor-element-d40d685 elementor-position-top elementor-widget elementor-widget-image-box\" data-id=\"d40d685\" data-element_type=\"widget\" data-e-type=\"widget\" data-widget_type=\"image-box.default\">\n\t\t\t\t<div class=\"elementor-widget-container\">\n\t\t\t\t\t<div class=\"elementor-image-box-wrapper\"><figure class=\"elementor-image-box-img\"><a href=\"https:\/\/multivercidades.ufpa.br\/\" tabindex=\"-1\"><img loading=\"lazy\" decoding=\"async\" width=\"1924\" height=\"488\" src=\"https:\/\/www2.unifap.br\/cdh\/files\/2025\/06\/logo-site.png\" class=\"attachment-full size-full wp-image-1191\" alt=\"\" srcset=\"https:\/\/www2.unifap.br\/cdh\/files\/2025\/06\/logo-site.png 1924w, https:\/\/www2.unifap.br\/cdh\/files\/2025\/06\/logo-site-300x76.png 300w, https:\/\/www2.unifap.br\/cdh\/files\/2025\/06\/logo-site-1024x260.png 1024w, https:\/\/www2.unifap.br\/cdh\/files\/2025\/06\/logo-site-768x195.png 768w, https:\/\/www2.unifap.br\/cdh\/files\/2025\/06\/logo-site-1536x390.png 1536w\" sizes=\"(max-width: 1924px) 100vw, 1924px\" \/><\/a><\/figure><div class=\"elementor-image-box-content\"><h3 class=\"elementor-image-box-title\"><a href=\"https:\/\/multivercidades.ufpa.br\/\">Cl\u00ednica de Acesso \u00e0 Justi\u00e7a: Multivercidades da Amaz\u00f4nia<\/a><\/h3><p class=\"elementor-image-box-description\">A Cl\u00ednica Multivercidades da Amaz\u00f4nia tem um acordo de coopera\u00e7\u00e3o com a CDH\/UNIFAP.<\/p><\/div><\/div>\t\t\t\t<\/div>\n\t\t\t\t<\/div>\n\t\t\t\t\t<\/div>\n\t\t\t\t<\/div>\n\t\t\t\t\t<\/div>\n\t\t\t\t<\/div>\n\t\t\t\t<\/div>\n\t\t\t\t\t<\/div>\n\t\t\t\t<\/div>\n\t\t\t\t<\/div>\n\t\t","protected":false},"excerpt":{"rendered":"<p>\/*! elementor &#8211; v3.21.0 &#8211; 26-05-2024 *\/ .elementor-heading-title{padding:0;margin:0;line-height:1}.elementor-widget-heading .elementor-heading-title[class*=elementor-size-]&gt;a{color:inherit;font-size:inherit;line-height:inherit}.elementor-widget-heading .elementor-heading-title.elementor-size-small{font-size:15px}.elementor-widget-heading .elementor-heading-title.elementor-size-medium{font-size:19px}.elementor-widget-heading .elementor-heading-title.elementor-size-large{font-size:29px}.elementor-widget-heading .elementor-heading-title.elementor-size-xl{font-size:39px}.elementor-widget-heading .elementor-heading-title.elementor-size-xxl{font-size:59px} Parcerias \u00a0Conhe\u00e7a as parcerias firmadas pela&#8230;<\/p>\n","protected":false},"author":3999,"featured_media":0,"parent":0,"menu_order":0,"comment_status":"closed","ping_status":"closed","template":"","meta":{"inline_featured_image":false,"site-sidebar-layout":"no-sidebar","site-content-layout":"","ast-site-content-layout":"full-width-container","site-content-style":"default","site-sidebar-style":"default","ast-global-header-display":"","ast-banner-title-visibility":"","ast-main-header-display":"","ast-hfb-above-header-display":"","ast-hfb-below-header-display":"","ast-hfb-mobile-header-display":"","site-post-title":"disabled","ast-breadcrumbs-content":"","ast-featured-img":"disabled","footer-sml-layout":"","theme-transparent-header-meta":"default","adv-header-id-meta":"","stick-header-meta":"","header-above-stick-meta":"","header-main-stick-meta":"","header-below-stick-meta":"","astra-migrate-meta-layouts":"set","ast-page-background-enabled":"default","ast-page-background-meta":{"desktop":{"background-color":"var(--ast-global-color-4)","background-image":"","background-repeat":"repeat","background-position":"center center","background-size":"auto","background-attachment":"scroll","background-type":"","background-media":"","overlay-type":"","overlay-color":"","overlay-opacity":"","overlay-gradient":""},"tablet":{"background-color":"","background-image":"","background-repeat":"repeat","background-position":"center center","background-size":"auto","background-attachment":"scroll","background-type":"","background-media":"","overlay-type":"","overlay-color":"","overlay-opacity":"","overlay-gradient":""},"mobile":{"background-color":"","background-image":"","background-repeat":"repeat","background-position":"center center","background-size":"auto","background-attachment":"scroll","background-type":"","background-media":"","overlay-type":"","overlay-color":"","overlay-opacity":"","overlay-gradient":""}},"ast-content-background-meta":{"desktop":{"background-color":"var(--ast-global-color-5)","background-image":"","background-repeat":"repeat","background-position":"center center","background-size":"auto","background-attachment":"scroll","background-type":"","background-media":"","overlay-type":"","overlay-color":"","overlay-opacity":"","overlay-gradient":""},"tablet":{"background-color":"var(--ast-global-color-5)","background-image":"","background-repeat":"repeat","background-position":"center center","background-size":"auto","background-attachment":"scroll","background-type":"","background-media":"","overlay-type":"","overlay-color":"","overlay-opacity":"","overlay-gradient":""},"mobile":{"background-color":"var(--ast-global-color-5)","background-image":"","background-repeat":"repeat","background-position":"center center","background-size":"auto","background-attachment":"scroll","background-type":"","background-media":"","overlay-type":"","overlay-color":"","overlay-opacity":"","overlay-gradient":""}},"footnotes":""},"class_list":["post-114","page","type-page","status-publish","hentry"],"_links":{"self":[{"href":"https:\/\/www2.unifap.br\/cdh\/wp-json\/wp\/v2\/pages\/114","targetHints":{"allow":["GET"]}}],"collection":[{"href":"https:\/\/www2.unifap.br\/cdh\/wp-json\/wp\/v2\/pages"}],"about":[{"href":"https:\/\/www2.unifap.br\/cdh\/wp-json\/wp\/v2\/types\/page"}],"author":[{"embeddable":true,"href":"https:\/\/www2.unifap.br\/cdh\/wp-json\/wp\/v2\/users\/3999"}],"replies":[{"embeddable":true,"href":"https:\/\/www2.unifap.br\/cdh\/wp-json\/wp\/v2\/comments?post=114"}],"version-history":[{"count":62,"href":"https:\/\/www2.unifap.br\/cdh\/wp-json\/wp\/v2\/pages\/114\/revisions"}],"predecessor-version":[{"id":1194,"href":"https:\/\/www2.unifap.br\/cdh\/wp-json\/wp\/v2\/pages\/114\/revisions\/1194"}],"wp:attachment":[{"href":"https:\/\/www2.unifap.br\/cdh\/wp-json\/wp\/v2\/media?parent=114"}],"curies":[{"name":"wp","href":"https:\/\/api.w.org\/{rel}","templated":true}]}}