{"id":49,"date":"2025-06-03T16:04:10","date_gmt":"2025-06-03T19:04:10","guid":{"rendered":"https:\/\/www2.unifap.br\/cdh\/?page_id=49"},"modified":"2025-06-05T14:51:01","modified_gmt":"2025-06-05T17:51:01","slug":"linhas-de-atuacao","status":"publish","type":"page","link":"https:\/\/www2.unifap.br\/cdh\/sobre-a-clinica\/linhas-de-atuacao\/","title":{"rendered":"Linhas de Atua\u00e7\u00e3o"},"content":{"rendered":"\t\t<div data-elementor-type=\"wp-page\" data-elementor-id=\"49\" class=\"elementor elementor-49\">\n\t\t\t\t<div class=\"elementor-element elementor-element-6e0e3db e-flex e-con-boxed e-con e-parent\" data-id=\"6e0e3db\" data-element_type=\"container\" data-e-type=\"container\" data-settings=\"{&quot;background_background&quot;:&quot;gradient&quot;}\">\n\t\t\t\t\t<div class=\"e-con-inner\">\n\t\t<div class=\"elementor-element elementor-element-0376bcc e-con-full e-flex e-con e-child\" data-id=\"0376bcc\" data-element_type=\"container\" data-e-type=\"container\">\n\t\t\t\t<div class=\"elementor-element elementor-element-0e94f0c elementor-widget elementor-widget-heading\" data-id=\"0e94f0c\" data-element_type=\"widget\" data-e-type=\"widget\" data-widget_type=\"heading.default\">\n\t\t\t\t<div class=\"elementor-widget-container\">\n\t\t\t\t\t<h2 class=\"elementor-heading-title elementor-size-default\">Linhas de Atua\u00e7\u00e3o<\/h2>\t\t\t\t<\/div>\n\t\t\t\t<\/div>\n\t\t\t\t<div class=\"elementor-element elementor-element-70f858f elementor-widget elementor-widget-text-editor\" data-id=\"70f858f\" data-element_type=\"widget\" data-e-type=\"widget\" data-widget_type=\"text-editor.default\">\n\t\t\t\t<div class=\"elementor-widget-container\">\n\t\t\t\t\t\t\t\t\t<p>As linhas de atua\u00e7\u00e3o da Cl\u00ednica de Direitos Humanos da UNIFAP (CDH\/UNIFAP) s\u00e3o organizadas por demanda interna ou externa.\u00a0<\/p><p><strong>Demanda interna<\/strong>: Foca no alinhamento das necessidades dentro da pr\u00f3pria UNIFAP.<\/p><p><strong>Demanda externa<\/strong>: Envolve a intera\u00e7\u00e3o com as redes e as institui\u00e7\u00f5es parceiras.<\/p><p>Assim, as linhas de atua\u00e7\u00e3o devem se adequar as compet\u00eancias definidas no art. 4\u00ba do Regimento da CDH\/UNIFAP, visando:<\/p><p>I \u2013 Executar atividades de pr\u00e1tica jur\u00eddica, pesquisa e de extens\u00e3o voltadas para o ensino cl\u00ednico do Direito vinculadas aos direitos humanos;<\/p><p>II \u2013 Capacitar os discentes para realizar pesquisas acad\u00eamicas voltadas para os direitos humanos, objetivando a produ\u00e7\u00e3o de pe\u00e7as t\u00e9cnicas, artigos cient\u00edficos e monografias;<\/p><p>III &#8211; Promover a qualifica\u00e7\u00e3o dos discentes para atua\u00e7\u00e3o pr\u00e1tica na defesa dos direitos humanos, proporcionando viv\u00eancia processual aos discentes em parceria com outras entidades governamentais e n\u00e3o governamentais;<\/p><p>IV \u2013 Estudar a legisla\u00e7\u00e3o, a doutrina, a jurisprud\u00eancia nacional e a internacional dos direitos humanos, formando bancos de dados;<\/p><p>V \u2013 Identificar e monitorar casos de viola\u00e7\u00f5es dos direitos humanos, preferencialmente no Amap\u00e1 e na Regi\u00e3o Amaz\u00f4nica;<\/p><p>VI \u2013 Incentivar interven\u00e7\u00f5es do poder p\u00fablico e da sociedade civil na tutela dos direitos humanos, fornecendo estudos que possam subsidiar pol\u00edticas p\u00fablicas, peti\u00e7\u00f5es ou den\u00fancias;<\/p><p>VII \u2013 Promover a realiza\u00e7\u00e3o de palestras, confer\u00eancias, oficinas, minicursos, semin\u00e1rios e congressos para o aprofundamento e a difus\u00e3o dos estudos em direitos humanos.<\/p>\t\t\t\t\t\t\t\t<\/div>\n\t\t\t\t<\/div>\n\t\t\t\t<\/div>\n\t\t\t\t\t<\/div>\n\t\t\t\t<\/div>\n\t\t\t\t<\/div>\n\t\t","protected":false},"excerpt":{"rendered":"<p>\/*! elementor &#8211; v3.21.0 &#8211; 26-05-2024 *\/ .elementor-heading-title{padding:0;margin:0;line-height:1}.elementor-widget-heading .elementor-heading-title[class*=elementor-size-]&gt;a{color:inherit;font-size:inherit;line-height:inherit}.elementor-widget-heading .elementor-heading-title.elementor-size-small{font-size:15px}.elementor-widget-heading .elementor-heading-title.elementor-size-medium{font-size:19px}.elementor-widget-heading .elementor-heading-title.elementor-size-large{font-size:29px}.elementor-widget-heading .elementor-heading-title.elementor-size-xl{font-size:39px}.elementor-widget-heading .elementor-heading-title.elementor-size-xxl{font-size:59px} Linhas de Atua\u00e7\u00e3o As linhas de&#8230;<\/p>\n","protected":false},"author":3999,"featured_media":0,"parent":26,"menu_order":0,"comment_status":"closed","ping_status":"closed","template":"","meta":{"inline_featured_image":false,"site-sidebar-layout":"no-sidebar","site-content-layout":"","ast-site-content-layout":"full-width-container","site-content-style":"default","site-sidebar-style":"default","ast-global-header-display":"","ast-banner-title-visibility":"","ast-main-header-display":"","ast-hfb-above-header-display":"","ast-hfb-below-header-display":"","ast-hfb-mobile-header-display":"","site-post-title":"disabled","ast-breadcrumbs-content":"","ast-featured-img":"disabled","footer-sml-layout":"","theme-transparent-header-meta":"default","adv-header-id-meta":"","stick-header-meta":"","header-above-stick-meta":"","header-main-stick-meta":"","header-below-stick-meta":"","astra-migrate-meta-layouts":"set","ast-page-background-enabled":"default","ast-page-background-meta":{"desktop":{"background-color":"var(--ast-global-color-4)","background-image":"","background-repeat":"repeat","background-position":"center center","background-size":"auto","background-attachment":"scroll","background-type":"","background-media":"","overlay-type":"","overlay-color":"","overlay-opacity":"","overlay-gradient":""},"tablet":{"background-color":"","background-image":"","background-repeat":"repeat","background-position":"center center","background-size":"auto","background-attachment":"scroll","background-type":"","background-media":"","overlay-type":"","overlay-color":"","overlay-opacity":"","overlay-gradient":""},"mobile":{"background-color":"","background-image":"","background-repeat":"repeat","background-position":"center center","background-size":"auto","background-attachment":"scroll","background-type":"","background-media":"","overlay-type":"","overlay-color":"","overlay-opacity":"","overlay-gradient":""}},"ast-content-background-meta":{"desktop":{"background-color":"var(--ast-global-color-5)","background-image":"","background-repeat":"repeat","background-position":"center center","background-size":"auto","background-attachment":"scroll","background-type":"","background-media":"","overlay-type":"","overlay-color":"","overlay-opacity":"","overlay-gradient":""},"tablet":{"background-color":"var(--ast-global-color-5)","background-image":"","background-repeat":"repeat","background-position":"center center","background-size":"auto","background-attachment":"scroll","background-type":"","background-media":"","overlay-type":"","overlay-color":"","overlay-opacity":"","overlay-gradient":""},"mobile":{"background-color":"var(--ast-global-color-5)","background-image":"","background-repeat":"repeat","background-position":"center center","background-size":"auto","background-attachment":"scroll","background-type":"","background-media":"","overlay-type":"","overlay-color":"","overlay-opacity":"","overlay-gradient":""}},"footnotes":""},"class_list":["post-49","page","type-page","status-publish","hentry"],"_links":{"self":[{"href":"https:\/\/www2.unifap.br\/cdh\/wp-json\/wp\/v2\/pages\/49","targetHints":{"allow":["GET"]}}],"collection":[{"href":"https:\/\/www2.unifap.br\/cdh\/wp-json\/wp\/v2\/pages"}],"about":[{"href":"https:\/\/www2.unifap.br\/cdh\/wp-json\/wp\/v2\/types\/page"}],"author":[{"embeddable":true,"href":"https:\/\/www2.unifap.br\/cdh\/wp-json\/wp\/v2\/users\/3999"}],"replies":[{"embeddable":true,"href":"https:\/\/www2.unifap.br\/cdh\/wp-json\/wp\/v2\/comments?post=49"}],"version-history":[{"count":14,"href":"https:\/\/www2.unifap.br\/cdh\/wp-json\/wp\/v2\/pages\/49\/revisions"}],"predecessor-version":[{"id":690,"href":"https:\/\/www2.unifap.br\/cdh\/wp-json\/wp\/v2\/pages\/49\/revisions\/690"}],"up":[{"embeddable":true,"href":"https:\/\/www2.unifap.br\/cdh\/wp-json\/wp\/v2\/pages\/26"}],"wp:attachment":[{"href":"https:\/\/www2.unifap.br\/cdh\/wp-json\/wp\/v2\/media?parent=49"}],"curies":[{"name":"wp","href":"https:\/\/api.w.org\/{rel}","templated":true}]}}