{"id":1413,"date":"2022-03-03T13:06:39","date_gmt":"2022-03-03T16:06:39","guid":{"rendered":"http:\/\/www2.unifap.br\/celael\/?page_id=1413"},"modified":"2022-03-03T15:38:53","modified_gmt":"2022-03-03T18:38:53","slug":"orientacoes-comite-de-etica","status":"publish","type":"page","link":"https:\/\/www2.unifap.br\/celael\/orientacoes-comite-de-etica\/","title":{"rendered":"Orienta\u00e7\u00f5es Comit\u00ea de \u00e9tica"},"content":{"rendered":"\t\t<div data-elementor-type=\"wp-page\" data-elementor-id=\"1413\" class=\"elementor elementor-1413\">\n\t\t\t\t\t\t<section class=\"elementor-section elementor-top-section elementor-element elementor-element-9873fbe elementor-section-stretched elementor-section-boxed elementor-section-height-default elementor-section-height-default\" data-id=\"9873fbe\" data-element_type=\"section\" data-e-type=\"section\" data-settings=\"{&quot;stretch_section&quot;:&quot;section-stretched&quot;}\">\n\t\t\t\t\t\t<div class=\"elementor-container elementor-column-gap-default\">\n\t\t\t\t\t<div class=\"elementor-column elementor-col-100 elementor-top-column elementor-element elementor-element-83d7256\" data-id=\"83d7256\" data-element_type=\"column\" data-e-type=\"column\">\n\t\t\t<div class=\"elementor-widget-wrap elementor-element-populated\">\n\t\t\t\t\t\t<div class=\"elementor-element elementor-element-ad3a056 elementor-widget elementor-widget-heading\" data-id=\"ad3a056\" data-element_type=\"widget\" data-e-type=\"widget\" data-widget_type=\"heading.default\">\n\t\t\t\t\t<h2 class=\"elementor-heading-title elementor-size-default\">O que \u00e9 o CEP\/UNIFAP<\/h2>\t\t\t\t<\/div>\n\t\t\t\t\t<\/div>\n\t\t<\/div>\n\t\t\t\t\t<\/div>\n\t\t<\/section>\n\t\t\t\t<section class=\"elementor-section elementor-top-section elementor-element elementor-element-c48e8dd elementor-section-stretched elementor-section-boxed elementor-section-height-default elementor-section-height-default\" data-id=\"c48e8dd\" data-element_type=\"section\" data-e-type=\"section\" data-settings=\"{&quot;stretch_section&quot;:&quot;section-stretched&quot;}\">\n\t\t\t\t\t\t<div class=\"elementor-container elementor-column-gap-default\">\n\t\t\t\t\t<div class=\"elementor-column elementor-col-100 elementor-top-column elementor-element elementor-element-831d95d\" data-id=\"831d95d\" data-element_type=\"column\" data-e-type=\"column\">\n\t\t\t<div class=\"elementor-widget-wrap elementor-element-populated\">\n\t\t\t\t\t\t<div class=\"elementor-element elementor-element-7068606 elementor-widget elementor-widget-text-editor\" data-id=\"7068606\" data-element_type=\"widget\" data-e-type=\"widget\" data-widget_type=\"text-editor.default\">\n\t\t\t\t\t\t\t\t\t<p><em>O Comit\u00ea de \u00c9tica em Pesquisa <\/em>(CEP) \u2013 UNIFAP \u00e9 um colegiado multidisciplinar e independente que recebe e avalia projetos de pesquisa envolvendo seres humanos. Possui membros das \u00e1reas da sa\u00fade, ci\u00eancias exatas, sociais e humanas, que avaliam projetos de suas respectivas \u00e1reas de conhecimento de acordo com as diretrizes e normas estabelecidas pelo Conselho Nacional de Sa\u00fade. Foi criado para defender os interesses dos participantes em sua integridade e dignidade e para contribuir no desenvolvimento da pesquisa dentro de padr\u00f5es \u00e9ticos e cient\u00edficos. (Resolu\u00e7\u00e3o n\u00ba466\/12 Conselho Nacional de Sa\u00fade).<\/p><p><strong>Nossa miss\u00e3o<\/strong><\/p><p>O CEP \u00e9 respons\u00e1vel pela avalia\u00e7\u00e3o e acompanhamento dos aspectos \u00e9ticos de todas as pesquisas envolvendo seres humanos. A miss\u00e3o do CEP \u00e9 salvaguardar os direitos e a dignidade dos participantes da pesquisa. Este papel est\u00e1 baseado nas diretrizes \u00e9ticas internacionais (Declara\u00e7\u00e3o de Helsinque, Diretrizes Internacionais para Pesquisas Biom\u00e9dicas envolvendo Seres Humanos \u2013 CIOMS) e brasileiras (Res. CNS n\u00ba466\/12 e complementares). De acordo com estas diretrizes: \u201ctoda pesquisa envolvendo seres humanos dever\u00e1 ser submetida \u00e0 aprecia\u00e7\u00e3o de um CEP\u201d<\/p><p><strong>Atribui\u00e7\u00f5es<\/strong><\/p><p>As atribui\u00e7\u00f5es do CEP s\u00e3o de papel consultivo e educativo, visando contribuir para a qualidade das pesquisas, bem como a valoriza\u00e7\u00e3o do pesquisador, que recebe o reconhecimento de que sua proposta \u00e9 eticamente adequada, como:<\/p><p>* Revisar todos os protocolos de pesquisa envolvendo seres humanos, com a responsabilidade pelas decis\u00f5es sobre a \u00e9tica da pesquisa a ser desenvolvida na institui\u00e7\u00e3o.<\/p><p>* Emitir parecer consubstanciado<\/p><p>* Manter a guarda confidencial e o arquivamento do protocolo completo, que ficar\u00e1 a disposi\u00e7\u00e3o das autoridades competentes.<\/p><p>* Desempenhar papel consultivo e educativo, fomentando a reflex\u00e3o em torno da \u00e9tica na ci\u00eancia.<\/p><p>* Receber dos participantes da pesquisa ou de qualquer parte, den\u00fancias de abusos ou notifica\u00e7\u00e3o sobre fatos adversos que possam alterar o curso normal do estudo, deliberando pela continuidade, modifica\u00e7\u00e3o ou suspens\u00e3o da pesquisa, devendo adequar o termo de consentimento.<\/p><p>* Manter comunica\u00e7\u00e3o regular e permanente com a Comiss\u00e3o Nacional de \u00c9tica em Pesquisa (CONEP\/MS).<\/p><p>Para mais informa\u00e7\u00f5es acessar o site do <a href=\"https:\/\/www2.unifap.br\/comite\/2020\/06\/03\/apresentacao-cepunifap\/.\" target=\"_blank\" rel=\"noopener\">Comit\u00ea de \u00c9tica\u00a0 \u00a0<\/a><\/p><p><a href=\"https:\/\/drive.google.com\/drive\/folders\/1vlxaLuFKlzmEnSk-Tt5HuwCeDO4xDHRW?usp=sharing\" target=\"_blank\" rel=\"noopener\">Documenta\u00e7\u00e3o para submiss\u00e3o de Projeto de Pesquisa ao Comit\u00ea de \u00c9tica<\/a><\/p><p>Link da p\u00e1gina da <a href=\"https:\/\/plataformabrasil.saude.gov.br\/login.jsf\" target=\"_blank\" rel=\"noopener\">Plataforma Brasil<\/a><\/p><p>\u00a0<\/p>\t\t\t\t\t\t\t\t<\/div>\n\t\t\t\t\t<\/div>\n\t\t<\/div>\n\t\t\t\t\t<\/div>\n\t\t<\/section>\n\t\t\t\t<\/div>\n\t\t","protected":false},"excerpt":{"rendered":"<p>O que \u00e9 o CEP\/UNIFAP O Comit\u00ea de \u00c9tica em Pesquisa (CEP) \u2013 UNIFAP \u00e9 um colegiado multidisciplinar e independente&#8230;<\/p>\n","protected":false},"author":3910,"featured_media":0,"parent":0,"menu_order":0,"comment_status":"closed","ping_status":"closed","template":"","meta":{"inline_featured_image":false,"site-sidebar-layout":"default","site-content-layout":"","ast-site-content-layout":"default","site-content-style":"default","site-sidebar-style":"default","ast-global-header-display":"","ast-banner-title-visibility":"","ast-main-header-display":"","ast-hfb-above-header-display":"","ast-hfb-below-header-display":"","ast-hfb-mobile-header-display":"","site-post-title":"","ast-breadcrumbs-content":"","ast-featured-img":"","footer-sml-layout":"","theme-transparent-header-meta":"","adv-header-id-meta":"","stick-header-meta":"","header-above-stick-meta":"","header-main-stick-meta":"","header-below-stick-meta":"","astra-migrate-meta-layouts":"default","ast-page-background-enabled":"default","ast-page-background-meta":{"desktop":{"background-color":"var(--ast-global-color-5)","background-image":"","background-repeat":"repeat","background-position":"center center","background-size":"auto","background-attachment":"scroll","background-type":"","background-media":"","overlay-type":"","overlay-color":"","overlay-opacity":"","overlay-gradient":""},"tablet":{"background-color":"","background-image":"","background-repeat":"repeat","background-position":"center center","background-size":"auto","background-attachment":"scroll","background-type":"","background-media":"","overlay-type":"","overlay-color":"","overlay-opacity":"","overlay-gradient":""},"mobile":{"background-color":"","background-image":"","background-repeat":"repeat","background-position":"center center","background-size":"auto","background-attachment":"scroll","background-type":"","background-media":"","overlay-type":"","overlay-color":"","overlay-opacity":"","overlay-gradient":""}},"ast-content-background-meta":{"desktop":{"background-color":"var(--ast-global-color-4)","background-image":"","background-repeat":"repeat","background-position":"center center","background-size":"auto","background-attachment":"scroll","background-type":"","background-media":"","overlay-type":"","overlay-color":"","overlay-opacity":"","overlay-gradient":""},"tablet":{"background-color":"var(--ast-global-color-4)","background-image":"","background-repeat":"repeat","background-position":"center center","background-size":"auto","background-attachment":"scroll","background-type":"","background-media":"","overlay-type":"","overlay-color":"","overlay-opacity":"","overlay-gradient":""},"mobile":{"background-color":"var(--ast-global-color-4)","background-image":"","background-repeat":"repeat","background-position":"center center","background-size":"auto","background-attachment":"scroll","background-type":"","background-media":"","overlay-type":"","overlay-color":"","overlay-opacity":"","overlay-gradient":""}},"ngg_post_thumbnail":0,"footnotes":""},"class_list":["post-1413","page","type-page","status-publish","hentry"],"_links":{"self":[{"href":"https:\/\/www2.unifap.br\/celael\/wp-json\/wp\/v2\/pages\/1413","targetHints":{"allow":["GET"]}}],"collection":[{"href":"https:\/\/www2.unifap.br\/celael\/wp-json\/wp\/v2\/pages"}],"about":[{"href":"https:\/\/www2.unifap.br\/celael\/wp-json\/wp\/v2\/types\/page"}],"author":[{"embeddable":true,"href":"https:\/\/www2.unifap.br\/celael\/wp-json\/wp\/v2\/users\/3910"}],"replies":[{"embeddable":true,"href":"https:\/\/www2.unifap.br\/celael\/wp-json\/wp\/v2\/comments?post=1413"}],"version-history":[{"count":7,"href":"https:\/\/www2.unifap.br\/celael\/wp-json\/wp\/v2\/pages\/1413\/revisions"}],"predecessor-version":[{"id":1423,"href":"https:\/\/www2.unifap.br\/celael\/wp-json\/wp\/v2\/pages\/1413\/revisions\/1423"}],"wp:attachment":[{"href":"https:\/\/www2.unifap.br\/celael\/wp-json\/wp\/v2\/media?parent=1413"}],"curies":[{"name":"wp","href":"https:\/\/api.w.org\/{rel}","templated":true}]}}