{"id":410,"date":"2025-07-31T16:41:11","date_gmt":"2025-07-31T19:41:11","guid":{"rendered":"https:\/\/www2.unifap.br\/cepp\/home-2\/"},"modified":"2025-08-01T12:46:48","modified_gmt":"2025-08-01T15:46:48","slug":"home-2","status":"publish","type":"page","link":"https:\/\/www2.unifap.br\/cepp\/","title":{"rendered":"Home"},"content":{"rendered":"\r\n<div class=\"wp-block-uagb-container uagb-layout-grid uagb-block-dcd54d79 alignfull uagb-is-root-container\">\r\n<div class=\"wp-block-uagb-info-box uagb-block-6e10a65d uagb-infobox__content-wrap  uagb-infobox-icon-above-title uagb-infobox-image-valign-top\">\r\n<div class=\"uagb-ifb-content\">\r\n<div class=\"uagb-ifb-title-wrap\">\r\n<h1 class=\"uagb-ifb-title\">RENAFOR &#8211; Forma\u00e7\u00e3o Continuada para Educadores Inclusivos<\/h1>\r\n<\/div>\r\n<p class=\"uagb-ifb-desc\">Capacite-se para promover a inclus\u00e3o e garantir o direito \u00e0 educa\u00e7\u00e3o de todos os alunos com defici\u00eancia e TEA nas escolas.<\/p>\r\n<div class=\"uagb-ifb-button-wrapper wp-block-button\"><a class=\"uagb-infobox-cta-link wp-block-button__link\" href=\"\/cepp\/contact-2\" target=\"_self\" rel=\"noopener noreferrer\"><span class=\"uagb-inline-editing\">Saiba Mais<\/span><\/a><\/div>\r\n<\/div>\r\n<\/div>\r\n\r\n\r\n\r\n<div class=\"wp-block-uagb-container uagb-block-dc2ca107\">\r\n<div class=\"wp-block-uagb-image uagb-block-047863f2 wp-block-uagb-image--layout-default wp-block-uagb-image--effect-static wp-block-uagb-image--align-none\">\r\n<figure class=\"wp-block-uagb-image__figure\"><img fetchpriority=\"high\" decoding=\"async\" class=\"uag-image-393\" title=\"hero-homepage\" role=\"img\" src=\"https:\/\/www2.unifap.br\/cepp\/files\/2025\/07\/IMG-INSTA-01.png\" sizes=\"(max-width: 480px) 150px\" srcset=\"https:\/\/www2.unifap.br\/cepp\/files\/2025\/07\/IMG-INSTA-01.png ,https:\/\/www2.unifap.br\/cepp\/files\/2025\/07\/IMG-INSTA-01.png 780w, https:\/\/www2.unifap.br\/cepp\/files\/2025\/07\/IMG-INSTA-01.png 360w\" alt=\"Student texting in a classroom while teacher is writing on the blackboard.\" width=\"1220\" height=\"600\" \/><\/figure>\r\n<\/div>\r\n<\/div>\r\n<\/div>\r\n\r\n\r\n\r\n\r\n<div class=\"wp-block-uagb-container uagb-block-d37c614e alignfull uagb-is-root-container\">\r\n<div class=\"uagb-container-inner-blocks-wrap\">\r\n<div class=\"wp-block-uagb-container uagb-block-7142f2ca\">\r\n<div class=\"wp-block-uagb-info-box uagb-block-ceb45ae2 uagb-infobox__content-wrap  uagb-infobox-icon-above-title uagb-infobox-image-valign-top\">\r\n<div class=\"uagb-ifb-content\">\r\n<div class=\"uagb-ifb-title-wrap\">\r\n<div class=\"uagb-ifb-separator\">\u00a0<\/div>\r\n<h2 class=\"uagb-ifb-title\">Participe da Forma\u00e7\u00e3o Continuada em Educa\u00e7\u00e3o Inclusiva!<\/h2>\r\n<\/div>\r\n<p class=\"uagb-ifb-desc\">O Centro de Estudos e Forma\u00e7\u00e3o permanente para Professores &#8211; CEPP foi criado pela UNIFAP para participar do programa de forma\u00e7\u00e3o continuada, por meio da Coordena\u00e7\u00e3o do Projeto Rede Nacional de Forma\u00e7\u00e3o Continuada de Profissionais do Magist\u00e9rio da Educa\u00e7\u00e3o B\u00e1sica &#8211; RENAFOR, institu\u00eddo pelo Minist\u00e9rio da Educa\u00e7\u00e3o (MEC). Torna p\u00fablica a abertura de processo seletivo de Professores da Educa\u00e7\u00e3o B\u00e1sica para o Curso de Aperfei\u00e7oamento para Professores\/as da Rede P\u00fablica de Educa\u00e7\u00e3o que atuam no Atendimento Educacional Especializado e Professores\/as da Educa\u00e7\u00e3o B\u00e1sica que atuam com o P\u00fablico da Educa\u00e7\u00e3o Especial na perspectiva Inclusiva, com \u00eanfase aos alunos com defici\u00eancia e Transtorno do Espectro Autista.<br \/><br \/>\r\nModalidade: Semipresencial<br \/><br \/>\r\nCarga hor\u00e1ria: 180h<br \/><br \/>\r\nGaranta sua vaga e fortale\u00e7a sua pr\u00e1tica pedag\u00f3gica!<\/p>\r\n<div class=\"uagb-ifb-button-wrapper wp-block-button\"><a class=\"uagb-infobox-cta-link wp-block-button__link\" href=\"\/cepp\/category\/edital\/\" target=\"_self\" rel=\"noopener noreferrer\"><span class=\"uagb-inline-editing\">Acesso o Edital aqui!<\/span><\/a><\/div>\r\n<\/div>\r\n<\/div>\r\n<\/div>\r\n<\/div>\r\n<\/div>\r\n\r\n\r\n\r\n\r\n\r\n<div class=\"wp-block-uagb-container uagb-block-d75db0a2 alignfull uagb-is-root-container\">\r\n<div class=\"uagb-container-inner-blocks-wrap\">\r\n<div class=\"wp-block-uagb-container uagb-block-2f3f5270\">\r\n<div class=\"wp-block-uagb-info-box uagb-block-9a505613 uagb-infobox__content-wrap  uagb-infobox-icon-above-title uagb-infobox-image-valign-top\">\r\n<div class=\"uagb-ifb-content\">\r\n<div class=\"uagb-ifb-title-wrap\">\r\n<h2 class=\"uagb-ifb-title\">Nossa Hist\u00f3ria e Miss\u00e3o<\/h2>\r\n<\/div>\r\n<div class=\"uagb-ifb-separator\">\u00a0<\/div>\r\n<p class=\"uagb-ifb-desc\">O CEPP foi criado pela UNIFAP para oferecer forma\u00e7\u00e3o continuada a educadores da Educa\u00e7\u00e3o B\u00e1sica, focando em pr\u00e1ticas pedag\u00f3gicas inclusivas para alunos com necessidades espec\u00edficas.<br \/><br \/>Nosso objetivo \u00e9 fortalecer o papel dos educadores na promo\u00e7\u00e3o de uma educa\u00e7\u00e3o inclusiva e de qualidade.<\/p>\r\n<div class=\"uagb-ifb-button-wrapper wp-block-button\"><a class=\"uagb-infobox-cta-link wp-block-button__link\" href=\"\/cepp\/about\" target=\"_self\" rel=\"noopener noreferrer\"><span class=\"uagb-inline-editing\">Leia Mais<\/span><\/a><\/div>\r\n<\/div>\r\n<\/div>\r\n<\/div>\r\n\r\n\r\n\r\n<div class=\"wp-block-uagb-container uagb-block-7f4f6bc0\">\r\n<div class=\"wp-block-uagb-image alignright uagb-block-eb547ab7 wp-block-uagb-image--layout-default wp-block-uagb-image--effect-static wp-block-uagb-image--align-right\">\r\n<figure class=\"wp-block-uagb-image__figure\"><img decoding=\"async\" class=\"uag-image-394\" title=\"about-01\" role=\"img\" src=\"https:\/\/www2.unifap.br\/cepp\/files\/2025\/07\/pexels-photo-1595391.jpeg\" sizes=\"(max-width: 480px) 150px\" srcset=\"https:\/\/www2.unifap.br\/cepp\/files\/2025\/07\/pexels-photo-1595391.jpeg ,https:\/\/www2.unifap.br\/cepp\/files\/2025\/07\/pexels-photo-1595391.jpeg 780w, https:\/\/www2.unifap.br\/cepp\/files\/2025\/07\/pexels-photo-1595391.jpeg 360w\" alt=\"A diverse group of adults at work, enjoying a casual meeting indoors with focus and smiles.\" width=\"504\" height=\"550\" \/><\/figure>\r\n<\/div>\r\n<\/div>\r\n<\/div>\r\n<\/div>\r\n\r\n\r\n\r\n<div class=\"wp-block-uagb-container uagb-layout-flex uagb-block-1b929cf8 alignfull uagb-is-root-container\">\r\n<div class=\"uagb-container-inner-blocks-wrap\">\r\n<div class=\"wp-block-uagb-advanced-heading uagb-block-21b1ff24\">\r\n<h2 class=\"uagb-heading-text\">Compromisso com a Educa\u00e7\u00e3o Inclusiva<\/h2>\r\n<\/div>\r\n\r\n\r\n\r\n<div class=\"wp-block-uagb-advanced-heading uagb-block-576f75ce\">\r\n<p class=\"uagb-desc-text\">O CEPP se dedica a capacitar professores, garantindo o acesso \u00e0 educa\u00e7\u00e3o para todos, especialmente para os grupos mais vulner\u00e1veis.<\/p>\r\n<\/div>\r\n<\/div>\r\n<\/div>\r\n\r\n\r\n\r\n<div class=\"wp-block-uagb-container uagb-block-828b433a alignfull uagb-is-root-container\">\r\n<div class=\"uagb-container-inner-blocks-wrap\">\r\n<div class=\"wp-block-uagb-advanced-heading uagb-block-d45806f3\">\r\n<h2 class=\"uagb-heading-text\">Por que Escolher o CEPP?<\/h2>\r\n<p class=\"uagb-desc-text\">Oferecemos forma\u00e7\u00e3o especializada, alinhada \u00e0s necessidades da educa\u00e7\u00e3o inclusiva, focando no desenvolvimento profissional de educadores e no atendimento adequado aos alunos com defici\u00eancia.<\/p>\r\n<div class=\"uagb-separator\">\u00a0<\/div>\r\n<\/div>\r\n\r\n\r\n\r\n<div class=\"wp-block-uagb-container uagb-block-4ffc9f26\">\r\n<div class=\"wp-block-uagb-info-box uagb-block-260eeb5f uagb-infobox__content-wrap  uagb-infobox-icon-above-title uagb-infobox-image-valign-top\">\r\n<div class=\"uagb-ifb-content\">\r\n<div class=\"uagb-ifb-title-wrap\">\r\n<p class=\"uagb-ifb-title-prefix\">01<\/p>\r\n<h3 class=\"uagb-ifb-title\">Especializa\u00e7\u00e3o em Inclus\u00e3o<\/h3>\r\n<\/div>\r\n<p class=\"uagb-ifb-desc\">Nossas forma\u00e7\u00f5es s\u00e3o projetadas para capacitar os profissionais da educa\u00e7\u00e3o a atender a diversidade e promover um ambiente escolar inclusivo e acolhedor.<\/p>\r\n<\/div>\r\n<\/div>\r\n\r\n\r\n\r\n<div class=\"wp-block-uagb-info-box uagb-block-369cad02 uagb-infobox__content-wrap  uagb-infobox-icon-above-title uagb-infobox-image-valign-top\">\r\n<div class=\"uagb-ifb-content\">\r\n<div class=\"uagb-ifb-title-wrap\">\r\n<p class=\"uagb-ifb-title-prefix\">02<\/p>\r\n<h3 class=\"uagb-ifb-title\">Apoio Cont\u00ednuo<\/h3>\r\n<\/div>\r\n<p class=\"uagb-ifb-desc\">Oferecemos suporte cont\u00ednuo aos educadores, promovendo um espa\u00e7o colaborativo para troca de experi\u00eancias e pr\u00e1ticas inovadoras em educa\u00e7\u00e3o inclusiva.<\/p>\r\n<\/div>\r\n<\/div>\r\n\r\n\r\n\r\n<div class=\"wp-block-uagb-info-box uagb-block-e6b6033c uagb-infobox__content-wrap  uagb-infobox-icon-above-title uagb-infobox-image-valign-top\">\r\n<div class=\"uagb-ifb-content\">\r\n<div class=\"uagb-ifb-title-wrap\">\r\n<p class=\"uagb-ifb-title-prefix\">03<\/p>\r\n<h3 class=\"uagb-ifb-title\">Metodologia Inovadora<\/h3>\r\n<\/div>\r\n<p class=\"uagb-ifb-desc\">Utilizamos m\u00e9todos modernos e interativos que facilitam a aprendizagem e aplicabilidade imediata no cotidiano escolar, assegurando efic\u00e1cia nas pr\u00e1ticas pedag\u00f3gicas.<\/p>\r\n<\/div>\r\n<\/div>\r\n<\/div>\r\n<\/div>\r\n<\/div>\r\n\r\n\r\n\r\n<div class=\"wp-block-uagb-container uagb-block-d37c614e alignfull uagb-is-root-container\">\r\n<div class=\"uagb-container-inner-blocks-wrap\">\r\n<div class=\"wp-block-uagb-container uagb-block-7142f2ca\">\r\n<div class=\"wp-block-uagb-info-box uagb-block-ceb45ae2 uagb-infobox__content-wrap  uagb-infobox-icon-above-title uagb-infobox-image-valign-top\">\r\n<div class=\"uagb-ifb-content\">\r\n<div class=\"uagb-ifb-title-wrap\">\r\n<div class=\"uagb-ifb-separator\">\u00a0<\/div>\r\n<h2 class=\"uagb-ifb-title\">Transforme sua pr\u00e1tica educacional hoje!<\/h2>\r\n<\/div>\r\n<p class=\"uagb-ifb-desc\">Inscreva-se agora e torne-se um agente de inclus\u00e3o na educa\u00e7\u00e3o.<\/p>\r\n<div class=\"uagb-ifb-button-wrapper wp-block-button\"><a class=\"uagb-infobox-cta-link wp-block-button__link\" href=\"\/cepp\/contact-2\" target=\"_self\" rel=\"noopener noreferrer\"><span class=\"uagb-inline-editing\">Saiba Mais<\/span><\/a><\/div>\r\n<\/div>\r\n<\/div>\r\n<\/div>\r\n<\/div>\r\n<\/div>\r\n\r\n\r\n\r\n<div class=\"wp-block-uagb-container uagb-block-0dadb056 alignfull uagb-is-root-container\">\r\n<div class=\"uagb-container-inner-blocks-wrap\">\r\n<div class=\"wp-block-uagb-container uag-blocks-common-selector uagb-block-baff6ff5\">\r\n<div class=\"wp-block-uagb-image alignleft uagb-block-3cf17732 wp-block-uagb-image--layout-default wp-block-uagb-image--effect-static wp-block-uagb-image--align-left\">\r\n<figure class=\"wp-block-uagb-image__figure\"><img decoding=\"async\" class=\"uag-image-396\" title=\"impact-img\" role=\"img\" src=\"https:\/\/www2.unifap.br\/cepp\/files\/2025\/07\/pexels-photo-298825.jpeg\" sizes=\"(max-width: 480px) 150px\" srcset=\"https:\/\/www2.unifap.br\/cepp\/files\/2025\/07\/pexels-photo-298825.jpeg ,https:\/\/www2.unifap.br\/cepp\/files\/2025\/07\/pexels-photo-298825.jpeg 780w, https:\/\/www2.unifap.br\/cepp\/files\/2025\/07\/pexels-photo-298825.jpeg 360w\" alt=\"A child playing indoors, stacking colorful wooden toy blocks with joyful illustrations.\" width=\"504\" height=\"350\" \/><\/figure>\r\n<\/div>\r\n<\/div>\r\n\r\n\r\n\r\n<div class=\"wp-block-uagb-container uagb-block-06bcc840\">\r\n<div class=\"wp-block-uagb-advanced-heading uagb-block-49ee3c1d\">\r\n<h2 class=\"uagb-heading-text\">Nosso Impacto<\/h2>\r\n<div class=\"uagb-separator\">\u00a0<\/div>\r\n<p class=\"uagb-desc-text\">Capacitamos educadores para promover uma educa\u00e7\u00e3o inclusiva e transformadora, garantindo acesso e direitos a todos os alunos, especialmente aqueles com necessidades espec\u00edficas.<\/p>\r\n<\/div>\r\n<\/div>\r\n\r\n\r\n\r\n<div class=\"wp-block-uagb-container uagb-layout-grid uagb-block-54d62017\">\r\n<div class=\"wp-block-uagb-counter uagb-block-3f062709 wp-block-uagb-counter--number\">\r\n<\/div>\r\n<\/div>\r\n\r\n\r\n\r\n\n<div class=\"wp-block-uagb-container uagb-block-2e194ea8 alignfull uagb-is-root-container\"><div class=\"uagb-container-inner-blocks-wrap\">\n<div class=\"wp-block-uagb-info-box uagb-block-314e8806 uagb-infobox__content-wrap  uagb-infobox-icon-above-title uagb-infobox-image-valign-top\"><div class=\"uagb-ifb-content\"><div class=\"uagb-ifb-title-wrap\"><div class=\"uagb-ifb-separator\"><\/div><h2 class=\"uagb-ifb-title\">Junte-se a n\u00f3s na forma\u00e7\u00e3o cont\u00ednua!<\/h2><\/div><p class=\"uagb-ifb-desc\">Acesse nossos cursos e aprimore sua carreira hoje.<\/p><div class=\"uagb-ifb-button-wrapper wp-block-button\"><a href=\"\/cepp\/contact-2\/\" class=\"uagb-infobox-cta-link wp-block-button__link\" target=\"_self\" rel=\"noopener noreferrer\" onclick=\"return true;\"><span class=\"uagb-inline-editing\">Saiba Mais<\/span><\/a><\/div><\/div><\/div>\n<\/div><\/div>\n","protected":false},"excerpt":{"rendered":"<p>Compromisso com a Educa\u00e7\u00e3o Inclusiva O CEPP se dedica a capacitar professores, garantindo o acesso \u00e0 educa\u00e7\u00e3o para todos, especialmente&#8230;<\/p>\n","protected":false},"author":1,"featured_media":0,"parent":0,"menu_order":0,"comment_status":"closed","ping_status":"closed","template":"","meta":{"inline_featured_image":false,"_uag_custom_page_level_css":"","site-sidebar-layout":"default","site-content-layout":"","ast-site-content-layout":"default","site-content-style":"default","site-sidebar-style":"default","ast-global-header-display":"","ast-banner-title-visibility":"","ast-main-header-display":"","ast-hfb-above-header-display":"","ast-hfb-below-header-display":"","ast-hfb-mobile-header-display":"","site-post-title":"disabled","ast-breadcrumbs-content":"","ast-featured-img":"","footer-sml-layout":"","theme-transparent-header-meta":"enabled","adv-header-id-meta":"","stick-header-meta":"","header-above-stick-meta":"","header-main-stick-meta":"","header-below-stick-meta":"","astra-migrate-meta-layouts":"set","ast-page-background-enabled":"default","ast-page-background-meta":{"desktop":{"background-color":"var(--ast-global-color-4)","background-image":"","background-repeat":"repeat","background-position":"center center","background-size":"auto","background-attachment":"scroll","background-type":"","background-media":"","overlay-type":"","overlay-color":"","overlay-opacity":"","overlay-gradient":""},"tablet":{"background-color":"","background-image":"","background-repeat":"repeat","background-position":"center center","background-size":"auto","background-attachment":"scroll","background-type":"","background-media":"","overlay-type":"","overlay-color":"","overlay-opacity":"","overlay-gradient":""},"mobile":{"background-color":"","background-image":"","background-repeat":"repeat","background-position":"center center","background-size":"auto","background-attachment":"scroll","background-type":"","background-media":"","overlay-type":"","overlay-color":"","overlay-opacity":"","overlay-gradient":""}},"ast-content-background-meta":{"desktop":{"background-color":"var(--ast-global-color-5)","background-image":"","background-repeat":"repeat","background-position":"center center","background-size":"auto","background-attachment":"scroll","background-type":"","background-media":"","overlay-type":"","overlay-color":"","overlay-opacity":"","overlay-gradient":""},"tablet":{"background-color":"var(--ast-global-color-5)","background-image":"","background-repeat":"repeat","background-position":"center center","background-size":"auto","background-attachment":"scroll","background-type":"","background-media":"","overlay-type":"","overlay-color":"","overlay-opacity":"","overlay-gradient":""},"mobile":{"background-color":"var(--ast-global-color-5)","background-image":"","background-repeat":"repeat","background-position":"center center","background-size":"auto","background-attachment":"scroll","background-type":"","background-media":"","overlay-type":"","overlay-color":"","overlay-opacity":"","overlay-gradient":""}},"ngg_post_thumbnail":0,"footnotes":""},"class_list":["post-410","page","type-page","status-publish","hentry"],"uagb_featured_image_src":{"full":false,"thumbnail":false,"medium":false,"medium_large":false,"large":false,"1536x1536":false,"2048x2048":false},"uagb_author_info":{"display_name":"Rhyan Wad Carvalho","author_link":"https:\/\/www2.unifap.br\/cepp\/author\/rhyan\/"},"uagb_comment_info":0,"uagb_excerpt":"Compromisso com a Educa\u00e7\u00e3o Inclusiva O CEPP se dedica a capacitar professores, garantindo o acesso \u00e0 educa\u00e7\u00e3o para todos, especialmente...","_links":{"self":[{"href":"https:\/\/www2.unifap.br\/cepp\/wp-json\/wp\/v2\/pages\/410","targetHints":{"allow":["GET"]}}],"collection":[{"href":"https:\/\/www2.unifap.br\/cepp\/wp-json\/wp\/v2\/pages"}],"about":[{"href":"https:\/\/www2.unifap.br\/cepp\/wp-json\/wp\/v2\/types\/page"}],"author":[{"embeddable":true,"href":"https:\/\/www2.unifap.br\/cepp\/wp-json\/wp\/v2\/users\/1"}],"replies":[{"embeddable":true,"href":"https:\/\/www2.unifap.br\/cepp\/wp-json\/wp\/v2\/comments?post=410"}],"version-history":[{"count":22,"href":"https:\/\/www2.unifap.br\/cepp\/wp-json\/wp\/v2\/pages\/410\/revisions"}],"predecessor-version":[{"id":931,"href":"https:\/\/www2.unifap.br\/cepp\/wp-json\/wp\/v2\/pages\/410\/revisions\/931"}],"wp:attachment":[{"href":"https:\/\/www2.unifap.br\/cepp\/wp-json\/wp\/v2\/media?parent=410"}],"curies":[{"name":"wp","href":"https:\/\/api.w.org\/{rel}","templated":true}]}}