{"id":412,"date":"2025-07-31T16:41:11","date_gmt":"2025-07-31T19:41:11","guid":{"rendered":"https:\/\/www2.unifap.br\/cepp\/about-2\/"},"modified":"2025-07-31T18:18:56","modified_gmt":"2025-07-31T21:18:56","slug":"about-2","status":"publish","type":"page","link":"https:\/\/www2.unifap.br\/cepp\/about-2\/","title":{"rendered":"Sobre"},"content":{"rendered":"\r\n<div class=\"wp-block-uagb-container uagb-layout-grid uagb-block-dcd54d79 alignfull uagb-is-root-container\">\r\n<div class=\"wp-block-uagb-advanced-heading uagb-block-14e416f9\"><h1 class=\"uagb-heading-text\">Forma\u00e7\u00e3o Continuada para Professores Inclusivos<\/h1><\/div>\r\n\r\n\r\n\r\n<div class=\"wp-block-uagb-container uagb-block-dc2ca107\">\r\n<div class=\"wp-block-uagb-image uagb-block-047863f2 wp-block-uagb-image--layout-default wp-block-uagb-image--effect-static wp-block-uagb-image--align-none\"><figure class=\"wp-block-uagb-image__figure\"><img loading=\"lazy\" decoding=\"async\" srcset=\"https:\/\/www2.unifap.br\/cepp\/files\/2025\/07\/IMG-INSTA-01.png ,https:\/\/www2.unifap.br\/cepp\/files\/2025\/07\/IMG-INSTA-01.png 780w, https:\/\/www2.unifap.br\/cepp\/files\/2025\/07\/IMG-INSTA-01.png 360w\" sizes=\"auto, (max-width: 480px) 150px\" src=\"https:\/\/www2.unifap.br\/cepp\/files\/2025\/07\/IMG-INSTA-01.png\" alt=\"A diverse group of adults at work, enjoying a casual meeting indoors with focus and smiles.\" class=\"uag-image-394\" width=\"1220\" height=\"380\" title=\"hero-about\" loading=\"lazy\" role=\"img\"\/><\/figure><\/div><\/div>\r\n<\/div>\r\n\r\n\r\n\r\n<div class=\"wp-block-uagb-container uagb-block-92c0d32e alignfull uagb-is-root-container\"><div class=\"uagb-container-inner-blocks-wrap\">\r\n<div class=\"wp-block-uagb-advanced-heading uagb-block-62a4bb76\"><h2 class=\"uagb-heading-text\">O compromisso do CEPP com a inclus\u00e3o na educa\u00e7\u00e3o b\u00e1sica<\/h2><div class=\"uagb-separator\"><\/div><\/div>\r\n\r\n\r\n\r\n<div class=\"wp-block-uagb-container uagb-layout-flex uagb-block-25354a82\">\r\n<div class=\"wp-block-uagb-image alignleft uagb-block-bf80e016 wp-block-uagb-image--layout-default wp-block-uagb-image--effect-static wp-block-uagb-image--align-left\"><figure class=\"wp-block-uagb-image__figure\"><img loading=\"lazy\" decoding=\"async\" srcset=\"https:\/\/www2.unifap.br\/cepp\/files\/2025\/07\/pexels-photo-433333.jpeg ,https:\/\/www2.unifap.br\/cepp\/files\/2025\/07\/pexels-photo-433333.jpeg 780w, https:\/\/www2.unifap.br\/cepp\/files\/2025\/07\/pexels-photo-433333.jpeg 360w\" sizes=\"auto, (max-width: 480px) 150px\" src=\"https:\/\/www2.unifap.br\/cepp\/files\/2025\/07\/pexels-photo-433333.jpeg\" alt=\"A monochrome image of a tall stack of books symbolizing education and knowledge.\" class=\"uag-image-395\" width=\"400\" height=\"500\" title=\"about-02\" loading=\"lazy\" role=\"img\"\/><\/figure><\/div>\r\n<\/div>\r\n\r\n\r\n\r\n<div class=\"wp-block-uagb-container uagb-layout-flex uagb-block-d1f4840b\">\r\n<div class=\"wp-block-uagb-advanced-heading uagb-block-c7ad5f67\"><h3 class=\"uagb-heading-text\">O Centro de Estudos e Forma\u00e7\u00e3o Permanente para Professores visa fortalecer a forma\u00e7\u00e3o de educadores, priorizando pr\u00e1ticas inclusivas para alunos com defici\u00eancia e Transtorno do Espectro Autista.<\/h3><div class=\"uagb-separator\"><\/div><\/div>\r\n<\/div>\r\n<\/div><\/div>\r\n\r\n\r\n\r\n<div class=\"wp-block-uagb-container uagb-layout-flex uagb-block-db484d86 alignfull uagb-is-root-container\"><div class=\"uagb-container-inner-blocks-wrap\"><\/div><\/div>\r\n\r\n\r\n\r\n<div class=\"wp-block-uagb-container uagb-block-b94dc08a alignfull uagb-is-root-container\"><div class=\"uagb-container-inner-blocks-wrap\">\r\n<div class=\"wp-block-uagb-advanced-heading uagb-block-55b33644\"><h2 class=\"uagb-heading-text\">Nossa Abordagem<\/h2><p class=\"uagb-desc-text\">Focamos em pr\u00e1ticas pedag\u00f3gicas inclusivas, promovendo o desenvolvimento de estrat\u00e9gias educativas que garantam o direito \u00e0 educa\u00e7\u00e3o para todos.<\/p><div class=\"uagb-separator\"><\/div><\/div>\r\n\r\n\r\n\r\n<div class=\"wp-block-uagb-container uagb-block-78acaab2\">\r\n<div class=\"wp-block-uagb-advanced-heading uagb-block-21cc7176\"><h3 class=\"uagb-heading-text\">Nossa Miss\u00e3o<\/h3><p class=\"uagb-desc-text\">Capacitar educadores para promover pr\u00e1ticas inclusivas na educa\u00e7\u00e3o, contribuindo para uma cultura escolar transformadora e respeitosa das diversidades.<\/p><div class=\"uagb-separator\"><\/div><\/div>\r\n\r\n\r\n\r\n<div class=\"wp-block-uagb-advanced-heading uagb-block-3e306777\"><h3 class=\"uagb-heading-text\">Nossa Vis\u00e3o<\/h3><p class=\"uagb-desc-text\">Ser refer\u00eancia na forma\u00e7\u00e3o de professores, fortalecendo a inclus\u00e3o escolar e o atendimento \u00e0s necessidades educacionais de todos os alunos.<\/p><div class=\"uagb-separator\"><\/div><\/div>\r\n\r\n\r\n\r\n<div class=\"wp-block-uagb-advanced-heading uagb-block-3f53c09e\"><h3 class=\"uagb-heading-text\">Nossos Valores<\/h3><p class=\"uagb-desc-text\">Valorizamos a inclus\u00e3o, o respeito \u00e0 diversidade e a forma\u00e7\u00e3o cont\u00ednua como pilares fundamentais para a educa\u00e7\u00e3o de qualidade.<\/p><\/div>\r\n<\/div>\r\n\r\n\r\n\r\n<div class=\"wp-block-uagb-container uagb-layout-flex uagb-block-0e03757e\">\r\n<div class=\"wp-block-uagb-image alignright uagb-block-b1064e41 wp-block-uagb-image--layout-default wp-block-uagb-image--effect-static wp-block-uagb-image--align-right\"><figure class=\"wp-block-uagb-image__figure\"><img loading=\"lazy\" decoding=\"async\" srcset=\"https:\/\/www2.unifap.br\/cepp\/files\/2025\/07\/pexels-photo-131773.jpeg ,https:\/\/www2.unifap.br\/cepp\/files\/2025\/07\/pexels-photo-131773.jpeg 780w, https:\/\/www2.unifap.br\/cepp\/files\/2025\/07\/pexels-photo-131773.jpeg 360w\" sizes=\"auto, (max-width: 480px) 150px\" src=\"https:\/\/www2.unifap.br\/cepp\/files\/2025\/07\/pexels-photo-131773.jpeg\" alt=\"Dusty chalk resting on chalkboard ledge creating educational atmosphere.\" class=\"uag-image-397\" width=\"564\" height=\"550\" title=\"approach-img\" loading=\"lazy\" role=\"img\"\/><\/figure><\/div>\r\n<\/div>\r\n<\/div><\/div>\r\n\r\n\r\n\n<div class=\"wp-block-uagb-container uagb-block-2e194ea8 alignfull uagb-is-root-container\"><div class=\"uagb-container-inner-blocks-wrap\">\n<div class=\"wp-block-uagb-info-box uagb-block-314e8806 uagb-infobox__content-wrap  uagb-infobox-icon-above-title uagb-infobox-image-valign-top\"><div class=\"uagb-ifb-content\"><div class=\"uagb-ifb-title-wrap\"><div class=\"uagb-ifb-separator\"><\/div><h2 class=\"uagb-ifb-title\">Junte-se a n\u00f3s na forma\u00e7\u00e3o cont\u00ednua!<\/h2><\/div><p class=\"uagb-ifb-desc\">Acesse nossos cursos e aprimore sua carreira hoje.<\/p><div class=\"uagb-ifb-button-wrapper wp-block-button\"><a href=\"\/cepp\/contact-2\/\" class=\"uagb-infobox-cta-link wp-block-button__link\" target=\"_self\" rel=\"noopener noreferrer\" onclick=\"return true;\"><span class=\"uagb-inline-editing\">Saiba Mais<\/span><\/a><\/div><\/div><\/div>\n<\/div><\/div>\n","protected":false},"excerpt":{"rendered":"<p>Forma\u00e7\u00e3o Continuada para Professores Inclusivos O compromisso do CEPP com a inclus\u00e3o na educa\u00e7\u00e3o b\u00e1sica O Centro de Estudos e&#8230;<\/p>\n","protected":false},"author":1,"featured_media":0,"parent":0,"menu_order":0,"comment_status":"closed","ping_status":"closed","template":"","meta":{"inline_featured_image":false,"_uag_custom_page_level_css":"","site-sidebar-layout":"default","site-content-layout":"","ast-site-content-layout":"default","site-content-style":"default","site-sidebar-style":"default","ast-global-header-display":"","ast-banner-title-visibility":"","ast-main-header-display":"","ast-hfb-above-header-display":"","ast-hfb-below-header-display":"","ast-hfb-mobile-header-display":"","site-post-title":"disabled","ast-breadcrumbs-content":"","ast-featured-img":"","footer-sml-layout":"","theme-transparent-header-meta":"enabled","adv-header-id-meta":"","stick-header-meta":"","header-above-stick-meta":"","header-main-stick-meta":"","header-below-stick-meta":"","astra-migrate-meta-layouts":"set","ast-page-background-enabled":"default","ast-page-background-meta":{"desktop":{"background-color":"var(--ast-global-color-4)","background-image":"","background-repeat":"repeat","background-position":"center center","background-size":"auto","background-attachment":"scroll","background-type":"","background-media":"","overlay-type":"","overlay-color":"","overlay-opacity":"","overlay-gradient":""},"tablet":{"background-color":"","background-image":"","background-repeat":"repeat","background-position":"center center","background-size":"auto","background-attachment":"scroll","background-type":"","background-media":"","overlay-type":"","overlay-color":"","overlay-opacity":"","overlay-gradient":""},"mobile":{"background-color":"","background-image":"","background-repeat":"repeat","background-position":"center center","background-size":"auto","background-attachment":"scroll","background-type":"","background-media":"","overlay-type":"","overlay-color":"","overlay-opacity":"","overlay-gradient":""}},"ast-content-background-meta":{"desktop":{"background-color":"var(--ast-global-color-5)","background-image":"","background-repeat":"repeat","background-position":"center center","background-size":"auto","background-attachment":"scroll","background-type":"","background-media":"","overlay-type":"","overlay-color":"","overlay-opacity":"","overlay-gradient":""},"tablet":{"background-color":"var(--ast-global-color-5)","background-image":"","background-repeat":"repeat","background-position":"center center","background-size":"auto","background-attachment":"scroll","background-type":"","background-media":"","overlay-type":"","overlay-color":"","overlay-opacity":"","overlay-gradient":""},"mobile":{"background-color":"var(--ast-global-color-5)","background-image":"","background-repeat":"repeat","background-position":"center center","background-size":"auto","background-attachment":"scroll","background-type":"","background-media":"","overlay-type":"","overlay-color":"","overlay-opacity":"","overlay-gradient":""}},"ngg_post_thumbnail":0,"footnotes":""},"class_list":["post-412","page","type-page","status-publish","hentry"],"uagb_featured_image_src":{"full":false,"thumbnail":false,"medium":false,"medium_large":false,"large":false,"1536x1536":false,"2048x2048":false},"uagb_author_info":{"display_name":"Rhyan Wad Carvalho","author_link":"https:\/\/www2.unifap.br\/cepp\/author\/rhyan\/"},"uagb_comment_info":0,"uagb_excerpt":"Forma\u00e7\u00e3o Continuada para Professores Inclusivos O compromisso do CEPP com a inclus\u00e3o na educa\u00e7\u00e3o b\u00e1sica O Centro de Estudos e...","_links":{"self":[{"href":"https:\/\/www2.unifap.br\/cepp\/wp-json\/wp\/v2\/pages\/412","targetHints":{"allow":["GET"]}}],"collection":[{"href":"https:\/\/www2.unifap.br\/cepp\/wp-json\/wp\/v2\/pages"}],"about":[{"href":"https:\/\/www2.unifap.br\/cepp\/wp-json\/wp\/v2\/types\/page"}],"author":[{"embeddable":true,"href":"https:\/\/www2.unifap.br\/cepp\/wp-json\/wp\/v2\/users\/1"}],"replies":[{"embeddable":true,"href":"https:\/\/www2.unifap.br\/cepp\/wp-json\/wp\/v2\/comments?post=412"}],"version-history":[{"count":5,"href":"https:\/\/www2.unifap.br\/cepp\/wp-json\/wp\/v2\/pages\/412\/revisions"}],"predecessor-version":[{"id":885,"href":"https:\/\/www2.unifap.br\/cepp\/wp-json\/wp\/v2\/pages\/412\/revisions\/885"}],"wp:attachment":[{"href":"https:\/\/www2.unifap.br\/cepp\/wp-json\/wp\/v2\/media?parent=412"}],"curies":[{"name":"wp","href":"https:\/\/api.w.org\/{rel}","templated":true}]}}