{"id":2,"date":"2014-11-28T11:58:16","date_gmt":"2014-11-28T11:58:16","guid":{"rendered":"http:\/\/www2.unifap.br\/cis\/?page_id=2"},"modified":"2017-06-19T21:46:32","modified_gmt":"2017-06-19T21:46:32","slug":"pagina-exemplo","status":"publish","type":"page","link":"https:\/\/www2.unifap.br\/cis\/pagina-exemplo\/","title":{"rendered":"CIS"},"content":{"rendered":"<p align=\"center\"><a href=\"http:\/\/www2.unifap.br\/cis\/files\/2014\/11\/DSCF3006.jpg\"><img fetchpriority=\"high\" decoding=\"async\" class=\"aligncenter size-medium wp-image-16\" alt=\"DSCF3006\" src=\"http:\/\/www2.unifap.br\/cis\/files\/2014\/11\/DSCF3006-300x225.jpg\" width=\"300\" height=\"225\" srcset=\"https:\/\/www2.unifap.br\/cis\/files\/2014\/11\/DSCF3006-300x225.jpg 300w, https:\/\/www2.unifap.br\/cis\/files\/2014\/11\/DSCF3006.jpg 981w\" sizes=\"(max-width: 300px) 100vw, 300px\" \/><\/a><\/p>\n<p align=\"center\">\n<p align=\"JUSTIFY\"><strong>O que \u00e9 a CIS? <\/strong><\/p>\n<p align=\"JUSTIFY\">A CIS \u00e9 a Comiss\u00e3o Interna de Supervis\u00e3o da Carreira dos Cargos T\u00e9cnico administrativos em Educa\u00e7\u00e3o.<\/p>\n<p align=\"JUSTIFY\"><strong>Para que serve a CIS?<\/strong><\/p>\n<p align=\"JUSTIFY\">Para orientar os TAEs nas quest\u00f5es relacionadas \u00e0 carreira do TAE;<\/p>\n<p align=\"JUSTIFY\">Para fiscalizar e avaliar a atua\u00e7\u00e3o nas quest\u00f5es relacionadas \u00e0 Carreira T\u00e9cnico-Administrativa em Educa\u00e7\u00e3o, considerando os aspectos: dimensionamento, capacita\u00e7\u00e3o e avalia\u00e7\u00e3o.<\/p>\n<p align=\"JUSTIFY\">Para propor \u00e0 Comiss\u00e3o Nacional de Supervis\u00e3o as altera\u00e7\u00f5es necess\u00e1rias para o aprimoramento do plano de Carreira dos TAEs;<\/p>\n<p align=\"JUSTIFY\"><strong>Como \u00e9 composta?<\/strong><\/p>\n<p align=\"JUSTIFY\">A CIS \u00e9 composta por representantes dos TAEs, optantes pela Carreira, eleitos entre seus pares (considerando ativos, aposentados e pensionista).<\/p>\n","protected":false},"excerpt":{"rendered":"<p>O que \u00e9 a CIS? A CIS \u00e9 a Comiss\u00e3o Interna de Supervis\u00e3o da Carreira dos Cargos T\u00e9cnico administrativos em Educa\u00e7\u00e3o. Para que serve a CIS? Para orientar os TAEs nas quest\u00f5es relacionadas \u00e0 carreira do TAE; Para fiscalizar e&hellip; <\/p>\n<p><a href=\"https:\/\/www2.unifap.br\/cis\/pagina-exemplo\/\" class=\"readmore-button\">Continue Reading<\/a><\/p>\n","protected":false},"author":167,"featured_media":0,"parent":0,"menu_order":0,"comment_status":"open","ping_status":"closed","template":"","meta":{"inline_featured_image":false,"ngg_post_thumbnail":0,"footnotes":""},"class_list":["post-2","page","type-page","status-publish","hentry"],"_links":{"self":[{"href":"https:\/\/www2.unifap.br\/cis\/wp-json\/wp\/v2\/pages\/2","targetHints":{"allow":["GET"]}}],"collection":[{"href":"https:\/\/www2.unifap.br\/cis\/wp-json\/wp\/v2\/pages"}],"about":[{"href":"https:\/\/www2.unifap.br\/cis\/wp-json\/wp\/v2\/types\/page"}],"author":[{"embeddable":true,"href":"https:\/\/www2.unifap.br\/cis\/wp-json\/wp\/v2\/users\/167"}],"replies":[{"embeddable":true,"href":"https:\/\/www2.unifap.br\/cis\/wp-json\/wp\/v2\/comments?post=2"}],"version-history":[{"count":7,"href":"https:\/\/www2.unifap.br\/cis\/wp-json\/wp\/v2\/pages\/2\/revisions"}],"predecessor-version":[{"id":144,"href":"https:\/\/www2.unifap.br\/cis\/wp-json\/wp\/v2\/pages\/2\/revisions\/144"}],"wp:attachment":[{"href":"https:\/\/www2.unifap.br\/cis\/wp-json\/wp\/v2\/media?parent=2"}],"curies":[{"name":"wp","href":"https:\/\/api.w.org\/{rel}","templated":true}]}}