{"id":12,"date":"2014-08-28T22:06:04","date_gmt":"2014-08-28T22:06:04","guid":{"rendered":"http:\/\/www2.unifap.br\/colares\/?page_id=12"},"modified":"2014-08-28T22:06:37","modified_gmt":"2014-08-28T22:06:37","slug":"computacao-paralela-com-openmpi-em-cluster-beowulf","status":"publish","type":"page","link":"https:\/\/www2.unifap.br\/colares\/projetos-de-pesquisa\/computacao-paralela-com-openmpi-em-cluster-beowulf\/","title":{"rendered":"Computa\u00e7\u00e3o Paralela com OpenMPI em Cluster Beowulf"},"content":{"rendered":"<p><strong>Resumo<\/strong><\/p>\n<p>O projeto de pesquisa trata o problema de demanda computacional exigida para resolu\u00e7\u00e3o de grandes problemas, tanto na \u00e1rea da ci\u00eancia da computa\u00e7\u00e3o como em outras \u00e1reas das engenharias. Uma das formas de solucionar esta car\u00eancia \u00e9 atrav\u00e9s de sistemas de computa\u00e7\u00e3o paralelas que utilizam t\u00e9cnicas de paralelismo de software (uso de bibliotecas de comunica\u00e7\u00e3o, como MPI \u2013 <i>Message Parsing Interface<\/i>) e de hardware (m\u00e1quinas de arquitetura paralela SMP &#8211; <i>Symmetric Multiprocessor<\/i>, NUMA &#8211; <i>Non-Uniform Memory Access<\/i> e MIMD &#8211; <i>Multiple Instruction\u00a0 Multiple Data<\/i>). O objeto de pesquisa deste trabalho tem a finalidade de utilizar os conceitos envolvidos no projeto de sistemas de computa\u00e7\u00e3o paralela e desenvolvimento de aplica\u00e7\u00f5es paralelas, utilizando uma solu\u00e7\u00e3o de baixo custo desenvolvida nos laborat\u00f3rios da NASA em 1994, chamada de <i>Beowulf<\/i> ou <i>Cluster Beowulf<\/i>. Esse tipo de arquitetura utiliza PCs (<i>Personal Computers<\/i>) comuns e software livre conectados por uma rede local (LAN) para a utiliza\u00e7\u00e3o do aplica\u00e7\u00f5es paralelas, aumentando a efici\u00eancia e diminuindo o tempo de execu\u00e7\u00e3o. Este projeto poder\u00e1 estender-se tamb\u00e9m a um cen\u00e1rio envolvendo a Computa\u00e7\u00e3o em Nuvem, com o intuito de criar uma arquitetura em nuvem utilizando o cluster como ambiente computacional, para garantir a disponibilidades dos servi\u00e7os em nuvem EaaS (<i>Everything as a Service<\/i>), e consequentemente garantir o SLA (<i>Service Level Agreement<\/i>) entre o contratante e a contratada fornecedora do servi\u00e7o na nuvem. Outro motivador deste projeto de pesquisa, \u00e9 que poder\u00e1 surgir uma proposta de arquitetura de cluster para nuvens privadas com o intuito das empresas estruturarem seus datacenter para realizarem a entrega de servi\u00e7os de TI (Tecnologia da Informa\u00e7\u00e3o) em seu parque computacional.<\/p>\n<p><strong>PALAVRAS-CHAVE:<\/strong>\u00a0OpenMPI, Programa\u00e7\u00e3o Paralela, Engenharia de Software, Cluster de Alto Desempenho, Cluster Beowulf, Computa\u00e7\u00e3o em Nuvem.<\/p>\n<p><strong>Institui\u00e7\u00e3o:<\/strong>\u00a0DCET\/UNIFAP<\/p>\n<p><strong>Per\u00edodo:<\/strong>\u00a002\/2014<\/p>\n<p>&nbsp;<\/p>\n","protected":false},"excerpt":{"rendered":"<p>Resumo O projeto de pesquisa trata o problema de demanda computacional exigida para resolu\u00e7\u00e3o de grandes problemas, tanto na \u00e1rea da ci\u00eancia da computa\u00e7\u00e3o como em outras \u00e1reas das engenharias. Uma das formas de solucionar esta car\u00eancia \u00e9 atrav\u00e9s de&hellip; <\/p>\n<p><a href=\"https:\/\/www2.unifap.br\/colares\/projetos-de-pesquisa\/computacao-paralela-com-openmpi-em-cluster-beowulf\/\" class=\"readmore-button\">Continue Reading<\/a><\/p>\n","protected":false},"author":470,"featured_media":0,"parent":8,"menu_order":0,"comment_status":"open","ping_status":"open","template":"","meta":{"inline_featured_image":false,"ngg_post_thumbnail":0,"footnotes":""},"class_list":["post-12","page","type-page","status-publish","hentry"],"_links":{"self":[{"href":"https:\/\/www2.unifap.br\/colares\/wp-json\/wp\/v2\/pages\/12","targetHints":{"allow":["GET"]}}],"collection":[{"href":"https:\/\/www2.unifap.br\/colares\/wp-json\/wp\/v2\/pages"}],"about":[{"href":"https:\/\/www2.unifap.br\/colares\/wp-json\/wp\/v2\/types\/page"}],"author":[{"embeddable":true,"href":"https:\/\/www2.unifap.br\/colares\/wp-json\/wp\/v2\/users\/470"}],"replies":[{"embeddable":true,"href":"https:\/\/www2.unifap.br\/colares\/wp-json\/wp\/v2\/comments?post=12"}],"version-history":[{"count":2,"href":"https:\/\/www2.unifap.br\/colares\/wp-json\/wp\/v2\/pages\/12\/revisions"}],"predecessor-version":[{"id":14,"href":"https:\/\/www2.unifap.br\/colares\/wp-json\/wp\/v2\/pages\/12\/revisions\/14"}],"up":[{"embeddable":true,"href":"https:\/\/www2.unifap.br\/colares\/wp-json\/wp\/v2\/pages\/8"}],"wp:attachment":[{"href":"https:\/\/www2.unifap.br\/colares\/wp-json\/wp\/v2\/media?parent=12"}],"curies":[{"name":"wp","href":"https:\/\/api.w.org\/{rel}","templated":true}]}}