{"id":7,"date":"2011-02-15T18:39:04","date_gmt":"2011-02-15T18:39:04","guid":{"rendered":"http:\/\/pororoca.unifap.br\/comite\/"},"modified":"2023-09-25T13:58:00","modified_gmt":"2023-09-25T13:58:00","slug":"membros-do-cep-unifap","status":"publish","type":"page","link":"https:\/\/www2.unifap.br\/comite\/orientacoes\/membros-do-cep-unifap\/","title":{"rendered":"Passo a Passo para Submiss\u00e3o de Projeto de Pesquisa"},"content":{"rendered":"<p>Para mais informa\u00e7\u00f5es acesse:<\/p>\n<p>Attachments<\/p>\n<p><a href=\"http:\/\/www2.unifap.br\/comite\/files\/2011\/02\/SUBMISS\u00c3O_DE_PROJETO_DE_PESQUISA-3.pdf\">SUBMISS\u00c3O_DE_PROJETO_DE_PESQUISA (3)<\/a><\/p>\n<p>&nbsp;<\/p>\n<p>&nbsp;<\/p>\n<p>&nbsp;<\/p>\n","protected":false},"excerpt":{"rendered":"<p>Para mais informa\u00e7\u00f5es acesse: Attachments SUBMISS\u00c3O_DE_PROJETO_DE_PESQUISA (3) &nbsp; &nbsp; &nbsp;<\/p>\n","protected":false},"author":40,"featured_media":0,"parent":321,"menu_order":1,"comment_status":"open","ping_status":"open","template":"","meta":{"inline_featured_image":false,"ngg_post_thumbnail":0,"footnotes":""},"class_list":["post-7","page","type-page","status-publish","hentry"],"_links":{"self":[{"href":"https:\/\/www2.unifap.br\/comite\/wp-json\/wp\/v2\/pages\/7","targetHints":{"allow":["GET"]}}],"collection":[{"href":"https:\/\/www2.unifap.br\/comite\/wp-json\/wp\/v2\/pages"}],"about":[{"href":"https:\/\/www2.unifap.br\/comite\/wp-json\/wp\/v2\/types\/page"}],"author":[{"embeddable":true,"href":"https:\/\/www2.unifap.br\/comite\/wp-json\/wp\/v2\/users\/40"}],"replies":[{"embeddable":true,"href":"https:\/\/www2.unifap.br\/comite\/wp-json\/wp\/v2\/comments?post=7"}],"version-history":[{"count":6,"href":"https:\/\/www2.unifap.br\/comite\/wp-json\/wp\/v2\/pages\/7\/revisions"}],"predecessor-version":[{"id":63,"href":"https:\/\/www2.unifap.br\/comite\/wp-json\/wp\/v2\/pages\/7\/revisions\/63"}],"up":[{"embeddable":true,"href":"https:\/\/www2.unifap.br\/comite\/wp-json\/wp\/v2\/pages\/321"}],"wp:attachment":[{"href":"https:\/\/www2.unifap.br\/comite\/wp-json\/wp\/v2\/media?parent=7"}],"curies":[{"name":"wp","href":"https:\/\/api.w.org\/{rel}","templated":true}]}}