{"id":3716,"date":"2022-03-09T10:27:54","date_gmt":"2022-03-09T13:27:54","guid":{"rendered":"http:\/\/www2.unifap.br\/consu\/?page_id=3716"},"modified":"2022-05-19T00:08:17","modified_gmt":"2022-05-19T03:08:17","slug":"edital-consu-condir-bienio-2022-2024","status":"publish","type":"page","link":"https:\/\/www2.unifap.br\/consu\/?page_id=3716","title":{"rendered":"Edital CONSU\/CONDIR Bi\u00eanio 2022\/2024"},"content":{"rendered":"<p><a href=\"http:\/\/www.unifap.br\/\" target=\"_blank\" rel=\"attachment noopener wp-att-3838\"><img fetchpriority=\"high\" decoding=\"async\" class=\"aligncenter wp-image-3838\" src=\"http:\/\/www2.unifap.br\/consu\/files\/2022\/05\/logomkfigura_redondo_CONSU-CONDIR22.png\" alt=\"\" width=\"397\" height=\"397\"><\/a><\/p>\n<p><span style=\"color: #ff0000\">Arquivos para Download&nbsp;<\/span><\/p>\n<ol>\n<li><a href=\"http:\/\/www2.unifap.br\/consu\/files\/2022\/03\/EDITAL-FINALIZ-CONSU-CONDIR.pdf\" target=\"_blank\" rel=\"noopener noreferrer\">9 de mar\u00e7o de 2022 &#8211; EDITAL &#8211; CONSU-CONDIR<\/a><\/li>\n<li><a href=\"http:\/\/www2.unifap.br\/consu\/files\/2022\/03\/RETIFICACAO-CONSU-CONDIR.pdf\">30 de mar\u00e7o de 2022 &#8211; RETIFICA\u00c7\u00c3O 01<\/a><\/li>\n<li><a href=\"http:\/\/www2.unifap.br\/consu\/files\/2022\/04\/Resultado-das-Analises-das-Inscricoes-CONSU-CONDIR.pdf\" target=\"_blank\" rel=\"noopener\">13 de abril de 2022 &#8211; Resultado das An\u00e1lises das Inscri\u00e7\u00f5es -CONSU-CONDIR<\/a><\/li>\n<li><span style=\"color: #000000\"><a style=\"color: #000000\" href=\"http:\/\/www2.unifap.br\/consu\/files\/2022\/04\/Resultado-das-Analises-das-Inscricoes-e-Chapas-CONSU-CONDIR-.pdf\" target=\"_blank\" rel=\"noopener\">18 de abril de 2022 &#8211; Resultado das An\u00e1lises das Inscri\u00e7\u00f5es e Chapas -CONSU-CONDIR<\/a><\/span><\/li>\n<li><span style=\"color: #0000ff\"><a style=\"color: #0000ff\" href=\"https:\/\/www2.unifap.br\/consu\/?p=3775\" target=\"_blank\" rel=\"noopener\">25 de abril de 2022 \u2013 Rela\u00e7\u00e3o de discentes e servidores APTOS para vota\u00e7\u00e3o<\/a>&nbsp;<\/span><\/li>\n<li><a href=\"http:\/\/www2.unifap.br\/consu\/files\/2022\/04\/Retificacao-Anexo-IV.pdf\">02 de maio de 2022 &#8211; Retifica\u00e7\u00e3o 02 (Anexo IV)<\/a><\/li>\n<li><span style=\"color: #000000\"><a style=\"color: #000000\" href=\"https:\/\/www2.unifap.br\/consu\/?attachment_id=3795\" target=\"_blank\" rel=\"noopener\">4 de maio de 2022 &#8211; Resultado Preliminar&nbsp;<\/a><\/span><\/li>\n<li><span style=\"color: #0000ff\"><a style=\"color: #0000ff\" href=\"https:\/\/www2.unifap.br\/consu\/?attachment_id=3820\" rel=\"attachment wp-att-3820\"><span style=\"color: #000000\">6 de maio de 2022 &#8211; RETIFICA\u00c7\u00c3O 03 <\/span><\/a><\/span><\/li>\n<li><strong><span style=\"color: #0000ff\"><a style=\"color: #0000ff\" href=\"https:\/\/www2.unifap.br\/consu\/?attachment_id=3831\" target=\"_blank\" rel=\"attachment noopener wp-att-3831\">10 de maio de 2022 &#8211; Resultado Final CONSU\/CONDIR 2022 <span style=\"color: #000000\"><img decoding=\"async\" class=\"alignnone wp-image-3802 \" src=\"http:\/\/www2.unifap.br\/consu\/files\/2022\/05\/novo.gif\" alt=\"\" width=\"29\" height=\"11\"><\/span><\/a><\/span><\/strong><\/li>\n<li><span style=\"color: #808080\"><a style=\"color: #808080\" href=\"http:\/\/www.unifap.br\/convite\/\" target=\"_blank\" rel=\"noopener\">13 de maio de 2022 &#8211; CONVITE POSSE DOS MEMBROS CONSELHEIROS<\/a> &#8211; REVOGADO<\/span><\/li>\n<li><span style=\"color: #0000ff\"><strong><a style=\"color: #0000ff\" href=\"https:\/\/www2.unifap.br\/consu\/?attachment_id=3850\" target=\"_blank\" rel=\"attachment noopener wp-att-3850\">15 de maio de 2022 &#8211; Portaria dos Conselheiros<\/a> <\/strong><\/span>(homologada pela reitoria da IES) <span style=\"color: #000000\"><img decoding=\"async\" class=\"alignnone wp-image-3802 \" src=\"http:\/\/www2.unifap.br\/consu\/files\/2022\/05\/novo.gif\" alt=\"\" width=\"29\" height=\"11\"><\/span><\/li>\n<li><span style=\"color: #ff0000\"><strong><a style=\"color: #ff0000\" href=\"http:\/\/www2.unifap.br\/consu\/files\/2022\/05\/arq20220516_Convite_posse_conselheiros_WhatsApp-Image-2022-05-16-at-10H36.jpeg\" target=\"_blank\" rel=\"noopener\">16 de maio de 2022 &#8211; CONVITE ATUALIZADO POSSE DIA 19\/05 \u00c0S 10h no DCET<\/a><\/strong><\/span> &#8211; <span style=\"color: #000000\"><img decoding=\"async\" class=\"alignnone wp-image-3802 \" src=\"http:\/\/www2.unifap.br\/consu\/files\/2022\/05\/novo.gif\" alt=\"\" width=\"29\" height=\"11\"><\/span><\/li>\n<\/ol>\n<p>&nbsp;<\/p>\n","protected":false},"excerpt":{"rendered":"<p>Arquivos para Download&nbsp; 9 de mar\u00e7o de 2022 &#8211; EDITAL &#8211; CONSU-CONDIR 30 de mar\u00e7o de 2022 &#8211; RETIFICA\u00c7\u00c3O 01 13 de abril de 2022 &#8211; Resultado das An\u00e1lises das Inscri\u00e7\u00f5es -CONSU-CONDIR 18 de abril de 2022 &#8211; Resultado das An\u00e1lises das Inscri\u00e7\u00f5es e Chapas -CONSU-CONDIR 25 de abril de 2022 \u2013 Rela\u00e7\u00e3o de discentes&#8230;<\/p>\n","protected":false},"author":418,"featured_media":0,"parent":21,"menu_order":1,"comment_status":"closed","ping_status":"closed","template":"","meta":{"inline_featured_image":false,"ngg_post_thumbnail":0,"footnotes":""},"class_list":["post-3716","page","type-page","status-publish","hentry","entry"],"_links":{"self":[{"href":"https:\/\/www2.unifap.br\/consu\/index.php?rest_route=\/wp\/v2\/pages\/3716","targetHints":{"allow":["GET"]}}],"collection":[{"href":"https:\/\/www2.unifap.br\/consu\/index.php?rest_route=\/wp\/v2\/pages"}],"about":[{"href":"https:\/\/www2.unifap.br\/consu\/index.php?rest_route=\/wp\/v2\/types\/page"}],"author":[{"embeddable":true,"href":"https:\/\/www2.unifap.br\/consu\/index.php?rest_route=\/wp\/v2\/users\/418"}],"replies":[{"embeddable":true,"href":"https:\/\/www2.unifap.br\/consu\/index.php?rest_route=%2Fwp%2Fv2%2Fcomments&post=3716"}],"version-history":[{"count":20,"href":"https:\/\/www2.unifap.br\/consu\/index.php?rest_route=\/wp\/v2\/pages\/3716\/revisions"}],"predecessor-version":[{"id":3857,"href":"https:\/\/www2.unifap.br\/consu\/index.php?rest_route=\/wp\/v2\/pages\/3716\/revisions\/3857"}],"up":[{"embeddable":true,"href":"https:\/\/www2.unifap.br\/consu\/index.php?rest_route=\/wp\/v2\/pages\/21"}],"wp:attachment":[{"href":"https:\/\/www2.unifap.br\/consu\/index.php?rest_route=%2Fwp%2Fv2%2Fmedia&parent=3716"}],"curies":[{"name":"wp","href":"https:\/\/api.w.org\/{rel}","templated":true}]}}