{"id":1806,"date":"2021-03-09T19:30:50","date_gmt":"2021-03-09T22:30:50","guid":{"rendered":"http:\/\/www2.unifap.br\/coreme\/?page_id=1806"},"modified":"2022-10-17T14:22:38","modified_gmt":"2022-10-17T17:22:38","slug":"processo-seletivo-2021-vagas-remanescentes","status":"publish","type":"page","link":"https:\/\/www2.unifap.br\/coreme\/processo-seletivo-2021-vagas-remanescentes\/","title":{"rendered":"Processo Seletivo de Resid\u00eancia M\u00e9dica 2021 &#8211; Vagas Remanescentes"},"content":{"rendered":"<p>A Universidade Federal do Amap\u00e1 (UNIFAP), atrav\u00e9s de sua Comiss\u00e3o de Resid\u00eancia M\u00e9dica (COREME), torna p\u00fablico que realizar\u00e1 Processo Seletivo para preenchimento de vagas remanescentes do Programa de Resid\u00eancia M\u00e9dica em Pediatria, devidamente credenciado pela Comiss\u00e3o Nacional de Resid\u00eancia M\u00e9dica (CNRM) do Minist\u00e9rio da Educa\u00e7\u00e3o (MEC), segundo os crit\u00e9rios abaixo.<\/p>\n<p><strong>Per\u00edodo de Inscri\u00e7\u00e3o:<\/strong> De 11 a 15 de Mar\u00e7o de 2021<\/p>\n<p><strong>Link p\/ inscri\u00e7\u00e3o:<\/strong> <a href=\"https:\/\/sigaa.unifap.br\/sigaa\/public\/processo_seletivo\/lista.jsf\">https:\/\/sigaa.unifap.br\/sigaa\/public\/processo_seletivo\/lista.jsf<\/a><\/p>\n<p><strong>Per\u00edodo para envio do curriculum vitae (vide orienta\u00e7\u00f5es do edital):<\/strong> De 11 a 15 de Mar\u00e7o de 2021<\/p>\n<p><strong>Obs: <\/strong>No Anexo I temos o Sum\u00e1rio a ser utilizado no <em>Curriculum Vitae<\/em><\/p>\n<article>\n<table id=\"table-anexos\">\n<thead>\n<tr>\n<th>N\u00ba<\/th>\n<th>Descri\u00e7\u00e3o<\/th>\n<th>Data<\/th>\n<th>Tamanho<\/th>\n<th>&nbsp;&nbsp;&nbsp;Baixar&nbsp;&nbsp;&nbsp;<\/th>\n<\/tr>\n<\/thead>\n<tbody>\n<tr>\n<td>1<\/td>\n<td>EDITAL N\u00ba 02\/2021 \u2013 COREME\/UNIFAP \u2013 VAGAS REMANESCENTES &#8211; RESID\u00caNCIA M\u00c9DICA 2021.1<\/td>\n<td>09\/03\/2021<\/td>\n<td>889 KB<\/td>\n<th><a style=\"color: #1e803d\" href=\"http:\/\/www.unifap.br\/wp-content\/uploads\/2021\/03\/EDITAL-N\u00ba-02-2021-COREME-UNIFAP-VAGAS-REMANESCENTES-RESID\u00caNCIA-M\u00c9DICA-2021.SIGAA___.pdf\" target=\"_blank\" rel=\"noopener noreferrer\">Confira Aqui<\/a><\/th>\n<\/tr>\n<tr>\n<td>1.1<\/td>\n<td>ANEXO 1<\/td>\n<td>09\/03\/2021<\/td>\n<td>89 KB<\/td>\n<th><a style=\"color: #1e803d\" href=\"http:\/\/www.unifap.br\/wp-content\/uploads\/2021\/03\/ANEXO-I_Vagas-Remanescentes.doc\" target=\"_blank\" rel=\"noopener noreferrer\">Confira Aqui<\/a><\/th>\n<\/tr>\n<tr>\n<td>2<\/td>\n<td>RESULTADO PRELIMINAR DAS INSCRI\u00c7\u00d5ES HOMOLOGADAS<\/td>\n<td>17\/03\/2021<\/td>\n<td>426 KB<\/td>\n<th><a style=\"color: #1e803d\" href=\"http:\/\/www.unifap.br\/wp-content\/uploads\/2021\/03\/RESULTADO-PRELIMINAR-DAS-INSCRI\u00c7\u00d5ES-HOMOLOGADAS_EDITAL-N\u00ba-02-2021_VAGAS-REMANESCENTES_RESID\u00caNCIA-M\u00c9DICA-2021.pdf\" target=\"_blank\" rel=\"noopener noreferrer\">Confira Aqui<\/a><\/th>\n<\/tr>\n<tr>\n<td>3<\/td>\n<td>RESULTADO FINAL DAS INSCRI\u00c7\u00d5ES HOMOLOGADAS<\/td>\n<td>19\/03\/2021<\/td>\n<td>426 KB<\/td>\n<th><a href=\"http:\/\/www.unifap.br\/wp-content\/uploads\/2021\/03\/RESULTADO-FINAL-DAS-INSCRI\u00c7\u00d5ES-HOMOLOGADAS_EDITAL-N\u00ba-02-2021_VAGAS-REMANESCENTES_RESID\u00caNCIA-M\u00c9DICA-2021.pdf\">Confira Aqui<\/a><\/th>\n<\/tr>\n<tr>\n<td>4<\/td>\n<td>RESULTADO PRELIMINAR DA AN\u00c1LISE DE CURRICULUM VITAE E ENTREVISTA<\/td>\n<td>24\/03\/2021<\/td>\n<td>442 KB<\/td>\n<th><a href=\"http:\/\/www.unifap.br\/wp-content\/uploads\/2021\/03\/Resultado-Preliminar-da-An\u00e1lise-de-Curriculum-Vitae-e-Entrevista-Fase-\u00fanica-Vagas-Remanescentes-2021.pdf\">Confira Aqui<\/a><\/th>\n<\/tr>\n<tr>\n<td>5<\/td>\n<td>RESPOSTA DOS RECURSOS APRESENTADOS AO RESULTADO PRELIMINAR DA AN\u00c1LISE DE CURRICULUM VITAE E ENTREVISTA (FASE \u00daNICA)<\/td>\n<td>26\/03\/2021<\/td>\n<td>524 KB<\/td>\n<th><a href=\"http:\/\/www.unifap.br\/wp-content\/uploads\/2021\/03\/RESULTADO-DO-RECURSO_EDITAL-N\u00ba-02-2021_VAGAS-REMANESCENTES_RESID\u00caNCIA-M\u00c9DICA-2021_.pdf\">Confira Aqui<\/a><\/th>\n<\/tr>\n<tr>\n<td>6<\/td>\n<td>RESULTADO FINAL<\/td>\n<td>26\/03\/2021<\/td>\n<td>435 KB<\/td>\n<th><a href=\"http:\/\/www.unifap.br\/wp-content\/uploads\/2021\/03\/Resultado-Final-Vagas-Remanescentes-2021.pdf\">Confira Aqui<\/a><\/th>\n<\/tr>\n<\/tbody>\n<\/table>\n<\/article>\n<p>Acompanhe o Processo Seletivo da Resid\u00eancia M\u00e9dica 2021 \u2013 Edital N\u00ba 02\/2021-COREME\/UNIFAP tamb\u00e9m clicando <a href=\"http:\/\/www.unifap.br\/editais\/processo-seletivo-de-residencia-medica-edital-no-02-2021-coreme-unifap-vagas-remanescentes-residencia-medica-2021-1\/\" target=\"_blank\" rel=\"noopener noreferrer\"><b>AQUI<\/b><\/a>.<\/p>\n","protected":false},"excerpt":{"rendered":"<p>A Universidade Federal do Amap\u00e1 (UNIFAP), atrav\u00e9s de sua Comiss\u00e3o de Resid\u00eancia M\u00e9dica (COREME), torna p\u00fablico que realizar\u00e1 Processo Seletivo para preenchimento de vagas remanescentes do Programa de Resid\u00eancia M\u00e9dica em Pediatria, devidamente credenciado pela Comiss\u00e3o Nacional de Resid\u00eancia M\u00e9dica (CNRM) do Minist\u00e9rio da Educa\u00e7\u00e3o (MEC), segundo os crit\u00e9rios abaixo. Per\u00edodo de Inscri\u00e7\u00e3o: De 11&#8230;<\/p>\n","protected":false},"author":3825,"featured_media":0,"parent":0,"menu_order":0,"comment_status":"closed","ping_status":"closed","template":"","meta":{"inline_featured_image":false,"ngg_post_thumbnail":0,"footnotes":""},"class_list":["post-1806","page","type-page","status-publish","hentry","entry"],"_links":{"self":[{"href":"https:\/\/www2.unifap.br\/coreme\/wp-json\/wp\/v2\/pages\/1806","targetHints":{"allow":["GET"]}}],"collection":[{"href":"https:\/\/www2.unifap.br\/coreme\/wp-json\/wp\/v2\/pages"}],"about":[{"href":"https:\/\/www2.unifap.br\/coreme\/wp-json\/wp\/v2\/types\/page"}],"author":[{"embeddable":true,"href":"https:\/\/www2.unifap.br\/coreme\/wp-json\/wp\/v2\/users\/3825"}],"replies":[{"embeddable":true,"href":"https:\/\/www2.unifap.br\/coreme\/wp-json\/wp\/v2\/comments?post=1806"}],"version-history":[{"count":6,"href":"https:\/\/www2.unifap.br\/coreme\/wp-json\/wp\/v2\/pages\/1806\/revisions"}],"predecessor-version":[{"id":1935,"href":"https:\/\/www2.unifap.br\/coreme\/wp-json\/wp\/v2\/pages\/1806\/revisions\/1935"}],"wp:attachment":[{"href":"https:\/\/www2.unifap.br\/coreme\/wp-json\/wp\/v2\/media?parent=1806"}],"curies":[{"name":"wp","href":"https:\/\/api.w.org\/{rel}","templated":true}]}}