{"id":3,"date":"2017-03-28T14:56:04","date_gmt":"2017-03-28T14:56:04","guid":{"rendered":"http:\/\/www2.unifap.br\/correg\/?page_id=3"},"modified":"2023-06-23T18:01:23","modified_gmt":"2023-06-23T18:01:23","slug":"legislacao","status":"publish","type":"page","link":"https:\/\/www2.unifap.br\/correg\/legislacao\/","title":{"rendered":"Legisla\u00e7\u00e3o"},"content":{"rendered":"<p align=\"center\"><strong>LEGISLA\u00c7\u00c3O PERTINENTE AO PROCESSO ADMINISTRATIVO<\/strong><\/p>\n<ul>\n<li><strong>CONSTITUI\u00c7\u00c3O FEDERAL 1988<\/strong><\/li>\n<\/ul>\n<p><strong><span style=\"text-decoration: underline\"><a href=\"http:\/\/www.planalto.gov.br\/ccivil_03\/constituicao\/constituicaocompilado.htm\">http:\/\/www.planalto.gov.br\/ccivil_03\/constituicao\/constituicaocompilado.htm<\/a><\/span><\/strong><\/p>\n<ul>\n<li><strong>LEI N\u00b0 8.112, DE 11 DE DEZEMBRO DE 1990<\/strong><\/li>\n<\/ul>\n<p style=\"text-align: justify\"><strong>(Disp\u00f5e sobre o regime jur\u00eddico dos servidores p\u00fablicos civis da Uni\u00e3o, das autarquias e das funda\u00e7\u00f5es p\u00fablicas federais)<\/strong><\/p>\n<p><strong><span style=\"text-decoration: underline\"><a href=\"http:\/\/www.planalto.gov.br\/ccivil_03\/leis\/L8112cons.htm\">http:\/\/www.planalto.gov.br\/ccivil_03\/leis\/L8112cons.htm<\/a><\/span><\/strong><\/p>\n<ul>\n<li><strong>DECRETO N\u00ba 5.480, DE 30 DE JUNHO DE 2005<\/strong><\/li>\n<\/ul>\n<p style=\"text-align: justify\"><strong>(Disp\u00f5e sobre o Sistema de Correi\u00e7\u00e3o do Poder Executivo Federal, e d\u00e1 outras provid\u00eancias)<\/strong><\/p>\n<p><strong><span style=\"text-decoration: underline\"><a href=\"http:\/\/www.planalto.gov.br\/ccivil_03\/_Ato2004-2006\/2005\/Decreto\/D5480.htm\">http:\/\/www.planalto.gov.br\/ccivil_03\/_Ato2004-2006\/2005\/Decreto\/D5480.htm<\/a><\/span><\/strong><\/p>\n<ul>\n<li><strong>LEI N\u00ba 9.784\/99 &#8211; LEI GERAL DO PROCESSO ADMINISTRATIVO<\/strong><\/li>\n<\/ul>\n<p><strong>(Regula o processo administrativo no \u00e2mbito da Administra\u00e7\u00e3o P\u00fablica Federal)<\/strong><\/p>\n<p><strong><span style=\"text-decoration: underline\"><a href=\"http:\/\/www.planalto.gov.br\/ccivil_03\/leis\/L9784.htm\">http:\/\/www.planalto.gov.br\/ccivil_03\/leis\/L9784.htm<\/a>\u00a0<\/span><\/strong><\/p>\n<ul>\n<li><strong>LEI N\u00ba 9.873, DE 23 DE NOVEMBRO DE 1999<\/strong><\/li>\n<\/ul>\n<p style=\"text-align: justify\"><strong>(Estabelece prazo de prescri\u00e7\u00e3o para o exerc\u00edcio de a\u00e7\u00e3o punitiva pela administra\u00e7\u00e3o p\u00fablica federal, direta e indireta, e d\u00e1 outras provid\u00eancias)<\/strong><\/p>\n<p><strong><span style=\"text-decoration: underline\"><a href=\"http:\/\/www.planalto.gov.br\/ccivil_03\/leis\/L9873.htm\">http:\/\/www.planalto.gov.br\/ccivil_03\/leis\/L9873.htm<\/a><\/span><\/strong><\/p>\n<ul>\n<li><strong>LEI N\u00ba 8.429\/92 \u2013 LEI DE IMPROBIDADE ADMINISTRATIVA<\/strong><\/li>\n<\/ul>\n<p><strong><span style=\"text-decoration: underline\"><a href=\"http:\/\/www.planalto.gov.br\/ccivil_03\/leis\/L8429.htm\">http:\/\/www.planalto.gov.br\/ccivil_03\/leis\/L8429.htm<\/a><\/span><\/strong><\/p>\n<ul>\n<li><strong>LEI N\u00ba 12.846, DE 1\u00ba DE AGOSTO DE 2013<\/strong><\/li>\n<\/ul>\n<p style=\"text-align: justify\"><strong>(Disp\u00f5e sobre a responsabiliza\u00e7\u00e3o administrativa e civil de pessoas jur\u00eddicas pela pr\u00e1tica de atos contra a administra\u00e7\u00e3o p\u00fablica, nacional ou estrangeira, e d\u00e1 outras provid\u00eancias)<\/strong><\/p>\n<p><strong><span style=\"text-decoration: underline\"><a href=\"http:\/\/www.planalto.gov.br\/ccivil_03\/_ato2011-2014\/2013\/lei\/l12846.htm\">http:\/\/www.planalto.gov.br\/ccivil_03\/_ato2011-2014\/2013\/lei\/l12846.htm<\/a><\/span><\/strong><\/p>\n<ul>\n<li><strong>LEI N\u00ba 12.527\/2011 \u2013 LEI DE ACESSO \u00c0 INFORMA\u00c7\u00c3O (LAI)<\/strong><\/li>\n<\/ul>\n<p style=\"text-align: justify\"><strong>(Regula o acesso a informa\u00e7\u00f5es previsto no inciso XXXIII do art. 5<span style=\"text-decoration: underline\"><sup>o<\/sup><\/span>, no inciso II do \u00a7 3<span style=\"text-decoration: underline\"><sup>o<\/sup><\/span>\u00a0do art. 37 e no \u00a7 2<span style=\"text-decoration: underline\"><sup>o<\/sup><\/span>\u00a0do art. 216 da Constitui\u00e7\u00e3o Federal; altera a Lei n<span style=\"text-decoration: underline\"><sup>o<\/sup><\/span>\u00a08.112, de 11 de dezembro de 1990; revoga a Lei n<span style=\"text-decoration: underline\"><sup>o<\/sup><\/span>\u00a011.111, de 5 de maio de 2005, e dispositivos da Lei n<span style=\"text-decoration: underline\"><sup>o<\/sup><\/span>\u00a08.159, de 8 de janeiro de 1991; e d\u00e1 outras provid\u00eancias.)<\/strong><\/p>\n<p><strong><span style=\"text-decoration: underline\"><a href=\"http:\/\/www.planalto.gov.br\/ccivil_03\/_ato2011-2014\/2011\/lei\/l12527.htm\">http:\/\/www.planalto.gov.br\/ccivil_03\/_ato2011-2014\/2011\/lei\/l12527.htm<\/a><\/span><\/strong><\/p>\n<ul>\n<li><strong>LEI N\u00ba 12.813, DE 16 DE MAIO DE 2013<\/strong><\/li>\n<\/ul>\n<p style=\"text-align: justify\"><strong>(Disp\u00f5e sobre o conflito de interesses no exerc\u00edcio de cargo ou emprego do Poder Executivo federal e impedimentos posteriores ao exerc\u00edcio do cargo ou emprego; e revoga dispositivos da Lei n<span style=\"text-decoration: underline\"><sup>o<\/sup><\/span>\u00a09.986, de 18 de julho de 2000, e das Medidas Provis\u00f3rias n<span style=\"text-decoration: underline\"><sup>os<\/sup><\/span>\u00a02.216-37, de 31 de agosto de 2001, e 2.225-45, de 4 de setembro de 2001)<\/strong><\/p>\n<p><strong><span style=\"text-decoration: underline\"><a href=\"http:\/\/www.planalto.gov.br\/ccivil_03\/_ato2011-2014\/2013\/lei\/l12813.htm\">http:\/\/www.planalto.gov.br\/ccivil_03\/_ato2011-2014\/2013\/lei\/l12813.htm<\/a><\/span><\/strong><\/p>\n<ul>\n<li><strong>DECRETO N\u00ba 5.483, DE 30 DE JUNHO 2005<\/strong><\/li>\n<\/ul>\n<p style=\"text-align: justify\"><strong>(Regulamenta, no \u00e2mbito do Poder Executivo Federal, o art. 13 da Lei n<sup><span style=\"text-decoration: underline\">o<\/span><\/sup>\u00a08.429, de 2 de junho de 1992, institui a sindic\u00e2ncia patrimonial e d\u00e1 outras provid\u00eancias)<\/strong><\/p>\n<p><strong><a href=\"http:\/\/www.planalto.gov.br\/ccivil_03\/_ato2004-2006\/2005\/decreto\/d5483.htm\">http:\/\/www.planalto.gov.br\/ccivil_03\/_ato2004-2006\/2005\/decreto\/d5483.htm<\/a><\/strong><\/p>\n<ul>\n<li><strong>PORTARIA-CGU N\u00ba 1.043, DE 24 DE JULHO DE 2007<\/strong><\/li>\n<\/ul>\n<p style=\"text-align: justify\"><strong>(Estabelece a obrigatoriedade de uso do Sistema de Gest\u00e3o de Processos Disciplinares &#8211; CGU-PAD para o gerenciamento das informa\u00e7\u00f5es sobre processos disciplinares no \u00e2mbito do Sistema de Correi\u00e7\u00e3o do Poder Executivo Federal e d\u00e1 outras provid\u00eancias)<\/strong><\/p>\n<p style=\"text-align: justify\"><strong><a href=\"http:\/\/www.cgu.gov.br\/sobre\/legislacao\/portarias\">http:\/\/www.cgu.gov.br\/sobre\/legislacao\/portarias<\/a><\/strong><\/p>\n<ul>\n<li><strong>PORTARIA-CGU N\u00ba 1613, DE 27 DE JULHO DE 2012<\/strong><\/li>\n<\/ul>\n<p style=\"text-align: justify\"><strong>(Regulamenta os procedimentos relativos \u00e0 disponibiliza\u00e7\u00e3o, \u00e0 classifica\u00e7\u00e3o, ao tratamento e \u00e0 gest\u00e3o da informa\u00e7\u00e3o de natureza restrita e sigilosa no \u00e2mbito da Controladoria-Geral da Uni\u00e3o)<\/strong><\/p>\n<p><strong>\u00a0<a href=\"http:\/\/www.cgu.gov.br\/sobre\/legislacao\/portarias\">http:\/\/www.cgu.gov.br\/sobre\/legislacao\/portarias<\/a><\/strong><\/p>\n<ul>\n<li><strong>INSTRU\u00c7\u00c3O NORMATIVA-CGU N.\u00ba 12<\/strong><\/li>\n<\/ul>\n<p style=\"text-align: justify\"><strong>(Regulamenta a ado\u00e7\u00e3o de videoconfer\u00eancia na instru\u00e7\u00e3o de processos e procedimentos disciplinares no \u00e2mbito do Sistema de Correi\u00e7\u00e3o do Poder Executivo Federal, visando assegurar os direitos ao contradit\u00f3rio e \u00e0 ampla defesa)<\/strong><\/p>\n<p><strong><a href=\"http:\/\/www.cgu.gov.br\/sobre\/legislacao\/instrucoes-normativas\">http:\/\/www.cgu.gov.br\/sobre\/legislacao\/instrucoes-normativas<\/a><\/strong><\/p>\n<ul>\n<li><strong>INSTRU\u00c7\u00c3O NORMATIVA-CGU N\u00b0 4\/2009 &#8211; TERMO CIRCUNSTANCIADO ADMINISTRATIVO<\/strong><\/li>\n<\/ul>\n<p style=\"text-align: justify\"><strong>(Possibilita a utiliza\u00e7\u00e3o de Termo Circunstanciado Administrativo &#8211; TCA para apura\u00e7\u00e3o de extravio ou dano que implique em preju\u00edzo de pequeno valor.)<\/strong><\/p>\n<p><strong><a href=\"http:\/\/www.cgu.gov.br\/sobre\/legislacao\/instrucoes-normativas\">http:\/\/www.cgu.gov.br\/sobre\/legislacao\/instrucoes-normativas<\/a><\/strong><\/p>\n<ul>\n<li><strong>ENUNCIADOS DA COMISS\u00c3O DE COORDENA\u00c7\u00c3O DE CORREI\u00c7\u00c3O \u2013 CCC<\/strong><\/li>\n<\/ul>\n<p style=\"text-align: justify\"><strong>(Enunciados publicados com o objetivo de unificar entendimentos dos \u00f3rg\u00e3os e unidades que integram o Sistema de Correi\u00e7\u00e3o do Poder Executivo Federal)<\/strong><\/p>\n<p><strong><a href=\"http:\/\/www.cgu.gov.br\/assuntos\/atividade-disciplinar\/comissao-de-coordenacao-de-correicao\/enunciados-e-demais-documentos-aprovados\">http:\/\/www.cgu.gov.br\/assuntos\/atividade-disciplinar\/comissao-de-coordenacao-de-correicao\/enunciados-e-demais-documentos-aprovados<\/a><\/strong><\/p>\n<ul>\n<li><strong>DECRETO-LEI N\u00ba 2.848\/40 &#8211; C\u00d3DIGO PENAL<\/strong><\/li>\n<\/ul>\n<p><strong><a href=\"http:\/\/www.planalto.gov.br\/ccivil_03\/decreto-lei\/Del2848.htm\">http:\/\/www.planalto.gov.br\/ccivil_03\/decreto-lei\/Del2848.htm<\/a><\/strong><\/p>\n<ul>\n<li><strong>DECRETO-LEI N\u00ba 3.689\/41 &#8211; C\u00d3DIGO DE PROCESSO PENAL<\/strong><\/li>\n<\/ul>\n<p><strong><a href=\"http:\/\/www.planalto.gov.br\/ccivil_03\/decreto-lei\/Del3689.htm\">http:\/\/www.planalto.gov.br\/ccivil_03\/decreto-lei\/Del3689.htm<\/a><\/strong><\/p>\n<ul>\n<li><strong>LEI N\u00ba 10.406\/02 &#8211; C\u00d3DIGO CIVIL BRASILEIRO<\/strong><\/li>\n<\/ul>\n<p><strong><a href=\"http:\/\/www.planalto.gov.br\/ccivil_03\/leis\/2002\/L10406.htm\">http:\/\/www.planalto.gov.br\/ccivil_03\/leis\/2002\/L10406.htm<\/a><\/strong><\/p>\n<ul>\n<li><strong>DECRETO N\u00ba 7.203, DE 4 DE JUNHO DE 2010<\/strong><\/li>\n<\/ul>\n<p style=\"text-align: justify\"><strong>(Disp\u00f5e sobre a veda\u00e7\u00e3o do nepotismo no \u00e2mbito da administra\u00e7\u00e3o p\u00fablica federal)<\/strong><\/p>\n<p><strong><a href=\"http:\/\/www.planalto.gov.br\/ccivil_03\/_Ato2007-2010\/2010\/Decreto\/D7203.htm\"><b>http:\/\/www.planalto.gov.br\/ccivil_03\/_Ato2007-2010\/2010\/Decreto\/D7203.htm\u00a0<\/b><\/a><\/strong><\/p>\n<ul>\n<li><strong>RESOLU\u00c7\u00c3O N\u00ba 20\/2016\/CONSU-UNIFAP<\/strong><\/li>\n<\/ul>\n<p><strong>(Institui, na estrutura organizacional da Universidade Federal do Amap\u00e1, a Corregedoria como Unidade Seccional de Correi\u00e7\u00e3o)<\/strong><\/p>\n<p><strong><a href=\"https:\/\/www2.unifap.br\/consu\/files\/2016\/10\/Resolu%c3%a7%c3%a3o-n%c2%ba-20-2016-Homologa-a-Res.-n%c2%ba-16-2015-que-Institui-a-Corregedoria-e-aprova-Regimento.pdf\">https:\/\/www2.unifap.br\/consu\/files\/2016<\/a><\/strong><\/p>\n<p>&nbsp;<\/p>\n<p>&nbsp;<\/p>\n<p style=\"text-align: justify\"><strong>\u00a0<\/strong><\/p>\n","protected":false},"excerpt":{"rendered":"<p>LEGISLA\u00c7\u00c3O PERTINENTE AO PROCESSO ADMINISTRATIVO CONSTITUI\u00c7\u00c3O FEDERAL 1988 http:\/\/www.planalto.gov.br\/ccivil_03\/constituicao\/constituicaocompilado.htm LEI N\u00b0 8.112, DE 11 DE DEZEMBRO DE 1990 (Disp\u00f5e sobre o regime jur\u00eddico dos servidores p\u00fablicos civis da Uni\u00e3o, das autarquias e das funda\u00e7\u00f5es p\u00fablicas federais) http:\/\/www.planalto.gov.br\/ccivil_03\/leis\/L8112cons.htm DECRETO N\u00ba 5.480, DE 30 DE JUNHO DE 2005 (Disp\u00f5e sobre o Sistema de Correi\u00e7\u00e3o do Poder Executivo&#8230;<\/p>\n","protected":false},"author":873,"featured_media":0,"parent":0,"menu_order":0,"comment_status":"open","ping_status":"open","template":"","meta":{"inline_featured_image":false,"site-sidebar-layout":"default","site-content-layout":"","ast-site-content-layout":"default","site-content-style":"default","site-sidebar-style":"default","ast-global-header-display":"","ast-banner-title-visibility":"","ast-main-header-display":"","ast-hfb-above-header-display":"","ast-hfb-below-header-display":"","ast-hfb-mobile-header-display":"","site-post-title":"","ast-breadcrumbs-content":"","ast-featured-img":"","footer-sml-layout":"","theme-transparent-header-meta":"","adv-header-id-meta":"","stick-header-meta":"","header-above-stick-meta":"","header-main-stick-meta":"","header-below-stick-meta":"","astra-migrate-meta-layouts":"default","ast-page-background-enabled":"default","ast-page-background-meta":{"desktop":{"background-color":"var(--ast-global-color-4)","background-image":"","background-repeat":"repeat","background-position":"center center","background-size":"auto","background-attachment":"scroll","background-type":"","background-media":"","overlay-type":"","overlay-color":"","overlay-opacity":"","overlay-gradient":""},"tablet":{"background-color":"","background-image":"","background-repeat":"repeat","background-position":"center center","background-size":"auto","background-attachment":"scroll","background-type":"","background-media":"","overlay-type":"","overlay-color":"","overlay-opacity":"","overlay-gradient":""},"mobile":{"background-color":"","background-image":"","background-repeat":"repeat","background-position":"center center","background-size":"auto","background-attachment":"scroll","background-type":"","background-media":"","overlay-type":"","overlay-color":"","overlay-opacity":"","overlay-gradient":""}},"ast-content-background-meta":{"desktop":{"background-color":"var(--ast-global-color-5)","background-image":"","background-repeat":"repeat","background-position":"center center","background-size":"auto","background-attachment":"scroll","background-type":"","background-media":"","overlay-type":"","overlay-color":"","overlay-opacity":"","overlay-gradient":""},"tablet":{"background-color":"var(--ast-global-color-5)","background-image":"","background-repeat":"repeat","background-position":"center center","background-size":"auto","background-attachment":"scroll","background-type":"","background-media":"","overlay-type":"","overlay-color":"","overlay-opacity":"","overlay-gradient":""},"mobile":{"background-color":"var(--ast-global-color-5)","background-image":"","background-repeat":"repeat","background-position":"center center","background-size":"auto","background-attachment":"scroll","background-type":"","background-media":"","overlay-type":"","overlay-color":"","overlay-opacity":"","overlay-gradient":""}},"ngg_post_thumbnail":0,"footnotes":""},"class_list":["post-3","page","type-page","status-publish","hentry"],"_links":{"self":[{"href":"https:\/\/www2.unifap.br\/correg\/wp-json\/wp\/v2\/pages\/3","targetHints":{"allow":["GET"]}}],"collection":[{"href":"https:\/\/www2.unifap.br\/correg\/wp-json\/wp\/v2\/pages"}],"about":[{"href":"https:\/\/www2.unifap.br\/correg\/wp-json\/wp\/v2\/types\/page"}],"author":[{"embeddable":true,"href":"https:\/\/www2.unifap.br\/correg\/wp-json\/wp\/v2\/users\/873"}],"replies":[{"embeddable":true,"href":"https:\/\/www2.unifap.br\/correg\/wp-json\/wp\/v2\/comments?post=3"}],"version-history":[{"count":16,"href":"https:\/\/www2.unifap.br\/correg\/wp-json\/wp\/v2\/pages\/3\/revisions"}],"predecessor-version":[{"id":209,"href":"https:\/\/www2.unifap.br\/correg\/wp-json\/wp\/v2\/pages\/3\/revisions\/209"}],"wp:attachment":[{"href":"https:\/\/www2.unifap.br\/correg\/wp-json\/wp\/v2\/media?parent=3"}],"curies":[{"name":"wp","href":"https:\/\/api.w.org\/{rel}","templated":true}]}}