{"id":15,"date":"2009-12-10T11:24:46","date_gmt":"2009-12-10T13:24:46","guid":{"rendered":"http:\/\/saojose.unifap.br\/cpa\/?page_id=15"},"modified":"2018-03-12T18:40:18","modified_gmt":"2018-03-12T18:40:18","slug":"legislacao","status":"publish","type":"page","link":"https:\/\/www2.unifap.br\/cpa\/legislacao\/","title":{"rendered":"Legisla\u00e7\u00e3o"},"content":{"rendered":"<h1>SINAES<\/h1>\n<p style=\"text-align: justify\">Criado pela Lei n\u00b0 10.861, de 14 de abril de 2004, o\u00a0<strong>Sistema Nacional de Avalia\u00e7\u00e3o da Educa\u00e7\u00e3o Superior (Sinaes)<\/strong> \u00e9 formado por tr\u00eas componentes principais: a avalia\u00e7\u00e3o das institui\u00e7\u00f5es, dos cursos e do desempenho dos estudantes. O Sinaes avalia todos os aspectos que giram em torno desses tr\u00eas eixos: o ensino, a pesquisa, a extens\u00e3o, a responsabilidade social, o desempenho dos alunos, a gest\u00e3o da institui\u00e7\u00e3o, o corpo docente, as instala\u00e7\u00f5es e v\u00e1rios outros aspectos.<\/p>\n<p><strong>Links:<\/strong><\/p>\n<p><a href=\"http:\/\/www.planalto.gov.br\/ccivil_03\/_ato2004-2006\/2004\/lei\/l10.861.htm\" target=\"_blank\">Lei 10861<\/a><span style=\"font-size: 13px\">\u00a0<\/span><\/p>\n<p><a href=\"http:\/\/www2.unifap.br\/cpa\/files\/2012\/02\/portaria_2051.pdf\">Portaria 2051<\/a><\/p>\n<p><a href=\"http:\/\/www2.unifap.br\/cpa\/files\/2009\/12\/nota_tecnica_n14_2014-CPA.pdf\">Nota_Tecnica_n14_2014 CPA<\/a><\/p>\n<p><a href=\"http:\/\/www2.unifap.br\/cpa\/files\/2009\/12\/Nota_Tecnica_No65_2014_Relatorio_CPA.pdf\">Nota_Tecnica_65_2014_Relatorio_CPA<\/a><\/p>\n","protected":false},"excerpt":{"rendered":"<p>SINAES Criado pela Lei n\u00b0 10.861, de 14 de abril de 2004, o\u00a0Sistema Nacional de Avalia\u00e7\u00e3o da Educa\u00e7\u00e3o Superior (Sinaes) \u00e9 formado por tr\u00eas componentes principais: a avalia\u00e7\u00e3o das institui\u00e7\u00f5es, dos cursos e do desempenho dos estudantes. O Sinaes avalia&hellip; <\/p>\n<p><a href=\"https:\/\/www2.unifap.br\/cpa\/legislacao\/\" class=\"readmore-button\">Continue Reading<\/a><\/p>\n","protected":false},"author":1,"featured_media":0,"parent":0,"menu_order":0,"comment_status":"closed","ping_status":"closed","template":"","meta":{"inline_featured_image":false,"ngg_post_thumbnail":0,"footnotes":""},"class_list":["post-15","page","type-page","status-publish","hentry"],"_links":{"self":[{"href":"https:\/\/www2.unifap.br\/cpa\/wp-json\/wp\/v2\/pages\/15","targetHints":{"allow":["GET"]}}],"collection":[{"href":"https:\/\/www2.unifap.br\/cpa\/wp-json\/wp\/v2\/pages"}],"about":[{"href":"https:\/\/www2.unifap.br\/cpa\/wp-json\/wp\/v2\/types\/page"}],"author":[{"embeddable":true,"href":"https:\/\/www2.unifap.br\/cpa\/wp-json\/wp\/v2\/users\/1"}],"replies":[{"embeddable":true,"href":"https:\/\/www2.unifap.br\/cpa\/wp-json\/wp\/v2\/comments?post=15"}],"version-history":[{"count":10,"href":"https:\/\/www2.unifap.br\/cpa\/wp-json\/wp\/v2\/pages\/15\/revisions"}],"predecessor-version":[{"id":339,"href":"https:\/\/www2.unifap.br\/cpa\/wp-json\/wp\/v2\/pages\/15\/revisions\/339"}],"wp:attachment":[{"href":"https:\/\/www2.unifap.br\/cpa\/wp-json\/wp\/v2\/media?parent=15"}],"curies":[{"name":"wp","href":"https:\/\/api.w.org\/{rel}","templated":true}]}}