{"id":220,"date":"2015-05-06T01:01:40","date_gmt":"2015-05-06T01:01:40","guid":{"rendered":"http:\/\/www2.unifap.br\/cpa\/?page_id=220"},"modified":"2018-11-19T21:24:55","modified_gmt":"2018-11-19T21:24:55","slug":"instrumentos-de-autoavaliacao","status":"publish","type":"page","link":"https:\/\/www2.unifap.br\/cpa\/instrumentos-de-autoavaliacao\/","title":{"rendered":"Instrumentos de avalia\u00e7\u00e3o"},"content":{"rendered":"<p>Clique nos <em>links<\/em> para acessar.<\/p>\n<ul>\n<li><a href=\"http:\/\/portal.inep.gov.br\/instrumentos1\" target=\"_blank\">AVALIA\u00c7\u00c3O INSTITUCIONAL Externa Presencial e a Dist\u00e2ncia (Credenciamento e Recredenciamento) &#8211; 2017<\/a><\/li>\n<\/ul>\n<p>&nbsp;<\/p>\n<ul>\n<li><a href=\"http:\/\/www2.unifap.br\/cpa\/files\/2015\/05\/instrumento_institucional-novo.pdf\">INSTRUMENTO DE AUTOAVALIA\u00c7\u00c3O &#8211; INEP (antigo)<\/a><\/li>\n<li><a href=\"http:\/\/www2.unifap.br\/cpa\/files\/2015\/05\/instrumento_avaliacao_cursos_graduacao_presencial_distancia.pdf\">INSTRUMENTO DE AVALIA\u00c7\u00c3O DE CURSOS &#8211; INEP (antigo)<\/a><\/li>\n<li><a href=\"http:\/\/www2.unifap.br\/cpa\/files\/2015\/05\/QUESTION\u00c1RIO_-DISCENTE-1.doc\">QUESTION\u00c1RIO AUTOAVALIA\u00c7\u00c3O DE CURSO ALUNO GRADUA\u00c7\u00c3O<\/a><\/li>\n<li><a href=\"http:\/\/www2.unifap.br\/cpa\/files\/2015\/05\/Question\u00e1rio_Docente-2.doc\">QUESTION\u00c1RIO AUTOAVALIA\u00c7\u00c3O DE CURSOS &#8211; DOCENTES<\/a><\/li>\n<\/ul>\n","protected":false},"excerpt":{"rendered":"<p>Clique nos links para acessar. AVALIA\u00c7\u00c3O INSTITUCIONAL Externa Presencial e a Dist\u00e2ncia (Credenciamento e Recredenciamento) &#8211; 2017 &nbsp; INSTRUMENTO DE AUTOAVALIA\u00c7\u00c3O &#8211; INEP (antigo) INSTRUMENTO DE AVALIA\u00c7\u00c3O DE CURSOS &#8211; INEP (antigo) QUESTION\u00c1RIO AUTOAVALIA\u00c7\u00c3O DE CURSO ALUNO GRADUA\u00c7\u00c3O QUESTION\u00c1RIO AUTOAVALIA\u00c7\u00c3O&hellip; <\/p>\n<p><a href=\"https:\/\/www2.unifap.br\/cpa\/instrumentos-de-autoavaliacao\/\" class=\"readmore-button\">Continue Reading<\/a><\/p>\n","protected":false},"author":5,"featured_media":0,"parent":0,"menu_order":0,"comment_status":"open","ping_status":"open","template":"","meta":{"inline_featured_image":false,"ngg_post_thumbnail":0,"footnotes":""},"class_list":["post-220","page","type-page","status-publish","hentry"],"_links":{"self":[{"href":"https:\/\/www2.unifap.br\/cpa\/wp-json\/wp\/v2\/pages\/220","targetHints":{"allow":["GET"]}}],"collection":[{"href":"https:\/\/www2.unifap.br\/cpa\/wp-json\/wp\/v2\/pages"}],"about":[{"href":"https:\/\/www2.unifap.br\/cpa\/wp-json\/wp\/v2\/types\/page"}],"author":[{"embeddable":true,"href":"https:\/\/www2.unifap.br\/cpa\/wp-json\/wp\/v2\/users\/5"}],"replies":[{"embeddable":true,"href":"https:\/\/www2.unifap.br\/cpa\/wp-json\/wp\/v2\/comments?post=220"}],"version-history":[{"count":9,"href":"https:\/\/www2.unifap.br\/cpa\/wp-json\/wp\/v2\/pages\/220\/revisions"}],"predecessor-version":[{"id":354,"href":"https:\/\/www2.unifap.br\/cpa\/wp-json\/wp\/v2\/pages\/220\/revisions\/354"}],"wp:attachment":[{"href":"https:\/\/www2.unifap.br\/cpa\/wp-json\/wp\/v2\/media?parent=220"}],"curies":[{"name":"wp","href":"https:\/\/api.w.org\/{rel}","templated":true}]}}