{"id":6,"date":"2023-01-22T14:57:32","date_gmt":"2023-01-22T17:57:32","guid":{"rendered":"https:\/\/www2.unifap.br\/cppg\/?page_id=6"},"modified":"2025-01-30T22:10:44","modified_gmt":"2025-01-31T01:10:44","slug":"comissao-permanente-do-programa-de-gestao-e-desempenho-cppgd","status":"publish","type":"page","link":"https:\/\/www2.unifap.br\/cppg\/pgd-1-0\/comissao-permanente-do-programa-de-gestao-e-desempenho-cppgd\/","title":{"rendered":"Comiss\u00e3o Permanente do Programa de Gest\u00e3o -CPPG"},"content":{"rendered":"<p>A Comiss\u00e3o Permanente do Programa de Gest\u00e3o- CPPG, prevista nos artigos 36\u00a0 e 42 da <a href=\"http:\/\/www2.unifap.br\/cppg\/files\/2023\/10\/portaria-pgd-unifap23.pdf\">Portaria n. 811\/2023-UNIFAP<\/a> tem como atribui\u00e7\u00e3o a elabora\u00e7\u00e3o de todos os fluxos processuais e instrumentos necess\u00e1rios a efetiva\u00e7\u00e3o e avalia\u00e7\u00e3o administrativa do PGD, assim como a an\u00e1lise das solicita\u00e7\u00f5es de ades\u00e3o, com emiss\u00e3o do devido parecer.<br \/>\nOs membros da CPPGD dever\u00e3o ser liberados de suas atividades setoriais pelo menos um dia na semana, para se dedicarem \u00e0s atividades da comiss\u00e3o, conforme cronograma de reuni\u00f5es e atividades e serem definidos por seus membros, com o devido aviso pr\u00e9vio a chefia imediata.<\/p>\n","protected":false},"excerpt":{"rendered":"<p>A Comiss\u00e3o Permanente do Programa de Gest\u00e3o- CPPG, prevista nos artigos 36\u00a0 e 42 da Portaria n. 811\/2023-UNIFAP tem como atribui\u00e7\u00e3o a elabora\u00e7\u00e3o de todos os fluxos processuais e instrumentos necess\u00e1rios a efetiva\u00e7\u00e3o e avalia\u00e7\u00e3o administrativa do PGD, assim como a an\u00e1lise das solicita\u00e7\u00f5es de ades\u00e3o, com emiss\u00e3o do devido parecer. Os membros da CPPGD&#8230;<\/p>\n","protected":false},"author":3968,"featured_media":0,"parent":160,"menu_order":0,"comment_status":"closed","ping_status":"closed","template":"","meta":{"inline_featured_image":false,"site-sidebar-layout":"default","site-content-layout":"","ast-site-content-layout":"default","site-content-style":"default","site-sidebar-style":"default","ast-global-header-display":"","ast-banner-title-visibility":"","ast-main-header-display":"","ast-hfb-above-header-display":"","ast-hfb-below-header-display":"","ast-hfb-mobile-header-display":"","site-post-title":"","ast-breadcrumbs-content":"","ast-featured-img":"","footer-sml-layout":"","theme-transparent-header-meta":"default","adv-header-id-meta":"","stick-header-meta":"","header-above-stick-meta":"","header-main-stick-meta":"","header-below-stick-meta":"","astra-migrate-meta-layouts":"set","ast-page-background-enabled":"default","ast-page-background-meta":{"desktop":{"background-color":"var(--ast-global-color-4)","background-image":"","background-repeat":"repeat","background-position":"center center","background-size":"auto","background-attachment":"scroll","background-type":"","background-media":"","overlay-type":"","overlay-color":"","overlay-opacity":"","overlay-gradient":""},"tablet":{"background-color":"","background-image":"","background-repeat":"repeat","background-position":"center center","background-size":"auto","background-attachment":"scroll","background-type":"","background-media":"","overlay-type":"","overlay-color":"","overlay-opacity":"","overlay-gradient":""},"mobile":{"background-color":"","background-image":"","background-repeat":"repeat","background-position":"center center","background-size":"auto","background-attachment":"scroll","background-type":"","background-media":"","overlay-type":"","overlay-color":"","overlay-opacity":"","overlay-gradient":""}},"ast-content-background-meta":{"desktop":{"background-color":"var(--ast-global-color-5)","background-image":"","background-repeat":"repeat","background-position":"center center","background-size":"auto","background-attachment":"scroll","background-type":"","background-media":"","overlay-type":"","overlay-color":"","overlay-opacity":"","overlay-gradient":""},"tablet":{"background-color":"var(--ast-global-color-5)","background-image":"","background-repeat":"repeat","background-position":"center center","background-size":"auto","background-attachment":"scroll","background-type":"","background-media":"","overlay-type":"","overlay-color":"","overlay-opacity":"","overlay-gradient":""},"mobile":{"background-color":"var(--ast-global-color-5)","background-image":"","background-repeat":"repeat","background-position":"center center","background-size":"auto","background-attachment":"scroll","background-type":"","background-media":"","overlay-type":"","overlay-color":"","overlay-opacity":"","overlay-gradient":""}},"footnotes":""},"class_list":["post-6","page","type-page","status-publish","hentry"],"_links":{"self":[{"href":"https:\/\/www2.unifap.br\/cppg\/wp-json\/wp\/v2\/pages\/6","targetHints":{"allow":["GET"]}}],"collection":[{"href":"https:\/\/www2.unifap.br\/cppg\/wp-json\/wp\/v2\/pages"}],"about":[{"href":"https:\/\/www2.unifap.br\/cppg\/wp-json\/wp\/v2\/types\/page"}],"author":[{"embeddable":true,"href":"https:\/\/www2.unifap.br\/cppg\/wp-json\/wp\/v2\/users\/3968"}],"replies":[{"embeddable":true,"href":"https:\/\/www2.unifap.br\/cppg\/wp-json\/wp\/v2\/comments?post=6"}],"version-history":[{"count":5,"href":"https:\/\/www2.unifap.br\/cppg\/wp-json\/wp\/v2\/pages\/6\/revisions"}],"predecessor-version":[{"id":116,"href":"https:\/\/www2.unifap.br\/cppg\/wp-json\/wp\/v2\/pages\/6\/revisions\/116"}],"up":[{"embeddable":true,"href":"https:\/\/www2.unifap.br\/cppg\/wp-json\/wp\/v2\/pages\/160"}],"wp:attachment":[{"href":"https:\/\/www2.unifap.br\/cppg\/wp-json\/wp\/v2\/media?parent=6"}],"curies":[{"name":"wp","href":"https:\/\/api.w.org\/{rel}","templated":true}]}}