{"id":2494,"date":"2025-11-17T13:13:15","date_gmt":"2025-11-17T13:13:15","guid":{"rendered":"https:\/\/www2.unifap.br\/csociais\/?page_id=2494"},"modified":"2025-11-24T23:19:17","modified_gmt":"2025-11-24T23:19:17","slug":"maisgestao","status":"publish","type":"page","link":"https:\/\/www2.unifap.br\/csociais\/maisgestao\/","title":{"rendered":"Programa Mais Gest\u00e3o \u2013 UNIFAP \/ FUEA"},"content":{"rendered":"<h1 data-start=\"402\" data-end=\"761\">Programa Mais Gest\u00e3o \u2013 UNIFAP \/ FUEA<\/h1>\n<p data-start=\"402\" data-end=\"761\">O <strong data-start=\"404\" data-end=\"428\">Programa Mais Gest\u00e3o<\/strong> \u00e9 uma iniciativa realizada pela <strong data-start=\"461\" data-end=\"514\">Funda\u00e7\u00e3o Universitas de Estudos Amaz\u00f4nicos (FUEA)<\/strong>, em parceria com a <strong data-start=\"534\" data-end=\"576\">Universidade Federal do Amap\u00e1 (UNIFAP)<\/strong> e o <strong data-start=\"581\" data-end=\"628\">Minist\u00e9rio do Desenvolvimento Agr\u00e1rio (MDA)<\/strong>, voltada ao <strong data-start=\"641\" data-end=\"760\">fortalecimento de cooperativas, associa\u00e7\u00f5es e empreendimentos solid\u00e1rios da agricultura familiar no estado do Amap\u00e1<\/strong>.<\/p>\n<p data-start=\"763\" data-end=\"981\">O Programa promove a\u00e7\u00f5es de forma\u00e7\u00e3o, assessoria t\u00e9cnica, qualifica\u00e7\u00e3o da gest\u00e3o e apoio ao acesso a mercados, contribuindo para a autonomia organizacional e o desenvolvimento sustent\u00e1vel dos empreendimentos atendidos.<\/p>\n<hr data-start=\"983\" data-end=\"986\">\n<h2 data-start=\"988\" data-end=\"1016\"><strong data-start=\"991\" data-end=\"1016\">Objetivos do Programa<\/strong><\/h2>\n<ul data-start=\"1018\" data-end=\"1515\">\n<li data-start=\"1018\" data-end=\"1101\">\n<p data-start=\"1020\" data-end=\"1101\">Fortalecer a gest\u00e3o das cooperativas, associa\u00e7\u00f5es e empreendimentos solid\u00e1rios.<\/p>\n<\/li>\n<li data-start=\"1102\" data-end=\"1177\">\n<p data-start=\"1104\" data-end=\"1177\">Oferecer forma\u00e7\u00e3o, assessoria e acompanhamento t\u00e9cnico por at\u00e9 8 meses.<\/p>\n<\/li>\n<li data-start=\"1178\" data-end=\"1265\">\n<p data-start=\"1180\" data-end=\"1265\">Contribuir para a amplia\u00e7\u00e3o das estrat\u00e9gias de comercializa\u00e7\u00e3o e acesso a mercados.<\/p>\n<\/li>\n<li data-start=\"1266\" data-end=\"1374\">\n<p data-start=\"1268\" data-end=\"1374\">Desenvolver diagn\u00f3sticos, planos de a\u00e7\u00e3o, atividades formativas e eventos de socializa\u00e7\u00e3o de resultados.<\/p>\n<\/li>\n<li data-start=\"1375\" data-end=\"1515\">\n<p data-start=\"1377\" data-end=\"1515\">Apoiar iniciativas da agricultura familiar, povos e comunidades tradicionais, e organiza\u00e7\u00f5es oriundas de assentamentos da reforma agr\u00e1ria.<\/p>\n<\/li>\n<\/ul>\n<hr data-start=\"1517\" data-end=\"1520\">\n<h2 data-start=\"1522\" data-end=\"1594\"><strong data-start=\"1525\" data-end=\"1594\">Sele\u00e7\u00e3o de Cooperativas, Associa\u00e7\u00f5es e Empreendimentos Solid\u00e1rios<\/strong><\/h2>\n<p data-start=\"1596\" data-end=\"1755\">Est\u00e3o abertas as inscri\u00e7\u00f5es para a <strong data-start=\"1631\" data-end=\"1713\">Sele\u00e7\u00e3o de cooperativas, associa\u00e7\u00f5es e empreendimentos da agricultura familiar<\/strong> que ser\u00e3o atendidos no \u00e2mbito do Projeto:<\/p>\n<p data-start=\"1757\" data-end=\"1959\"><strong data-start=\"1757\" data-end=\"1959\">\u201cPromo\u00e7\u00e3o e fortalecimento de cooperativas, associa\u00e7\u00f5es e empreendimentos solid\u00e1rios da agricultura familiar para comercializa\u00e7\u00e3o e acesso aos mercados para agricultura familiar do estado do Amap\u00e1.\u201d<\/strong><\/p>\n<p data-start=\"1961\" data-end=\"2280\">\ud83d\udccc <strong data-start=\"1964\" data-end=\"2005\">Ser\u00e3o selecionados 24 empreendimentos<\/strong> no estado do Amap\u00e1.<br data-start=\"2025\" data-end=\"2028\">\ud83d\udccc A sele\u00e7\u00e3o \u00e9 realizada com base em crit\u00e9rios objetivos, pontua\u00e7\u00f5es e documenta\u00e7\u00e3o comprobat\u00f3ria.<br data-start=\"2126\" data-end=\"2129\">\ud83d\udccc N\u00e3o podem participar entidades que j\u00e1 estejam recebendo apoio de outros projetos p\u00fablicos com o mesmo objeto, evitando duplicidade de investimentos.<\/p>\n<hr data-start=\"2282\" data-end=\"2285\">\n<h2 data-start=\"2287\" data-end=\"2329\"><strong data-start=\"2290\" data-end=\"2329\">Atividades Oferecidas pelo Programa<\/strong><\/h2>\n<p data-start=\"2331\" data-end=\"2372\">As entidades selecionadas ter\u00e3o acesso a:<\/p>\n<h3 data-start=\"2374\" data-end=\"2407\"><strong data-start=\"2378\" data-end=\"2407\">1. Assessoramento T\u00e9cnico<\/strong><\/h3>\n<ul data-start=\"2408\" data-end=\"2589\">\n<li data-start=\"2408\" data-end=\"2474\">\n<p data-start=\"2410\" data-end=\"2474\">Visitas regulares presenciais ou virtuais por at\u00e9 <strong data-start=\"2460\" data-end=\"2471\">8 meses<\/strong>.<\/p>\n<\/li>\n<li data-start=\"2475\" data-end=\"2535\">\n<p data-start=\"2477\" data-end=\"2535\">Diagn\u00f3stico participativo e constru\u00e7\u00e3o de plano de a\u00e7\u00e3o.<\/p>\n<\/li>\n<li data-start=\"2536\" data-end=\"2589\">\n<p data-start=\"2538\" data-end=\"2589\">Acompanhamento cont\u00ednuo da execu\u00e7\u00e3o das atividades.<\/p>\n<\/li>\n<\/ul>\n<h3 data-start=\"2591\" data-end=\"2624\"><strong data-start=\"2595\" data-end=\"2624\">2. Forma\u00e7\u00e3o e Capacita\u00e7\u00e3o<\/strong><\/h3>\n<ul data-start=\"2625\" data-end=\"2758\">\n<li data-start=\"2625\" data-end=\"2681\">\n<p data-start=\"2627\" data-end=\"2681\">Cursos espec\u00edficos para dirigentes e representantes.<\/p>\n<\/li>\n<li data-start=\"2682\" data-end=\"2758\">\n<p data-start=\"2684\" data-end=\"2758\">A\u00e7\u00f5es educativas voltadas \u00e0 gest\u00e3o, organiza\u00e7\u00e3o interna e comercializa\u00e7\u00e3o.<\/p>\n<\/li>\n<\/ul>\n<h3 data-start=\"2760\" data-end=\"2794\"><strong data-start=\"2764\" data-end=\"2794\">3. Participa\u00e7\u00e3o em Eventos<\/strong><\/h3>\n<ul data-start=\"2795\" data-end=\"2865\">\n<li data-start=\"2795\" data-end=\"2865\">\n<p data-start=\"2797\" data-end=\"2865\">Encontros para troca de experi\u00eancias e socializa\u00e7\u00e3o de resultados.<\/p>\n<\/li>\n<\/ul>\n<hr data-start=\"2867\" data-end=\"2870\">\n<h2 data-start=\"2872\" data-end=\"2889\"><strong data-start=\"2875\" data-end=\"2889\">Inscri\u00e7\u00f5es<\/strong><\/h2>\n<p data-start=\"2891\" data-end=\"2952\">As inscri\u00e7\u00f5es devem ser realizadas exclusivamente por e-mail.<\/p>\n<p data-start=\"2954\" data-end=\"3011\">\ud83d\udce7 <strong data-start=\"2957\" data-end=\"2979\">E-mail para envio:<\/strong><br data-start=\"2979\" data-end=\"2982\"><strong data-start=\"2982\" data-end=\"3011\"><a class=\"decorated-link\" href=\"mailto:cienciassociais@unifap.br\" rel=\"noopener\" data-start=\"2984\" data-end=\"3009\">cienciassociais@unifap.br<\/a><\/strong><\/p>\n<p data-start=\"3013\" data-end=\"3087\">\ud83d\udccc <strong data-start=\"3016\" data-end=\"3028\">Assunto:<\/strong><br data-start=\"3028\" data-end=\"3031\"><strong data-start=\"3031\" data-end=\"3087\">INSCRI\u00c7\u00c3O \u2013 EMPREENDIMENTO PROGRAMA MAIS GEST\u00c3O 2025<\/strong><\/p>\n<h3 data-start=\"3089\" data-end=\"3121\"><strong data-start=\"3093\" data-end=\"3121\">Documenta\u00e7\u00e3o Obrigat\u00f3ria<\/strong><\/h3>\n<ol data-start=\"3122\" data-end=\"3337\">\n<li data-start=\"3122\" data-end=\"3156\">\n<p data-start=\"3125\" data-end=\"3156\">Ficha de inscri\u00e7\u00e3o (Anexo I).<\/p>\n<\/li>\n<li data-start=\"3157\" data-end=\"3215\">\n<p data-start=\"3160\" data-end=\"3215\">Documenta\u00e7\u00e3o comprobat\u00f3ria ou declara\u00e7\u00f5es (Anexo II).<\/p>\n<\/li>\n<li data-start=\"3216\" data-end=\"3288\">\n<p data-start=\"3219\" data-end=\"3288\">Question\u00e1rio de pr\u00e9-diagn\u00f3stico (Anexo III), totalmente preenchido.<\/p>\n<\/li>\n<li data-start=\"3289\" data-end=\"3337\">\n<p data-start=\"3292\" data-end=\"3337\">Arquivo \u00fanico em PDF contendo todos os itens.<\/p>\n<\/li>\n<\/ol>\n<p data-start=\"3339\" data-end=\"3381\">Veja os anexos e o edital completo abaixo.<\/p>\n<hr data-start=\"3383\" data-end=\"3386\">\n<h2 data-start=\"3388\" data-end=\"3415\"><strong data-start=\"3391\" data-end=\"3415\">Per\u00edodo de Inscri\u00e7\u00e3o<\/strong><\/h2>\n<p data-start=\"3416\" data-end=\"3451\">\ud83d\uddd3\ufe0f <del><strong data-start=\"3420\" data-end=\"3451\">13 a 25 de novembro de 2025<\/strong><\/del><\/p>\n<p data-start=\"3416\" data-end=\"3451\"><span style=\"color: #ff0000;\"><strong>\ud83d\uddd3\ufe0f Novo periodo: 13 de novembro a 15 de dezembro de 2025 (PRORROGADO!!!)<\/strong><\/span><\/p>\n<p data-start=\"3453\" data-end=\"3522\">Acompanhe as atualiza\u00e7\u00f5es e resultados diretamente no site da UNIFAP.<\/p>\n<p data-start=\"3524\" data-end=\"3555\">\ud83d\udd17 <strong data-start=\"3527\" data-end=\"3555\"><a class=\"decorated-link\" href=\"http:\/\/www2.unifap.br\/csociais\/maisgestao\" target=\"_new\" rel=\"noopener\" data-start=\"3529\" data-end=\"3553\">www2.unifap.br\/csociais\/maisgestao<\/a><\/strong><\/p>\n<hr data-start=\"3557\" data-end=\"3560\">\n<h2 data-start=\"3562\" data-end=\"3602\"><strong data-start=\"3565\" data-end=\"3602\">Edital e Documentos para Download<\/strong><\/h2>\n<ul data-start=\"3604\" data-end=\"3775\">\n<li data-start=\"3604\" data-end=\"3638\">\n<p data-start=\"3606\" data-end=\"3638\">\ud83d\udcc4 <a href=\"http:\/\/www2.unifap.br\/csociais\/files\/2025\/11\/EDITAL-UNIFAP-FUEA-COOPERATIVAS.pdf\" target=\"_blank\" rel=\"noopener\"><strong data-start=\"3609\" data-end=\"3636\">Edital de Sele\u00e7\u00e3o \u2013 PDF<\/strong><\/a><\/p>\n<\/li>\n<li data-start=\"3639\" data-end=\"3678\">\n<p data-start=\"3641\" data-end=\"3678\">\ud83d\udcc4 <a href=\"http:\/\/www2.unifap.br\/csociais\/files\/2025\/11\/ANEXO-I-FICHA-DE-INSCRICAO-EDITAL-UNIFAP-WORD-FUEA-COOPERATIVAS.docx\" target=\"_blank\" rel=\"noopener\"><strong data-start=\"3644\" data-end=\"3676\">Anexo I \u2013 Ficha de Inscri\u00e7\u00e3o<\/strong><\/a><\/p>\n<\/li>\n<li data-start=\"3679\" data-end=\"3722\">\n<p data-start=\"3681\" data-end=\"3722\">\ud83d\udcc4 <a href=\"http:\/\/www2.unifap.br\/csociais\/files\/2025\/11\/ANEXO-II-MODELOS-DE-DECLARACAO-EDITAL-UNIFAP-WORD-FUEA-COOPERATIVAS.docx\" target=\"_blank\" rel=\"noopener\"><strong data-start=\"3684\" data-end=\"3720\">Anexo II \u2013 Modelos de Declara\u00e7\u00e3o<\/strong><\/a><\/p>\n<\/li>\n<li data-start=\"3723\" data-end=\"3775\">\n<p data-start=\"3725\" data-end=\"3775\">\ud83d\udcc4 <a href=\"http:\/\/www2.unifap.br\/csociais\/files\/2025\/11\/ANEXO-III-\u2013-QUESTIONARIO-DE-PRE-DIAGNOSTICO-EDITAL-UNIFAP-WORD-FUEA-COOPERATIVAS.docx\" target=\"_blank\" rel=\"noopener\"><strong data-start=\"3728\" data-end=\"3775\">Anexo III \u2013 Question\u00e1rio de Pr\u00e9-Diagn\u00f3stico<\/strong><\/a><\/p>\n<\/li>\n<li><span style=\"color: #ff0000;\"><strong>\ud83d\udcc4<a style=\"color: #ff0000;\" href=\"http:\/\/www2.unifap.br\/csociais\/files\/2025\/11\/RETIFIUCACAO_EDITAL_UNIFAP_FUEA_COOPERATIVAS_assinado.pdf\" target=\"_blank\" rel=\"noopener\"><span style=\"text-decoration: underline;\">1\u00aa Retifica\u00e7\u00e3o do Edital n\u00ba 02\/2025<\/span><\/a><\/strong><\/span><\/li>\n<\/ul>\n<hr data-start=\"3842\" data-end=\"3845\">\n<h2 data-start=\"3847\" data-end=\"3878\"><strong data-start=\"3850\" data-end=\"3878\">Contato para Informa\u00e7\u00f5es<\/strong><\/h2>\n<p data-start=\"3879\" data-end=\"3963\">Em caso de d\u00favidas, entre em contato pelo e-mail:<br data-start=\"3928\" data-end=\"3931\">\ud83d\udce7 <strong data-start=\"3934\" data-end=\"3963\"><a class=\"decorated-link\" href=\"mailto:cienciassociais@unifap.br\" rel=\"noopener\" data-start=\"3936\" data-end=\"3961\">cienciassociais@unifap.br<\/a><\/strong><\/p>\n","protected":false},"excerpt":{"rendered":"<p>Programa Mais Gest\u00e3o \u2013 UNIFAP \/ FUEA O Programa Mais Gest\u00e3o \u00e9 uma iniciativa realizada pela Funda\u00e7\u00e3o Universitas de Estudos Amaz\u00f4nicos (FUEA), em parceria com a Universidade Federal do Amap\u00e1 (UNIFAP) e o Minist\u00e9rio do Desenvolvimento Agr\u00e1rio (MDA), voltada ao fortalecimento de cooperativas, associa\u00e7\u00f5es e empreendimentos solid\u00e1rios da agricultura familiar no estado do Amap\u00e1. O&#8230;<\/p>\n","protected":false},"author":1,"featured_media":0,"parent":0,"menu_order":0,"comment_status":"closed","ping_status":"closed","template":"","meta":{"inline_featured_image":false,"ngg_post_thumbnail":0,"footnotes":""},"class_list":["post-2494","page","type-page","status-publish","hentry","entry"],"_links":{"self":[{"href":"https:\/\/www2.unifap.br\/csociais\/wp-json\/wp\/v2\/pages\/2494","targetHints":{"allow":["GET"]}}],"collection":[{"href":"https:\/\/www2.unifap.br\/csociais\/wp-json\/wp\/v2\/pages"}],"about":[{"href":"https:\/\/www2.unifap.br\/csociais\/wp-json\/wp\/v2\/types\/page"}],"author":[{"embeddable":true,"href":"https:\/\/www2.unifap.br\/csociais\/wp-json\/wp\/v2\/users\/1"}],"replies":[{"embeddable":true,"href":"https:\/\/www2.unifap.br\/csociais\/wp-json\/wp\/v2\/comments?post=2494"}],"version-history":[{"count":8,"href":"https:\/\/www2.unifap.br\/csociais\/wp-json\/wp\/v2\/pages\/2494\/revisions"}],"predecessor-version":[{"id":2512,"href":"https:\/\/www2.unifap.br\/csociais\/wp-json\/wp\/v2\/pages\/2494\/revisions\/2512"}],"wp:attachment":[{"href":"https:\/\/www2.unifap.br\/csociais\/wp-json\/wp\/v2\/media?parent=2494"}],"curies":[{"name":"wp","href":"https:\/\/api.w.org\/{rel}","templated":true}]}}