{"id":482,"date":"2014-05-07T13:12:42","date_gmt":"2014-05-07T13:12:42","guid":{"rendered":"http:\/\/www2.unifap.br\/csociais\/?page_id=482"},"modified":"2018-01-19T20:15:54","modified_gmt":"2018-01-19T20:15:54","slug":"matriz-curricular","status":"publish","type":"page","link":"https:\/\/www2.unifap.br\/csociais\/bacharelado-em-ciencias-sociais\/matriz-curricular\/","title":{"rendered":"Matriz Curricular"},"content":{"rendered":"<h1 align=\"center\">Curso Bacharelado em Ci\u00eancias Sociais<\/h1>\n<p style=\"text-align: center\"><strong>\u00a0Baixar arquivo em PDF &gt;\u00a0<a href=\"http:\/\/www2.unifap.br\/csociais\/files\/2014\/05\/Matriz-Curricular.pdf\">Matriz Curricular<\/a><\/strong><\/p>\n<div>\n<table width=\"588\" border=\"1\" cellspacing=\"0\" cellpadding=\"0\">\n<tbody>\n<tr>\n<td valign=\"top\" width=\"114\"><strong>Bloco<\/strong><\/td>\n<td valign=\"top\" width=\"279\"><strong>Disciplina<\/strong><\/td>\n<td valign=\"top\" width=\"85\"><strong>Carga Hor\u00e1ria<\/strong><\/td>\n<td valign=\"top\" width=\"110\"><strong>Pr\u00e9-Requisito<\/strong><\/td>\n<\/tr>\n<tr>\n<td valign=\"top\" width=\"114\"><strong>Hist\u00f3ria\u00a0<\/strong><\/td>\n<td valign=\"top\" width=\"279\">Hist\u00f3ria Econ\u00f4mica e Pol\u00edtica do Brasil<\/td>\n<td valign=\"top\" width=\"85\">60<\/td>\n<td valign=\"top\" width=\"110\">&#8211;<\/td>\n<\/tr>\n<tr>\n<td colspan=\"4\" valign=\"top\" width=\"588\"><\/td>\n<\/tr>\n<tr>\n<td valign=\"top\" width=\"114\"><strong>Geografia<\/strong><\/td>\n<td valign=\"top\" width=\"279\">Geografia Humana e Econ\u00f4mica do Brasil<\/td>\n<td valign=\"top\" width=\"85\">60<\/td>\n<td valign=\"top\" width=\"110\">&#8211;<\/td>\n<\/tr>\n<tr>\n<td colspan=\"4\" valign=\"top\" width=\"588\"><\/td>\n<\/tr>\n<tr>\n<td rowspan=\"8\" valign=\"top\" width=\"114\"><strong>Sociologia<\/strong><\/td>\n<td valign=\"top\" width=\"279\">Introdu\u00e7\u00e3o a Teoria sociol\u00f3gica<\/td>\n<td valign=\"top\" width=\"85\">60<\/td>\n<td valign=\"top\" width=\"110\">&#8211;<\/td>\n<\/tr>\n<tr>\n<td valign=\"top\" width=\"279\">Teoria sociol\u00f3gica Cl\u00e1ssica I<\/td>\n<td valign=\"top\" width=\"85\">60<\/td>\n<td valign=\"top\" width=\"110\">&#8211;<\/td>\n<\/tr>\n<tr>\n<td valign=\"top\" width=\"279\">Teoria sociol\u00f3gica Cl\u00e1ssica II<\/td>\n<td valign=\"top\" width=\"85\">60<\/td>\n<td valign=\"top\" width=\"110\">&#8211;<\/td>\n<\/tr>\n<tr>\n<td valign=\"top\" width=\"279\">Teoria sociol\u00f3gica Contempor\u00e2nea I<\/td>\n<td valign=\"top\" width=\"85\">60<\/td>\n<td valign=\"top\" width=\"110\">&#8211;<\/td>\n<\/tr>\n<tr>\n<td valign=\"top\" width=\"279\">Teoria sociol\u00f3gica Contempor\u00e2nea II<\/td>\n<td valign=\"top\" width=\"85\">60<\/td>\n<td valign=\"top\" width=\"110\">&#8211;<\/td>\n<\/tr>\n<tr>\n<td valign=\"top\" width=\"279\">Sociologia da Amaz\u00f4nia<\/td>\n<td valign=\"top\" width=\"85\">60<\/td>\n<td valign=\"top\" width=\"110\">&#8211;<\/td>\n<\/tr>\n<tr>\n<td valign=\"top\" width=\"279\">Sociologia do Trabalho<\/td>\n<td valign=\"top\" width=\"85\">60<\/td>\n<td valign=\"top\" width=\"110\">&#8211;<\/td>\n<\/tr>\n<tr>\n<td valign=\"top\" width=\"279\">Sociologia Urbana e Rural<\/td>\n<td valign=\"top\" width=\"85\">60<\/td>\n<td valign=\"top\" width=\"110\">&#8211;<\/td>\n<\/tr>\n<tr>\n<td colspan=\"4\" valign=\"top\" width=\"588\"><\/td>\n<\/tr>\n<tr>\n<td rowspan=\"7\" valign=\"top\" width=\"114\"><strong><\/strong><strong>Antropologia<\/strong><\/td>\n<td valign=\"top\" width=\"279\">Introdu\u00e7\u00e3o \u00e0 Antropologia<\/td>\n<td valign=\"top\" width=\"85\">60<\/td>\n<td valign=\"top\" width=\"110\">&#8211;<\/td>\n<\/tr>\n<tr>\n<td valign=\"top\" width=\"279\">Teoria Antropol\u00f3gica I<\/td>\n<td valign=\"top\" width=\"85\">60<\/td>\n<td valign=\"top\" width=\"110\">&#8211;<\/td>\n<\/tr>\n<tr>\n<td valign=\"top\" width=\"279\">Teoria Antropol\u00f3gica II<\/td>\n<td valign=\"top\" width=\"85\">60<\/td>\n<td valign=\"top\" width=\"110\">&#8211;<\/td>\n<\/tr>\n<tr>\n<td valign=\"top\" width=\"279\">Teoria Antropol\u00f3gica III<\/td>\n<td valign=\"top\" width=\"85\">60<\/td>\n<td valign=\"top\" width=\"110\">&#8211;<\/td>\n<\/tr>\n<tr>\n<td valign=\"top\" width=\"279\">Antropologia Brasileira<\/td>\n<td valign=\"top\" width=\"85\">60<\/td>\n<td valign=\"top\" width=\"110\">&#8211;<\/td>\n<\/tr>\n<tr>\n<td valign=\"top\" width=\"279\">Etnologia da Amaz\u00f4nia<\/td>\n<td valign=\"top\" width=\"85\">60<\/td>\n<td valign=\"top\" width=\"110\">&#8211;<\/td>\n<\/tr>\n<tr>\n<td valign=\"top\" width=\"279\">M\u00e9todos de Pesquisa em Antropologia<\/td>\n<td valign=\"top\" width=\"85\">60<\/td>\n<td valign=\"top\" width=\"110\">&#8211;<\/td>\n<\/tr>\n<tr>\n<td colspan=\"4\" valign=\"top\" width=\"588\"><\/td>\n<\/tr>\n<tr>\n<td rowspan=\"6\" valign=\"top\" width=\"114\"><strong><\/strong><strong>Pol\u00edtica<\/strong><\/td>\n<td valign=\"top\" width=\"279\">Introdu\u00e7\u00e3o \u00e0 Ci\u00eancia Pol\u00edtica<\/td>\n<td valign=\"top\" width=\"85\">60<\/td>\n<td valign=\"top\" width=\"110\">&#8211;<\/td>\n<\/tr>\n<tr>\n<td valign=\"top\" width=\"279\">Teoria Pol\u00edtica Moderna<\/td>\n<td valign=\"top\" width=\"85\">60<\/td>\n<td valign=\"top\" width=\"110\">&#8211;<\/td>\n<\/tr>\n<tr>\n<td valign=\"top\" width=\"279\">Pol\u00edtica Contempor\u00e2nea<\/td>\n<td valign=\"top\" width=\"85\">60<\/td>\n<td valign=\"top\" width=\"110\">&#8211;<\/td>\n<\/tr>\n<tr>\n<td valign=\"top\" width=\"279\">Estado, pol\u00edticas P\u00fablicas e Meio Ambiente<\/td>\n<td valign=\"top\" width=\"85\">60<\/td>\n<td valign=\"top\" width=\"110\">&#8211;<\/td>\n<\/tr>\n<tr>\n<td valign=\"top\" width=\"279\">Pensamento pol\u00edtico Brasileiro<\/td>\n<td valign=\"top\" width=\"85\">60<\/td>\n<td valign=\"top\" width=\"110\">&#8211;<\/td>\n<\/tr>\n<tr>\n<td valign=\"top\" width=\"279\">Pol\u00edtica Brasileira<\/td>\n<td valign=\"top\" width=\"85\">60<\/td>\n<td valign=\"top\" width=\"110\">&#8211;<\/td>\n<\/tr>\n<tr>\n<td colspan=\"4\" valign=\"top\" width=\"588\">&#8211;<\/td>\n<\/tr>\n<tr>\n<td valign=\"top\" width=\"114\"><strong>Economia<\/strong><\/td>\n<td valign=\"top\" width=\"279\">Economia Pol\u00edtica<\/td>\n<td valign=\"top\" width=\"85\">60<\/td>\n<td valign=\"top\" width=\"110\">&#8211;<\/td>\n<\/tr>\n<tr>\n<td colspan=\"4\" valign=\"top\" width=\"588\"><\/td>\n<\/tr>\n<tr>\n<td valign=\"top\" width=\"114\"><strong>Estat\u00edstica<\/strong><\/td>\n<td valign=\"top\" width=\"279\">Estat\u00edstica Aplicada<\/td>\n<td valign=\"top\" width=\"85\">60<\/td>\n<td valign=\"top\" width=\"110\">&#8211;<\/td>\n<\/tr>\n<tr>\n<td colspan=\"4\" valign=\"top\" width=\"588\"><\/td>\n<\/tr>\n<tr>\n<td rowspan=\"2\" valign=\"top\" width=\"114\"><strong>Metodologia e T\u00e9cnicas de Pesquisa<\/strong><\/td>\n<td valign=\"top\" width=\"279\">M\u00e9todos e T\u00e9cnicas de Pesquisa.<\/td>\n<td valign=\"top\" width=\"85\">60<\/td>\n<td valign=\"top\" width=\"110\">&#8211;<\/td>\n<\/tr>\n<tr>\n<td valign=\"top\" width=\"279\">M\u00e9todos e T\u00e9cnicas de Pesquisa. Das Ci\u00eanc. Sociais<\/td>\n<td valign=\"top\" width=\"85\">60<\/td>\n<td valign=\"top\" width=\"110\">&#8211;<\/td>\n<\/tr>\n<tr>\n<td colspan=\"4\" valign=\"top\" width=\"588\"><\/td>\n<\/tr>\n<tr>\n<td valign=\"top\" width=\"114\"><strong>L\u00edngua Portuguesa<\/strong><\/td>\n<td valign=\"top\" width=\"279\">Leitura e Produ\u00e7\u00e3o de Texto<\/td>\n<td valign=\"top\" width=\"85\">60<\/td>\n<td valign=\"top\" width=\"110\">&#8211;<\/td>\n<\/tr>\n<tr>\n<td rowspan=\"2\" valign=\"top\" width=\"114\"><strong><\/strong><strong>Filosofia<\/strong><\/td>\n<td valign=\"top\" width=\"279\">Filosofia<\/td>\n<td valign=\"top\" width=\"85\">60<\/td>\n<td valign=\"top\" width=\"110\">&#8211;<\/td>\n<\/tr>\n<tr>\n<td valign=\"top\" width=\"279\">Epistemologia das Ci\u00eancias<\/td>\n<td valign=\"top\" width=\"85\">60<\/td>\n<td valign=\"top\" width=\"110\">&#8211;<\/td>\n<\/tr>\n<tr>\n<td colspan=\"4\" valign=\"top\" width=\"588\"><\/td>\n<\/tr>\n<tr>\n<td rowspan=\"2\" valign=\"top\" width=\"114\"><strong>Disciplinas Pr\u00e1ticas<\/strong><\/td>\n<td valign=\"top\" width=\"279\">Semin\u00e1rio de Trabalho de Conclus\u00e3o de Curso<\/td>\n<td valign=\"top\" width=\"85\">60<\/td>\n<td valign=\"top\" width=\"110\">&#8211;<\/td>\n<\/tr>\n<tr>\n<td valign=\"top\" width=\"279\">Est\u00e1gio Supervisionado<\/td>\n<td valign=\"top\" width=\"85\">420<\/td>\n<td valign=\"top\" width=\"110\">&#8211;<\/td>\n<\/tr>\n<tr>\n<td rowspan=\"2\" valign=\"top\" width=\"114\"><strong><\/strong><strong>M\u00f3dulos Livres<\/strong><strong><\/strong><\/td>\n<td valign=\"top\" width=\"279\">Atividades Curriculares Complementares<\/td>\n<td valign=\"top\" width=\"85\">210<\/td>\n<td valign=\"top\" width=\"110\">&#8211;<\/td>\n<\/tr>\n<tr>\n<td valign=\"top\" width=\"279\">Disciplinas Optativas<\/td>\n<td valign=\"top\" width=\"85\">240<\/td>\n<td valign=\"top\" width=\"110\"><\/td>\n<\/tr>\n<\/tbody>\n<\/table>\n<\/div>\n<p>&nbsp;<\/p>\n<div>\n<table width=\"584\" border=\"1\" cellspacing=\"0\" cellpadding=\"0\">\n<tbody>\n<tr>\n<td valign=\"top\" width=\"281\"><strong>Optativas<\/strong><\/td>\n<td valign=\"top\" width=\"123\"><strong>Carga Hor\u00e1ria<\/strong><\/td>\n<td valign=\"top\" width=\"180\"><strong>Pr\u00e9-Requisito<\/strong><\/td>\n<\/tr>\n<tr>\n<td valign=\"top\" width=\"281\">\u00c9tica geral e Profissional<\/td>\n<td valign=\"top\" width=\"123\">60<\/td>\n<td valign=\"top\" width=\"180\">&#8211;<\/td>\n<\/tr>\n<tr>\n<td valign=\"top\" width=\"281\">T\u00f3picos Especiais em Antropologia<\/td>\n<td valign=\"top\" width=\"123\">60<\/td>\n<td valign=\"top\" width=\"180\">&#8211;<\/td>\n<\/tr>\n<tr>\n<td valign=\"top\" width=\"281\">T\u00f3picos Especiais em Sociologia<\/td>\n<td valign=\"top\" width=\"123\">60<\/td>\n<td valign=\"top\" width=\"180\">&#8211;<\/td>\n<\/tr>\n<tr>\n<td valign=\"top\" width=\"281\">T\u00f3picos Especiais em Pol\u00edtica<\/td>\n<td valign=\"top\" width=\"123\">60<\/td>\n<td valign=\"top\" width=\"180\">&#8211;<\/td>\n<\/tr>\n<tr>\n<td valign=\"top\" width=\"281\">Economia e Meio Ambiente<\/td>\n<td valign=\"top\" width=\"123\">60<\/td>\n<td valign=\"top\" width=\"180\">&#8211;<\/td>\n<\/tr>\n<tr>\n<td valign=\"top\" width=\"281\">Forma\u00e7\u00e3o Econ\u00f4mica da Amaz\u00f4nia<\/td>\n<td valign=\"top\" width=\"123\">60<\/td>\n<td valign=\"top\" width=\"180\">&#8211;<\/td>\n<\/tr>\n<tr>\n<td valign=\"top\" width=\"281\">LIBRAS<\/td>\n<td valign=\"top\" width=\"123\">75<\/td>\n<td valign=\"top\" width=\"180\">&#8211;<\/td>\n<\/tr>\n<\/tbody>\n<\/table>\n<\/div>\n<p>&nbsp;<\/p>\n<h2><strong>Eletivas<\/strong><\/h2>\n<p>&nbsp;<\/p>\n<div>\n<table width=\"584\" border=\"1\" cellspacing=\"0\" cellpadding=\"0\">\n<tbody>\n<tr>\n<td valign=\"top\" width=\"206\"><strong>Disciplinas<\/strong><\/td>\n<td valign=\"top\" width=\"198\"><strong>Carga Hor\u00e1ria<\/strong><\/td>\n<td valign=\"top\" width=\"180\"><strong>Curso<\/strong><\/td>\n<\/tr>\n<tr>\n<td valign=\"top\" width=\"206\">Todas as disciplinas dispon\u00edveis para matr\u00edcula para os alunos da UNIFAP, cabendo \u00e0 valida\u00e7\u00e3o pela coordena\u00e7\u00e3o.<\/td>\n<td valign=\"top\" width=\"198\">120<\/td>\n<td valign=\"top\" width=\"180\">Todos os cursos da UNIFAP que ofertarem disciplinas para alunos de outros cursos da IES.<\/td>\n<\/tr>\n<\/tbody>\n<\/table>\n<\/div>\n<p>&nbsp;<\/p>\n<h2><strong>Notas Relevantes<\/strong><\/h2>\n<p>&nbsp;<\/p>\n<div>\n<table width=\"605\" border=\"1\" cellspacing=\"0\" cellpadding=\"0\">\n<tbody>\n<tr>\n<td width=\"605\"><strong>*\u00a0<\/strong>Para integraliza\u00e7\u00e3o deste curr\u00edculo exige-se o cumprimento m\u00ednimo de\u00a0<strong>210 horas de Atividades Complementares,\u00a0<\/strong>as quais devem ser efetivadas pelo acad\u00eamico no decorrer do curso como modulo livre.<strong>**<\/strong>Para integraliza\u00e7\u00e3o deste curr\u00edculo exige-se o cumprimento m\u00ednimo de\u00a0<strong>240 horas de Disciplinas Optativas,\u00a0<\/strong>as mesmas ser\u00e3o oferecidas aos acad\u00eamicos no decorrer do curso como modulo livre.<strong><\/strong><strong>***\u00a0<\/strong>Integra ainda este curr\u00edculo o\u00a0<strong>Exame Nacional de Desempenho dos Estudantes (ENADE)<\/strong>, o qual, de acordo com o \u00a7 5\u00ba, do Art. 5\u00ba, da Lei 10.861, de 14\/04\/2004, \u00e9 componente curricular obrigat\u00f3rio dos cursos de Gradua\u00e7\u00e3o.\u00a0<strong><\/strong><\/td>\n<\/tr>\n<\/tbody>\n<\/table>\n<\/div>\n<p>&nbsp;<\/p>\n<div>\n<table border=\"1\" cellspacing=\"0\" cellpadding=\"0\">\n<tbody>\n<tr>\n<td valign=\"top\" width=\"406\"><strong>Estrutura Curricular<\/strong><\/td>\n<td valign=\"top\" width=\"104\"><strong>Hora\/Aula<\/strong><\/td>\n<td valign=\"top\" width=\"85\"><strong>Hora<\/strong><\/td>\n<\/tr>\n<tr>\n<td valign=\"top\" width=\"406\"><strong>Disciplinas Obrigat\u00f3rias<\/strong><\/td>\n<td valign=\"top\" width=\"104\">1860<\/td>\n<td valign=\"top\" width=\"85\">1550<\/td>\n<\/tr>\n<tr>\n<td valign=\"top\" width=\"406\"><strong>Disciplinas Optativas<\/strong><\/td>\n<td valign=\"top\" width=\"104\">240<\/td>\n<td valign=\"top\" width=\"85\">200<\/td>\n<\/tr>\n<tr>\n<td valign=\"top\" width=\"406\"><strong>Disciplinas Eletivas<\/strong><\/td>\n<td valign=\"top\" width=\"104\">120<\/td>\n<td valign=\"top\" width=\"85\">100<\/td>\n<\/tr>\n<tr>\n<td valign=\"top\" width=\"406\"><strong>Atividades Curriculares Complementares<\/strong><\/td>\n<td valign=\"top\" width=\"104\">240<\/td>\n<td valign=\"top\" width=\"85\">200<\/td>\n<\/tr>\n<tr>\n<td valign=\"top\" width=\"406\"><strong>Est\u00e1gio Supervisionado<\/strong><\/td>\n<td valign=\"top\" width=\"104\">420<\/td>\n<td valign=\"top\" width=\"85\">350<\/td>\n<\/tr>\n<tr>\n<td valign=\"top\" width=\"406\"><strong>Carga Hor\u00e1ria Total<\/strong><\/td>\n<td valign=\"top\" width=\"104\"><strong>2880<\/strong><\/td>\n<td valign=\"top\" width=\"85\"><strong>2400<\/strong><\/td>\n<\/tr>\n<\/tbody>\n<\/table>\n<\/div>\n<p>&nbsp;<\/p>\n<p><strong>Matriz Curricular &#8211;\u00a0<\/strong>Envolve a forma\u00e7\u00e3o te\u00f3rico-metodol\u00f3gica em torno dos tr\u00eas eixos de identidade do curso &#8211; Antropologia, Ci\u00eancia Pol\u00edtica e Sociologia. Diante desses princ\u00edpios norteadores, o curso de Ci\u00eancias Sociais tem como miss\u00e3o formar bachar\u00e9is em Ci\u00eancias Sociais, \u00a0 preparando-os para a atua\u00e7\u00e3o profissional contextualizada de maneira \u00e9tica, socialmente respons\u00e1vel e cr\u00edtica.<\/p>\n<h1><\/h1>\n","protected":false},"excerpt":{"rendered":"<p>Curso Bacharelado em Ci\u00eancias Sociais \u00a0Baixar arquivo em PDF &gt;\u00a0Matriz Curricular Bloco Disciplina Carga Hor\u00e1ria Pr\u00e9-Requisito Hist\u00f3ria\u00a0 Hist\u00f3ria Econ\u00f4mica e Pol\u00edtica do Brasil 60 &#8211; Geografia Geografia Humana e Econ\u00f4mica do Brasil 60 &#8211; Sociologia Introdu\u00e7\u00e3o a Teoria sociol\u00f3gica 60 &#8211; Teoria sociol\u00f3gica Cl\u00e1ssica I 60 &#8211; Teoria sociol\u00f3gica Cl\u00e1ssica II 60 &#8211; Teoria sociol\u00f3gica&#8230;<\/p>\n","protected":false},"author":399,"featured_media":0,"parent":441,"menu_order":0,"comment_status":"open","ping_status":"open","template":"","meta":{"inline_featured_image":false,"ngg_post_thumbnail":0,"footnotes":""},"class_list":["post-482","page","type-page","status-publish","hentry","entry"],"_links":{"self":[{"href":"https:\/\/www2.unifap.br\/csociais\/wp-json\/wp\/v2\/pages\/482","targetHints":{"allow":["GET"]}}],"collection":[{"href":"https:\/\/www2.unifap.br\/csociais\/wp-json\/wp\/v2\/pages"}],"about":[{"href":"https:\/\/www2.unifap.br\/csociais\/wp-json\/wp\/v2\/types\/page"}],"author":[{"embeddable":true,"href":"https:\/\/www2.unifap.br\/csociais\/wp-json\/wp\/v2\/users\/399"}],"replies":[{"embeddable":true,"href":"https:\/\/www2.unifap.br\/csociais\/wp-json\/wp\/v2\/comments?post=482"}],"version-history":[{"count":10,"href":"https:\/\/www2.unifap.br\/csociais\/wp-json\/wp\/v2\/pages\/482\/revisions"}],"predecessor-version":[{"id":1871,"href":"https:\/\/www2.unifap.br\/csociais\/wp-json\/wp\/v2\/pages\/482\/revisions\/1871"}],"up":[{"embeddable":true,"href":"https:\/\/www2.unifap.br\/csociais\/wp-json\/wp\/v2\/pages\/441"}],"wp:attachment":[{"href":"https:\/\/www2.unifap.br\/csociais\/wp-json\/wp\/v2\/media?parent=482"}],"curies":[{"name":"wp","href":"https:\/\/api.w.org\/{rel}","templated":true}]}}