{"id":499,"date":"2014-05-07T13:54:25","date_gmt":"2014-05-07T13:54:25","guid":{"rendered":"http:\/\/www2.unifap.br\/csociais\/?page_id=499"},"modified":"2014-05-07T14:06:35","modified_gmt":"2014-05-07T14:06:35","slug":"forma-de-acesso","status":"publish","type":"page","link":"https:\/\/www2.unifap.br\/csociais\/bacharelado-em-ciencias-sociais\/forma-de-acesso\/","title":{"rendered":"Forma de Acesso"},"content":{"rendered":"<p>As formas de acesso ao Curso s\u00e3o feitas atrav\u00e9s do Processo Seletivo Regular (Enem, SISU), e por Processo seletivo Especial (vestibulinho), que \u00e9 feito por transfer\u00eancias internas, de outras universidades ou faculdades e por graduados.<\/p>\n","protected":false},"excerpt":{"rendered":"<p>As formas de acesso ao Curso s\u00e3o feitas atrav\u00e9s do Processo Seletivo Regular (Enem, SISU), e por Processo seletivo Especial (vestibulinho), que \u00e9 feito por transfer\u00eancias internas, de outras universidades ou faculdades e por graduados.<\/p>\n","protected":false},"author":399,"featured_media":0,"parent":441,"menu_order":0,"comment_status":"open","ping_status":"open","template":"","meta":{"inline_featured_image":false,"ngg_post_thumbnail":0,"footnotes":""},"class_list":["post-499","page","type-page","status-publish","hentry","entry"],"_links":{"self":[{"href":"https:\/\/www2.unifap.br\/csociais\/wp-json\/wp\/v2\/pages\/499","targetHints":{"allow":["GET"]}}],"collection":[{"href":"https:\/\/www2.unifap.br\/csociais\/wp-json\/wp\/v2\/pages"}],"about":[{"href":"https:\/\/www2.unifap.br\/csociais\/wp-json\/wp\/v2\/types\/page"}],"author":[{"embeddable":true,"href":"https:\/\/www2.unifap.br\/csociais\/wp-json\/wp\/v2\/users\/399"}],"replies":[{"embeddable":true,"href":"https:\/\/www2.unifap.br\/csociais\/wp-json\/wp\/v2\/comments?post=499"}],"version-history":[{"count":3,"href":"https:\/\/www2.unifap.br\/csociais\/wp-json\/wp\/v2\/pages\/499\/revisions"}],"predecessor-version":[{"id":506,"href":"https:\/\/www2.unifap.br\/csociais\/wp-json\/wp\/v2\/pages\/499\/revisions\/506"}],"up":[{"embeddable":true,"href":"https:\/\/www2.unifap.br\/csociais\/wp-json\/wp\/v2\/pages\/441"}],"wp:attachment":[{"href":"https:\/\/www2.unifap.br\/csociais\/wp-json\/wp\/v2\/media?parent=499"}],"curies":[{"name":"wp","href":"https:\/\/api.w.org\/{rel}","templated":true}]}}