{"id":3400,"date":"2017-03-15T12:00:08","date_gmt":"2017-03-15T12:00:08","guid":{"rendered":"http:\/\/www2.unifap.br\/dace\/?page_id=3400"},"modified":"2026-03-23T12:03:11","modified_gmt":"2026-03-23T15:03:11","slug":"editais","status":"publish","type":"page","link":"https:\/\/www2.unifap.br\/dace\/editais","title":{"rendered":"EDITAIS"},"content":{"rendered":"\t\t<div data-elementor-type=\"wp-page\" data-elementor-id=\"3400\" class=\"elementor elementor-3400\">\n\t\t\t\t\t\t<section class=\"elementor-section elementor-top-section elementor-element elementor-element-9c5554e elementor-section-boxed elementor-section-height-default elementor-section-height-default\" data-id=\"9c5554e\" data-element_type=\"section\" data-e-type=\"section\">\n\t\t\t\t\t\t<div class=\"elementor-container elementor-column-gap-default\">\n\t\t\t\t\t<div class=\"elementor-column elementor-col-100 elementor-top-column elementor-element elementor-element-ccc0cbd\" data-id=\"ccc0cbd\" data-element_type=\"column\" data-e-type=\"column\">\n\t\t\t<div class=\"elementor-widget-wrap elementor-element-populated\">\n\t\t\t\t\t\t<div class=\"elementor-element elementor-element-89a683b elementor-tabs-view-horizontal elementor-widget elementor-widget-tabs\" data-id=\"89a683b\" data-element_type=\"widget\" data-e-type=\"widget\" data-widget_type=\"tabs.default\">\n\t\t\t\t<div class=\"elementor-widget-container\">\n\t\t\t\t\t\t\t<div class=\"elementor-tabs\">\n\t\t\t<div class=\"elementor-tabs-wrapper\" role=\"tablist\" >\n\t\t\t\t\t\t\t\t\t<div id=\"elementor-tab-title-1441\" class=\"elementor-tab-title elementor-tab-desktop-title\" aria-selected=\"true\" data-tab=\"1\" role=\"tab\" tabindex=\"0\" aria-controls=\"elementor-tab-content-1441\" aria-expanded=\"false\">2026<\/div>\n\t\t\t\t\t\t\t\t\t<div id=\"elementor-tab-title-1442\" class=\"elementor-tab-title elementor-tab-desktop-title\" aria-selected=\"false\" data-tab=\"2\" role=\"tab\" tabindex=\"-1\" aria-controls=\"elementor-tab-content-1442\" aria-expanded=\"false\">2025<\/div>\n\t\t\t\t\t\t\t\t\t<div id=\"elementor-tab-title-1443\" class=\"elementor-tab-title elementor-tab-desktop-title\" aria-selected=\"false\" data-tab=\"3\" role=\"tab\" tabindex=\"-1\" aria-controls=\"elementor-tab-content-1443\" aria-expanded=\"false\">2024<\/div>\n\t\t\t\t\t\t\t\t\t<div id=\"elementor-tab-title-1444\" class=\"elementor-tab-title elementor-tab-desktop-title\" aria-selected=\"false\" data-tab=\"4\" role=\"tab\" tabindex=\"-1\" aria-controls=\"elementor-tab-content-1444\" aria-expanded=\"false\">2023<\/div>\n\t\t\t\t\t\t\t\t\t<div id=\"elementor-tab-title-1445\" class=\"elementor-tab-title elementor-tab-desktop-title\" aria-selected=\"false\" data-tab=\"5\" role=\"tab\" tabindex=\"-1\" aria-controls=\"elementor-tab-content-1445\" aria-expanded=\"false\">2022<\/div>\n\t\t\t\t\t\t\t\t\t<div id=\"elementor-tab-title-1446\" class=\"elementor-tab-title elementor-tab-desktop-title\" aria-selected=\"false\" data-tab=\"6\" role=\"tab\" tabindex=\"-1\" aria-controls=\"elementor-tab-content-1446\" aria-expanded=\"false\">2021<\/div>\n\t\t\t\t\t\t\t\t\t<div id=\"elementor-tab-title-1447\" class=\"elementor-tab-title elementor-tab-desktop-title\" aria-selected=\"false\" data-tab=\"7\" role=\"tab\" tabindex=\"-1\" aria-controls=\"elementor-tab-content-1447\" aria-expanded=\"false\">2020<\/div>\n\t\t\t\t\t\t\t\t\t<div id=\"elementor-tab-title-1448\" class=\"elementor-tab-title elementor-tab-desktop-title\" aria-selected=\"false\" data-tab=\"8\" role=\"tab\" tabindex=\"-1\" aria-controls=\"elementor-tab-content-1448\" aria-expanded=\"false\">2019<\/div>\n\t\t\t\t\t\t\t\t\t<div id=\"elementor-tab-title-1449\" class=\"elementor-tab-title elementor-tab-desktop-title\" aria-selected=\"false\" data-tab=\"9\" role=\"tab\" tabindex=\"-1\" aria-controls=\"elementor-tab-content-1449\" aria-expanded=\"false\">2018<\/div>\n\t\t\t\t\t\t\t\t\t<div id=\"elementor-tab-title-14410\" class=\"elementor-tab-title elementor-tab-desktop-title\" aria-selected=\"false\" data-tab=\"10\" role=\"tab\" tabindex=\"-1\" aria-controls=\"elementor-tab-content-14410\" aria-expanded=\"false\">2017<\/div>\n\t\t\t\t\t\t\t<\/div>\n\t\t\t<div class=\"elementor-tabs-content-wrapper\" role=\"tablist\" aria-orientation=\"vertical\">\n\t\t\t\t\t\t\t\t\t<div class=\"elementor-tab-title elementor-tab-mobile-title\" aria-selected=\"true\" data-tab=\"1\" role=\"tab\" tabindex=\"0\" aria-controls=\"elementor-tab-content-1441\" aria-expanded=\"false\">2026<\/div>\n\t\t\t\t\t<div id=\"elementor-tab-content-1441\" class=\"elementor-tab-content elementor-clearfix\" data-tab=\"1\" role=\"tabpanel\" aria-labelledby=\"elementor-tab-title-1441\" tabindex=\"0\" hidden=\"false\"><ul><li><a href=\"https:\/\/www2.unifap.br\/dace\/archives\/9041\">EDITAL N\u00ba 01\/2026 &#8211; AUX\u00cdLIO VIAGEM PARA COMPETI\u00c7\u00d5ES ESPORTIVAS<\/a> (25\/02\/2026)<\/li><li><a href=\"https:\/\/www2.unifap.br\/dace\/archives\/9130\">EDITAL N\u00ba 02\/2026 &#8211;\u00a0Programa de Assist\u00eancia Estudantil (PAE) &#8211; Campus Marco Zero<\/a> (20\/03\/2026)<\/li><li><a href=\"https:\/\/www2.unifap.br\/dace\/archives\/9143\">EDITAL N\u00ba 03\/2026 &#8211; Programa de Assist\u00eancia Estudantil (PAE) &#8211; Campi Santana, Mazag\u00e3o e Oiapoque<\/a> (20\/03\/2026)<\/li><li><a href=\"https:\/\/www2.unifap.br\/dace\/archives\/9152\">EDITAL N\u00ba 04\/2026 &#8211; Programa de Assist\u00eancia Estudantil (PAE) &#8211; Isen\u00e7\u00e3o no RU para Estudantes de Mestrado e Doutorado <\/a>\u00a0(20\/03\/2026)<\/li><\/ul><\/div>\n\t\t\t\t\t\t\t\t\t<div class=\"elementor-tab-title elementor-tab-mobile-title\" aria-selected=\"false\" data-tab=\"2\" role=\"tab\" tabindex=\"-1\" aria-controls=\"elementor-tab-content-1442\" aria-expanded=\"false\">2025<\/div>\n\t\t\t\t\t<div id=\"elementor-tab-content-1442\" class=\"elementor-tab-content elementor-clearfix\" data-tab=\"2\" role=\"tabpanel\" aria-labelledby=\"elementor-tab-title-1442\" tabindex=\"0\" hidden=\"hidden\"><ul><li><a href=\"https:\/\/www2.unifap.br\/dace\/archives\/8565\">PBP 2025 \u2013 Programa Bolsa Perman\u00eancia do MEC<\/a><\/li><li><a href=\"https:\/\/www2.unifap.br\/dace\/archives\/8045\">EDITAL N\u00ba 01\/2025 \u2013 AUX\u00cdLIO VIAGEM COMPETI\u00c7\u00d5ES ESPORTIVAS<\/a>\u00a0(29\/04\/2025)<\/li><li><a href=\"https:\/\/www2.unifap.br\/dace\/archives\/8162\">EDITAL N\u00ba 02\/2025 &#8211; DACE\/PROEAC\/UNIFAP<\/a> (27\/05\/2025)<\/li><li><a href=\"https:\/\/www2.unifap.br\/dace\/archives\/8169\">EDITAL N\u00ba 03\/2025 &#8211; BOLSA ATLETA<\/a> (27\/05\/2025)<\/li><li><a href=\"https:\/\/www2.unifap.br\/dace\/archives\/8225\">EDITAL N\u00ba 04\/2024 &#8211; CAMPI &#8211; SANTANA\/MAZAG\u00c3O\/BINACIONAL<\/a> (29\/05\/2025)<\/li><li data-start=\"935\" data-end=\"1157\"><a href=\"https:\/\/www2.unifap.br\/dace\/archives\/8458\"><span class=\"fontstyle0\">EDITAL N\u00ba 05\/2025 \u2013 AUX\u00cdLIO VIAGEM PARA EVENTOS CIENT\u00cdFICOS E CULTURAIS<\/span><\/a>\u00a0(26\/06\/2025)<\/li><\/ul><\/div>\n\t\t\t\t\t\t\t\t\t<div class=\"elementor-tab-title elementor-tab-mobile-title\" aria-selected=\"false\" data-tab=\"3\" role=\"tab\" tabindex=\"-1\" aria-controls=\"elementor-tab-content-1443\" aria-expanded=\"false\">2024<\/div>\n\t\t\t\t\t<div id=\"elementor-tab-content-1443\" class=\"elementor-tab-content elementor-clearfix\" data-tab=\"3\" role=\"tabpanel\" aria-labelledby=\"elementor-tab-title-1443\" tabindex=\"0\" hidden=\"hidden\"><ul><li><a href=\"https:\/\/www2.unifap.br\/dace\/archives\/6626\">PBP \u2013 Programa Bolsa Perman\u00eancia do MEC<\/a> (10\/06\/2024)<\/li><li><a href=\"https:\/\/www2.unifap.br\/dace\/archives\/6513\">EDITAL N\u00ba 01\/2024\/DACE\/PROEAC\/UNIFAP CASA DO ESTUDANTE UNIVERSIT\u00c1RIO \u2013 CEU UNIFAP<\/a> (21\/05\/2024)<\/li><li><a href=\"https:\/\/www2.unifap.br\/dace\/archives\/6837\">EDITAL N\u00ba 02\/2024\/DACE\/PROEAC\/UNIFAP<\/a>\u00a0(17\/07\/2024)<\/li><li><a href=\"https:\/\/www2.unifap.br\/dace\/archives\/6867\">EDITAL N\u00ba 03\/2024\/DACE\/PROEAC\/UNIFAP CAMPI \u2013 SANTANA\/MAZAG\u00c3O\/BINACIONAL<\/a> (17\/07\/2024)<\/li><li><a href=\"https:\/\/www2.unifap.br\/dace\/archives\/6907\">EDITAL N\u00ba 04\/2024 &#8211; AUX\u00cdLIO VIAGEM PARA EVENTOS CIENT\u00cdFICOS E CULTURAIS<\/a> (29\/07\/2024)<\/li><li><a href=\"https:\/\/www2.unifap.br\/dace\/archives\/7138\">EDITAL N\u00ba 05\/2024 &#8211; AUX\u00cdLIO VIAGEM ESPORTE<\/a> (22\/08\/2024)<\/li><\/ul><\/div>\n\t\t\t\t\t\t\t\t\t<div class=\"elementor-tab-title elementor-tab-mobile-title\" aria-selected=\"false\" data-tab=\"4\" role=\"tab\" tabindex=\"-1\" aria-controls=\"elementor-tab-content-1444\" aria-expanded=\"false\">2023<\/div>\n\t\t\t\t\t<div id=\"elementor-tab-content-1444\" class=\"elementor-tab-content elementor-clearfix\" data-tab=\"4\" role=\"tabpanel\" aria-labelledby=\"elementor-tab-title-1444\" tabindex=\"0\" hidden=\"hidden\"><ul><li><a href=\"https:\/\/www2.unifap.br\/dace\/archives\/5943\">PBP \u2013 Programa Bolsa Perman\u00eancia do MEC<\/a> (18\/05\/2023)<\/li><li style=\"font-size: 14px\"><a href=\"https:\/\/www2.unifap.br\/dace\/archives\/5738\">EDITAL N\u00ba 07\/2023 \u2013 DACE\/PROEAC\/UNIFAP CASA DO ESTUDANTE UNIVERSIT\u00c1RIO<\/a>\u00a0(09.01.2023)<\/li><li style=\"font-size: 14px\"><a href=\"https:\/\/www2.unifap.br\/dace\/archives\/5732\">EDITAL N\u00ba 06\/2023 \u2013 DESPL\/NEL\/DACE\/PROEAC\/UNIFAP AUX\u00cdLIO DE INCENTIVO AO ESPORTE \u2013 BOLSA ATLETA<\/a>\u00a0\u00a0(09.01.2023)<\/li><li><a href=\"https:\/\/www2.unifap.br\/dace\/archives\/5726\">EDITAL N\u00ba 05\/2023\u00a0\u2013\u00a0DACE\/PROEAC\/UNIFAP \u2013 POLOS QUILOMBOLAS: ABACATE DA PEDREIRA, CURIA\u00da, MAZAG\u00c3O VELHO, TORR\u00c3O DO MATAPI, CARMO DO MARUANUM E IGARAP\u00c9 DO LAGO<\/a>\u00a0(09.01.2023)<\/li><li><a href=\"https:\/\/www2.unifap.br\/dace\/archives\/5720\">EDITAL N\u00ba 04\/2023 \u2013 AUX\u00cdLIO VIAGEM PARA EVENTOS ESPORTIVOS<\/a>\u00a0(09.01.2023)<\/li><li><a href=\"https:\/\/www2.unifap.br\/dace\/archives\/5713\">EDITAL N\u00ba 03\/2023 \u2013 AUX\u00cdLIO VIAGEM PARA EVENTOS CIENT\u00cdFICOS E CULTURAIS<\/a>\u00a0(09.01.2023)<\/li><li><a href=\"https:\/\/www2.unifap.br\/dace\/archives\/5694\">EDITAL N\u00ba 02\/2023\u00a0\u2013\u00a0DACE\/PROEAC\/UNIFAP CAMPI \u2013 SANTANA\/MAZAG\u00c3O\/BINACIONAL<\/a>\u00a0(09.01.2023)<\/li><li><a href=\"https:\/\/www2.unifap.br\/dace\/archives\/5695\">EDITAL N\u00ba 01\/2023\u00a0\u2013\u00a0DACE\/PROEAC\/UNIFAP CAMPUS MARCO ZERO<\/a>\u00a0(09.01.2023)<\/li><\/ul><\/div>\n\t\t\t\t\t\t\t\t\t<div class=\"elementor-tab-title elementor-tab-mobile-title\" aria-selected=\"false\" data-tab=\"5\" role=\"tab\" tabindex=\"-1\" aria-controls=\"elementor-tab-content-1445\" aria-expanded=\"false\">2022<\/div>\n\t\t\t\t\t<div id=\"elementor-tab-content-1445\" class=\"elementor-tab-content elementor-clearfix\" data-tab=\"5\" role=\"tabpanel\" aria-labelledby=\"elementor-tab-title-1445\" tabindex=\"0\" hidden=\"hidden\"><ul><li><a href=\"https:\/\/www2.unifap.br\/dace\/bolsa-permanencia-do-mec-2022\">BOLSA PERMAN\u00caNCIA DO MEC \u2013 2022.<\/a><\/li><li><a href=\"https:\/\/www2.unifap.br\/dace\/archives\/5156\">EDITAL N\u00ba 05\/2022 \u2013 AUX\u00cdLIO VIAGEM PARA EVENTOS CIENT\u00cdFICOS E CULTURAIS<\/a>\u00a0(08.03.2022)<\/li><li><a href=\"https:\/\/www2.unifap.br\/dace\/archives\/5153\">EDITAL N\u00ba 04\/2022 \u2013 AUX\u00cdLIO DE INCENTIVO AO ESPORTE \u2013 BOLSA ATLETA<\/a>\u00a0(08.03.2022)<\/li><li><a href=\"https:\/\/www2.unifap.br\/dace\/archives\/5150\">EDITAL N\u00ba 03\/2022 \u2013 AUX\u00cdLIO VIAGEM PARA EVENTOS ESPORTIVOS<\/a>\u00a0(08.03.2022)<\/li><li><a href=\"https:\/\/www2.unifap.br\/dace\/archives\/5147\">EDITAL N\u00ba 02\/2022 \u2013 CAMPIS SANTANA, OIAPOQUE E MAZAG\u00c3O <\/a>\u00a0(08.03.2022)<\/li><li><a href=\"https:\/\/www2.unifap.br\/dace\/archives\/5143\">EDITAL N\u00ba 01\/2022 \u2013 CAMPUS MARCO ZERO\u00a0\u00a0<\/a>\u00a0(08.03.2022)<\/li><\/ul><\/div>\n\t\t\t\t\t\t\t\t\t<div class=\"elementor-tab-title elementor-tab-mobile-title\" aria-selected=\"false\" data-tab=\"6\" role=\"tab\" tabindex=\"-1\" aria-controls=\"elementor-tab-content-1446\" aria-expanded=\"false\">2021<\/div>\n\t\t\t\t\t<div id=\"elementor-tab-content-1446\" class=\"elementor-tab-content elementor-clearfix\" data-tab=\"6\" role=\"tabpanel\" aria-labelledby=\"elementor-tab-title-1446\" tabindex=\"0\" hidden=\"hidden\"><ul><li><p><a href=\"https:\/\/www2.unifap.br\/dace\/archives\/5092\">EDITAL N\u00ba 05\/2021\/DACE\/PROEAC\/UNIFAP AUX\u00cdLIO ENSINO REMOTO PARA AQUISI\u00c7\u00c3O DE EQUIPAMENTO ELETR\u00d4NICO E PACOTE DE INTERNET<\/a><\/p><\/li><li><p><a href=\"https:\/\/www2.unifap.br\/dace\/archives\/5088\">EDITAL N\u00ba 04\/2021 \u2013 AUX\u00cdLIO VIAGEM PARA EVENTOS ESPORTIVOS<\/a><\/p><\/li><li><p><a href=\"https:\/\/www2.unifap.br\/dace\/archives\/5082\">EDITAL N\u00ba 03\/2021 \u2013 AUX\u00cdLIO VIAGEM PARA EVENTOS CIENT\u00cdFICOS E CULTURAIS<\/a><\/p><\/li><li><p><a href=\"https:\/\/www2.unifap.br\/dace\/archives\/5060\">EDITAL SIMPLIFICADO N\u00ba 02\/2021\/DACE\/PROEAC\/UNIFAP \u2013 AUX\u00cdLIO AO ENSINO REMOTO PARA AQUISI\u00c7\u00c3O DE EQUIPAMENTO ELETR\u00d4NICO E PACOTE DE INTERNET, 21 DE JUNHO DE 2021.<\/a><\/p><\/li><li><a href=\"https:\/\/www2.unifap.br\/dace\/archives\/5028\">EDITAL SIMPLIFICADO N\u00ba 01\/2021\/DACE\/PROEAC\/UNIFAP \u2013 AUX\u00cdLIO AO ENSINO REMOTO PARA AQUISI\u00c7\u00c3O DE EQUIPAMENTO ELETR\u00d4NICO E PACOTE DE INTERNET<\/a><\/li><\/ul><\/div>\n\t\t\t\t\t\t\t\t\t<div class=\"elementor-tab-title elementor-tab-mobile-title\" aria-selected=\"false\" data-tab=\"7\" role=\"tab\" tabindex=\"-1\" aria-controls=\"elementor-tab-content-1447\" aria-expanded=\"false\">2020<\/div>\n\t\t\t\t\t<div id=\"elementor-tab-content-1447\" class=\"elementor-tab-content elementor-clearfix\" data-tab=\"7\" role=\"tabpanel\" aria-labelledby=\"elementor-tab-title-1447\" tabindex=\"0\" hidden=\"hidden\"><ul><li><a href=\"https:\/\/www2.unifap.br\/dace\/archives\/4953\">CONVOCA\u00c7\u00c3O \u2013 Benefici\u00e1rios da Assist\u00eancia Estudantil contemplados atrav\u00e9s do Aux\u00edlio ao Ensino Remoto Edital Simplificado n\u00ba 02\/2020\/DACE\/PROEAC\/UNIFAP de Aux\u00edlio Financeiro para Aquisi\u00e7\u00e3o de Equipamento Eletr\u00f4nico e Pacote de Internet de 13 de outubro de 2020<\/a><\/li><li><a href=\"https:\/\/www2.unifap.br\/dace\/archives\/4987\">EDITAL SIMPLIFICADO AUX\u00cdLIO P\u00d3S-GRADUA\u00c7\u00c3O CONECTADA N\u00ba03\/2020 \/PROPESPG\/PROEAC\/UNIFAP \u2013 AUX\u00cdLIO FINANCEIRO PARA AQUISI\u00c7\u00c3O DE EQUIPAMENTO ELETR\u00d4NICO E DADOS MOV\u00c9IS.<\/a><\/li><li><a href=\"http:\/\/www2.unifap.br\/dace\/archives\/4953\">EDITAL SIMPLIFICADO N\u00ba 02\/2020\/DACE\/PROEAC\/UNIFAP DE AUX\u00cdLIO FINANCEIRO PARA AQUISI\u00c7\u00c3O DE EQUIPAMENTO ELETR\u00d4NICO E PACOTE DE INTERNET<\/a><\/li><li><a href=\"https:\/\/www2.unifap.br\/proeac\/?page_id=383\">EDITAL 02\/2020 \u2013 DACE\/PROEAC\/UNIFAP \u2013 PROCESSO SELETIVO PARA O AUX\u00cdLIO \u00c0 BOLSA PERMAN\u00caNCIA \u2013 CAMPUS OIAPOQUE<\/a><\/li><li><a href=\"https:\/\/www2.unifap.br\/proeac\/?page_id=383\">EDITAL 01\/2020 \u2013 Concess\u00e3o de Bolsas e Aux\u00edlios de Assist\u00eancia Estudantil \u2013 MARCO ZERO \u2013 MACAP\u00c1<\/a><\/li><\/ul><\/div>\n\t\t\t\t\t\t\t\t\t<div class=\"elementor-tab-title elementor-tab-mobile-title\" aria-selected=\"false\" data-tab=\"8\" role=\"tab\" tabindex=\"-1\" aria-controls=\"elementor-tab-content-1448\" aria-expanded=\"false\">2019<\/div>\n\t\t\t\t\t<div id=\"elementor-tab-content-1448\" class=\"elementor-tab-content elementor-clearfix\" data-tab=\"8\" role=\"tabpanel\" aria-labelledby=\"elementor-tab-title-1448\" tabindex=\"0\" hidden=\"hidden\"><ul><li><a href=\"http:\/\/www2.unifap.br\/proeac\/files\/2019\/12\/PUBLICA%C3%87%C3%83O-EDUCA%C3%87%C3%83O-DO-CAMPO-LISTA-DESLIGADOS-18-12-2019.pdf\">EDITAL 12\/2019 \u2013 PUBLICA\u00c7\u00c3O EDUCA\u00c7\u00c3O DO CAMPO LISTA DESLIGADOS \u2013 18-12-2019<\/a><\/li><li><a href=\"http:\/\/www2.unifap.br\/proeac\/files\/2019\/12\/Rela%C3%A7%C3%A3o-dos-acad%C3%AAmicos-de-dever%C3%A3o-ser-desligados-do-PROGRAMA-BOLSA-PERMAN%C3%8ANCIA-DO-MEc-09-12-2019.pdf\">Rela\u00e7\u00e3o dos acad\u00eamicos de dever\u00e3o ser desligados do PROGRAMA BOLSA PERMAN\u00caNCIA DO MEc (09-12-2019)<\/a><\/li><li><a href=\"http:\/\/www2.unifap.br\/proeac\/files\/2019\/11\/PUBLICA%C3%87%C3%83O-ACOMPANHAMENTO-PSICOPEDAGOGICO-DE-DISCENTES-BENEFICI%C3%81RIOS-DE-AUXILIOS-DO-PROGRAMA-DO-PNAES.pdf\">EDITAL 11\/2019 \u2013 RESULTADO FINAL P\u00d3S-RECURSO DO PROGRAMA PNAES 2019 ACOMPANHAMENTO PSICOPEDAG\u00d3GICO (29-11-2019)\u00a0<\/a><\/li><li><a href=\"http:\/\/www2.unifap.br\/proeac\/files\/2019\/10\/LISTA-DE-SUSPENSOS-DO-PROGRAMA-PNAES-2019-CAMPUS-MARCO-ZERO.pdf\">EDITAL 11\/2019 \u2013 LISTA DE SUSPENSOS DO PROGRAMA PNAES 2019 CAMPUS MARCO ZERO (29-10-2019)<\/a><\/li><li><a href=\"http:\/\/www2.unifap.br\/proeac\/files\/2019\/10\/RELA%C3%87%C3%83O-DOS-ACADEMICOS-DEFERIDO-NO-PROGRAMA-BOLSA-PERMAN%C3%8ANCIA-DO-MEC.pdf\">RELA\u00c7\u00c3O DOS ACAD\u00caMICOS\u00a0DEFERIDO NO PROGRAMA BOLSA PERMAN\u00caNCIA DO MEC (10\/10\/2019)<\/a><\/li><li><a href=\"https:\/\/www2.unifap.br\/proeac\/files\/2019\/09\/EDITAL-N%c2%ba-10-DESLIGAMENTO-DO-PROGRAMA-DE-BOLSAS-E-AUX%c3%8dLIOS-CAMPUS-OIAPOQUE-25-09-2019.pdf\">EDITAL 10\/2019 \u2013 DACE\/PROEAC\/UNIFAP \u2013 BINACIONAL DESLIGAMENTO<\/a><\/li><li><a href=\"https:\/\/www2.unifap.br\/proeac\/?page_id=383\">EDITAL 09\/2019 \u2013 BINACIONAL DESLIGAMENTO<\/a><\/li><li><a href=\"https:\/\/www2.unifap.br\/proeac\/?page_id=383\">EDITAL 08\/2019 \u2013 Concess\u00e3o de Bolsas e Aux\u00edlios de Assist\u00eancia Estudantil \u2013 Marco Zero \u2013 Macap\u00e1<\/a><\/li><li><a href=\"https:\/\/www2.unifap.br\/proeac\/?page_id=383\">EDITAL 07\/2019 Concess\u00e3o de Bolsas e Aux\u00edlios de Assist\u00eancia Estudantil \u2013 Oiapoque<\/a><\/li><li><a href=\"https:\/\/www2.unifap.br\/proeac\/?page_id=383\">EDITAL 06\/2019 Concess\u00e3o de Bolsas e Aux\u00edlios de Assist\u00eancia Estudantil \u2013 Mazag\u00e3o<\/a><\/li><li><a href=\"https:\/\/www2.unifap.br\/proeac\/?page_id=383\">EDITAL 05\/2019 \u2013 Concess\u00e3o de Bolsas e Aux\u00edlios de Assist\u00eancia Estudantil \u2013 Santana<\/a><\/li><li><a href=\"http:\/\/www2.unifap.br\/proeac\/files\/2019\/04\/04-2019-Eventos-Esportivos.pdf\">EDITAL 04\/2019 AUX\u00cdLIO FINANCEIRO PARA PARTICIPA\u00c7\u00c3O EM EVENTOS ESPORTIVOS<\/a><\/li><li><a href=\"http:\/\/www2.unifap.br\/proeac\/files\/2019\/04\/EDITAL-03-2019-AUX%C3%8DLIO-FINANCEIRO-PARA-PARTICIPA%C3%87AO-EM-EVENTOS-CIENT%C3%8DFICOS-E-CULTURAIS.pdf\">EDITAL 03\/2019 \u2013 AUX\u00cdLIO FINANCEIRO PARA PARTICIPA\u00c7AO EM EVENTOS CIENT\u00cdFICOS E CULTURAIS<\/a><\/li><li><a href=\"https:\/\/www2.unifap.br\/proeac\/?page_id=383\">EDITAL 02\/2019-DACE-PROEAC-UNIFAP MARCO ZERO 11 de JANEIRO DE 2019<\/a><\/li><li><a href=\"https:\/\/www2.unifap.br\/proeac\/?page_id=383\">EDITAL 01\/2019 OIAPOQUE \u2013 Concess\u00e3o de Bolsas e Aux\u00edlios de Assist\u00eancia Estudantil<\/a><\/li><\/ul><\/div>\n\t\t\t\t\t\t\t\t\t<div class=\"elementor-tab-title elementor-tab-mobile-title\" aria-selected=\"false\" data-tab=\"9\" role=\"tab\" tabindex=\"-1\" aria-controls=\"elementor-tab-content-1449\" aria-expanded=\"false\">2018<\/div>\n\t\t\t\t\t<div id=\"elementor-tab-content-1449\" class=\"elementor-tab-content elementor-clearfix\" data-tab=\"9\" role=\"tabpanel\" aria-labelledby=\"elementor-tab-title-1449\" tabindex=\"0\" hidden=\"hidden\"><ul><li><a href=\"https:\/\/www2.unifap.br\/proeac\/?page_id=383\">EDITAL 01\/2018 \u2013 Campus Marco Zero<\/a><\/li><li><a href=\"https:\/\/www2.unifap.br\/proeac\/?page_id=383\">EDITAL 02\/2018 \u2013 Campus Santana<\/a><\/li><li><a href=\"https:\/\/www2.unifap.br\/proeac\/?page_id=383\">EDITAL 03\/2018 \u2013 Aux\u00edlio para Representa\u00e7\u00e3o Esportivas<\/a><\/li><li><a href=\"http:\/\/www2.unifap.br\/proeac\/files\/2011\/07\/EDITAL-04-2018-AUX%C3%8DLIO-FINANCEIRO-PARA-PARTICIPA%C3%87%C3%83O-EM-EVENTOS-CIENT%C3%8DFICOS-E-CULTURAIS.pdf\">EDITAL 04\/2018 \u2013 AUX\u00cdLIO FINANCEIRO PARA PARTICIPA\u00c7\u00c3O EM EVENTOS CIENT\u00cdFICOS E CULTURAIS<\/a><\/li><\/ul><\/div>\n\t\t\t\t\t\t\t\t\t<div class=\"elementor-tab-title elementor-tab-mobile-title\" aria-selected=\"false\" data-tab=\"10\" role=\"tab\" tabindex=\"-1\" aria-controls=\"elementor-tab-content-14410\" aria-expanded=\"false\">2017<\/div>\n\t\t\t\t\t<div id=\"elementor-tab-content-14410\" class=\"elementor-tab-content elementor-clearfix\" data-tab=\"10\" role=\"tabpanel\" aria-labelledby=\"elementor-tab-title-14410\" tabindex=\"0\" hidden=\"hidden\"><ul><li><a href=\"http:\/\/www2.unifap.br\/dace\/archives\/3554\">EDITAL N\u00ba01\/2017 \u2013 DACE\/PROEAC\/UNIFAP &#8211; PROGRAMA DE ASSIST\u00caNCIA ESTUDANTIL \u2013 AUX\u00cdLIO DE INCENTIVO AO ESPORTE \/ AUX\u00cdLIO ATLETA 2017 \u2013 Campus Marco Zero, de 30 de mar\u00e7o de 2017.<\/a><\/li><li><a href=\"https:\/\/www2.unifap.br\/edfisica\/2017\/03\/31\/informe-57\/\">EDITAL 01\/2017 \u2013 DACE\/PROEAC\/UNIFAP \u2013 AUX\u00cdLIO ATLETA<\/a><\/li><li><a href=\"https:\/\/www2.unifap.br\/proeac\/?p=3040\">EDITAL 02\/2017 \u2013 SANTANA<\/a><\/li><li><a href=\"http:\/\/www2.unifap.br\/proeac\/?p=3159\">EDITAL 03\/2017 \u2013 MAZAG\u00c3O<\/a><\/li><li><a href=\"http:\/\/www2.unifap.br\/proeac\/?p=3022\">EDITAL 05\/2017 \u2013 MARCO ZERO<\/a><\/li><li><a href=\"http:\/\/www2.unifap.br\/proeac\/?p=3227\">EDITAL 06\/2017 \u2013 OIAPOQUE<\/a><\/li><li><a href=\"http:\/\/www2.unifap.br\/proeac\/?p=3197\">EDITAL 07\/2017 \u2013 MARCO ZERO<\/a><\/li><li><a href=\"http:\/\/www2.unifap.br\/proeac\/files\/2011\/07\/EDITAL-2017-JUBS.pdf\">EDITAL 08\/2017 \u2013 JUBS<\/a><\/li><\/ul><\/div>\n\t\t\t\t\t\t\t<\/div>\n\t\t<\/div>\n\t\t\t\t\t\t<\/div>\n\t\t\t\t<\/div>\n\t\t\t\t<div class=\"elementor-element elementor-element-c3ba2a9 elementor-widget elementor-widget-text-editor\" data-id=\"c3ba2a9\" data-element_type=\"widget\" data-e-type=\"widget\" data-widget_type=\"text-editor.default\">\n\t\t\t\t<div class=\"elementor-widget-container\">\n\t\t\t\t\t\t\t\t\t<p><strong>Para acesso aos anexos recomendamos o uso dos navegadores <a href=\"https:\/\/www.microsoft.com\/pt-br\/edge?form=MA13FJ\">Edge<\/a>, <a href=\"http:\/\/www.mozilla.org\">FireFox<\/a> ou <a href=\"https:\/\/www.opera.com\/pt-br\">Opera.<\/a><\/strong><\/p>\t\t\t\t\t\t\t\t<\/div>\n\t\t\t\t<\/div>\n\t\t\t\t<div class=\"elementor-element elementor-element-3be8222 elementor-widget elementor-widget-heading\" data-id=\"3be8222\" data-element_type=\"widget\" data-e-type=\"widget\" data-widget_type=\"heading.default\">\n\t\t\t\t<div class=\"elementor-widget-container\">\n\t\t\t\t\t<h2 class=\"elementor-heading-title elementor-size-default\"><a href=\"https:\/\/www2.unifap.br\/proeac\/?page_id=383\">Link para p\u00e1gina antiga de editais.<\/a><\/h2>\t\t\t\t<\/div>\n\t\t\t\t<\/div>\n\t\t\t\t<div class=\"elementor-element elementor-element-66f8091 elementor-widget elementor-widget-heading\" data-id=\"66f8091\" data-element_type=\"widget\" data-e-type=\"widget\" data-widget_type=\"heading.default\">\n\t\t\t\t<div class=\"elementor-widget-container\">\n\t\t\t\t\t<h2 class=\"elementor-heading-title elementor-size-default\"><a href=\"https:\/\/www2.unifap.br\/dace\/manuais\">Manuais<\/a><\/h2>\t\t\t\t<\/div>\n\t\t\t\t<\/div>\n\t\t\t\t\t<\/div>\n\t\t<\/div>\n\t\t\t\t\t<\/div>\n\t\t<\/section>\n\t\t\t\t<\/div>\n\t\t","protected":false},"excerpt":{"rendered":"<p>2026 2025 2024 2023 2022 2021 2020 2019 2018 2017 2026 EDITAL N\u00ba 01\/2026 &#8211; AUX\u00cdLIO VIAGEM PARA COMPETI\u00c7\u00d5ES ESPORTIVAS&#8230;<\/p>\n","protected":false},"author":405,"featured_media":0,"parent":0,"menu_order":1,"comment_status":"closed","ping_status":"open","template":"","meta":{"inline_featured_image":false,"site-sidebar-layout":"default","site-content-layout":"","ast-site-content-layout":"default","site-content-style":"default","site-sidebar-style":"default","ast-global-header-display":"","ast-banner-title-visibility":"","ast-main-header-display":"","ast-hfb-above-header-display":"","ast-hfb-below-header-display":"","ast-hfb-mobile-header-display":"","site-post-title":"","ast-breadcrumbs-content":"","ast-featured-img":"","footer-sml-layout":"","theme-transparent-header-meta":"","adv-header-id-meta":"","stick-header-meta":"","header-above-stick-meta":"","header-main-stick-meta":"","header-below-stick-meta":"","astra-migrate-meta-layouts":"default","ast-page-background-enabled":"default","ast-page-background-meta":{"desktop":{"background-color":"var(--ast-global-color-4)","background-image":"","background-repeat":"repeat","background-position":"center center","background-size":"auto","background-attachment":"scroll","background-type":"","background-media":"","overlay-type":"","overlay-color":"","overlay-opacity":"","overlay-gradient":""},"tablet":{"background-color":"","background-image":"","background-repeat":"repeat","background-position":"center center","background-size":"auto","background-attachment":"scroll","background-type":"","background-media":"","overlay-type":"","overlay-color":"","overlay-opacity":"","overlay-gradient":""},"mobile":{"background-color":"","background-image":"","background-repeat":"repeat","background-position":"center center","background-size":"auto","background-attachment":"scroll","background-type":"","background-media":"","overlay-type":"","overlay-color":"","overlay-opacity":"","overlay-gradient":""}},"ast-content-background-meta":{"desktop":{"background-color":"var(--ast-global-color-5)","background-image":"","background-repeat":"repeat","background-position":"center center","background-size":"auto","background-attachment":"scroll","background-type":"","background-media":"","overlay-type":"","overlay-color":"","overlay-opacity":"","overlay-gradient":""},"tablet":{"background-color":"var(--ast-global-color-5)","background-image":"","background-repeat":"repeat","background-position":"center center","background-size":"auto","background-attachment":"scroll","background-type":"","background-media":"","overlay-type":"","overlay-color":"","overlay-opacity":"","overlay-gradient":""},"mobile":{"background-color":"var(--ast-global-color-5)","background-image":"","background-repeat":"repeat","background-position":"center center","background-size":"auto","background-attachment":"scroll","background-type":"","background-media":"","overlay-type":"","overlay-color":"","overlay-opacity":"","overlay-gradient":""}},"ngg_post_thumbnail":0,"footnotes":""},"class_list":["post-3400","page","type-page","status-publish","hentry"],"_links":{"self":[{"href":"https:\/\/www2.unifap.br\/dace\/wp-json\/wp\/v2\/pages\/3400","targetHints":{"allow":["GET"]}}],"collection":[{"href":"https:\/\/www2.unifap.br\/dace\/wp-json\/wp\/v2\/pages"}],"about":[{"href":"https:\/\/www2.unifap.br\/dace\/wp-json\/wp\/v2\/types\/page"}],"author":[{"embeddable":true,"href":"https:\/\/www2.unifap.br\/dace\/wp-json\/wp\/v2\/users\/405"}],"replies":[{"embeddable":true,"href":"https:\/\/www2.unifap.br\/dace\/wp-json\/wp\/v2\/comments?post=3400"}],"version-history":[{"count":166,"href":"https:\/\/www2.unifap.br\/dace\/wp-json\/wp\/v2\/pages\/3400\/revisions"}],"predecessor-version":[{"id":9181,"href":"https:\/\/www2.unifap.br\/dace\/wp-json\/wp\/v2\/pages\/3400\/revisions\/9181"}],"wp:attachment":[{"href":"https:\/\/www2.unifap.br\/dace\/wp-json\/wp\/v2\/media?parent=3400"}],"curies":[{"name":"wp","href":"https:\/\/api.w.org\/{rel}","templated":true}]}}