{"id":5530,"date":"2022-11-11T20:16:36","date_gmt":"2022-11-11T23:16:36","guid":{"rendered":"https:\/\/www2.unifap.br\/dace\/?page_id=5530"},"modified":"2022-11-11T20:41:57","modified_gmt":"2022-11-11T23:41:57","slug":"faq","status":"publish","type":"page","link":"https:\/\/www2.unifap.br\/dace\/faq","title":{"rendered":"Perguntas e Respostas Frequentes"},"content":{"rendered":"\t\t<div data-elementor-type=\"wp-page\" data-elementor-id=\"5530\" class=\"elementor elementor-5530\">\n\t\t\t\t\t\t<section class=\"elementor-section elementor-top-section elementor-element elementor-element-f8fca8c elementor-section-boxed elementor-section-height-default elementor-section-height-default\" data-id=\"f8fca8c\" data-element_type=\"section\" data-e-type=\"section\">\n\t\t\t\t\t\t<div class=\"elementor-container elementor-column-gap-default\">\n\t\t\t\t\t<div class=\"elementor-column elementor-col-100 elementor-top-column elementor-element elementor-element-56dceb1\" data-id=\"56dceb1\" data-element_type=\"column\" data-e-type=\"column\">\n\t\t\t<div class=\"elementor-widget-wrap elementor-element-populated\">\n\t\t\t\t\t\t<div class=\"elementor-element elementor-element-0cedd78 elementor-widget elementor-widget-heading\" data-id=\"0cedd78\" data-element_type=\"widget\" data-e-type=\"widget\" data-widget_type=\"heading.default\">\n\t\t\t\t<div class=\"elementor-widget-container\">\n\t\t\t\t\t<h2 class=\"elementor-heading-title elementor-size-default\">Perguntas e Respostas Frequentes do Departamento de A\u00e7\u00f5es Comunit\u00e1rias e Estudantis \u2013 DACE<\/h2>\t\t\t\t<\/div>\n\t\t\t\t<\/div>\n\t\t\t\t<div class=\"elementor-element elementor-element-78db9d8 elementor-widget elementor-widget-text-editor\" data-id=\"78db9d8\" data-element_type=\"widget\" data-e-type=\"widget\" data-widget_type=\"text-editor.default\">\n\t\t\t\t<div class=\"elementor-widget-container\">\n\t\t\t\t\t\t\t\t\t<p>Publicado em 11<span class=\"value\">\/11\/2022 20h30<\/span>\u00a0|\u00a0<span class=\"documentModified\">Atualizado em\u00a0<span class=\"value\">11\/11\/2022 20h38<\/span><\/span><\/p>\t\t\t\t\t\t\t\t<\/div>\n\t\t\t\t<\/div>\n\t\t\t\t\t<\/div>\n\t\t<\/div>\n\t\t\t\t\t<\/div>\n\t\t<\/section>\n\t\t\t\t<section class=\"elementor-section elementor-top-section elementor-element elementor-element-fdef4f2 elementor-section-boxed elementor-section-height-default elementor-section-height-default\" data-id=\"fdef4f2\" data-element_type=\"section\" data-e-type=\"section\">\n\t\t\t\t\t\t<div class=\"elementor-container elementor-column-gap-default\">\n\t\t\t\t\t<div class=\"elementor-column elementor-col-100 elementor-top-column elementor-element elementor-element-48a5cee\" data-id=\"48a5cee\" data-element_type=\"column\" data-e-type=\"column\">\n\t\t\t<div class=\"elementor-widget-wrap elementor-element-populated\">\n\t\t\t\t\t\t<div class=\"elementor-element elementor-element-ac4460a elementor-widget elementor-widget-eael-adv-accordion\" data-id=\"ac4460a\" data-element_type=\"widget\" data-e-type=\"widget\" data-widget_type=\"eael-adv-accordion.default\">\n\t\t\t\t<div class=\"elementor-widget-container\">\n\t\t\t\t\t        <div class=\"eael-adv-accordion\" id=\"eael-adv-accordion-ac4460a\" data-scroll-on-click=\"no\" data-scroll-speed=\"300\" data-accordion-id=\"ac4460a\" data-accordion-type=\"accordion\" data-toogle-speed=\"300\">\n    <div class=\"eael-accordion-list\">\n                <div id=\"o-que-o-pnaes\" class=\"elementor-tab-title eael-accordion-header\" tabindex=\"0\" data-tab=\"1\" aria-controls=\"elementor-tab-content-1801\"><span class=\"eael-advanced-accordion-icon-closed\"><i aria-hidden=\"true\" class=\"fa-accordion-icon fas fa-plus\"><\/i><\/span><span class=\"eael-advanced-accordion-icon-opened\"><i aria-hidden=\"true\" class=\"fa-accordion-icon fas fa-minus\"><\/i><\/span><span class=\"eael-accordion-tab-title\">O que \u00e9 o PNAES?<\/span><i aria-hidden=\"true\" class=\"fa-toggle fas fa-angle-right\"><\/i><\/div><div id=\"elementor-tab-content-1801\" class=\"eael-accordion-content clearfix\" data-tab=\"1\" aria-labelledby=\"o-que-o-pnaes\"><p>\u00c9 o Programa Nacional de Assist\u00eancia Estudantil \u2013 PNAES, criado atrav\u00e9s do Decreto 7.234 de 19 de julho de 2020, executado no \u00e2mbito do Minist\u00e9rio da Educa\u00e7\u00e3o, tem como finalidade ampliar as condi\u00e7\u00f5es de perman\u00eancia dos jovens na educa\u00e7\u00e3o superior p\u00fablica federal.<\/p><\/div>\n                <\/div><div class=\"eael-accordion-list\">\n                <div id=\"qual-a-resoluo-da-unifap-que-regulamenta-os-auxlios-e-bolsas-ofertas-pelo-pnaes\" class=\"elementor-tab-title eael-accordion-header\" tabindex=\"0\" data-tab=\"2\" aria-controls=\"elementor-tab-content-1802\"><span class=\"eael-advanced-accordion-icon-closed\"><i aria-hidden=\"true\" class=\"fa-accordion-icon fas fa-plus\"><\/i><\/span><span class=\"eael-advanced-accordion-icon-opened\"><i aria-hidden=\"true\" class=\"fa-accordion-icon fas fa-minus\"><\/i><\/span><span class=\"eael-accordion-tab-title\">Qual a Resolu\u00e7\u00e3o da Unifap que regulamenta os aux\u00edlios e bolsas ofertas pelo PNAES?<\/span><i aria-hidden=\"true\" class=\"fa-toggle fas fa-angle-right\"><\/i><\/div><div id=\"elementor-tab-content-1802\" class=\"eael-accordion-content clearfix\" data-tab=\"2\" aria-labelledby=\"qual-a-resoluo-da-unifap-que-regulamenta-os-auxlios-e-bolsas-ofertas-pelo-pnaes\"><p>Resolu\u00e7\u00e3o n.\u00ba 14\/2017\/CONSU\/UNIFAP, de 30 maio de 2017,\u00a0 tem como objetivo principal democratizar as condi\u00e7\u00f5es de perman\u00eancia, garantindo ao corpo discente, igualdade de oportunidades no exerc\u00edcio das atividades acad\u00eamicas, no sentido de contribuir para a conclus\u00e3o dos cursos na perspectiva da inclus\u00e3o social, que possa estimular sua viv\u00eancia acad\u00eamica para uma forma\u00e7\u00e3o mais diversificada e integral e minimizar os efeitos das desigualdades sociais e regionais na perman\u00eancia e conclus\u00e3o do curso.<\/p><\/div>\n                <\/div><div class=\"eael-accordion-list\">\n                <div id=\"quais-os-auxlios-e-bolsas-ofertados-aos-discentes\" class=\"elementor-tab-title eael-accordion-header\" tabindex=\"0\" data-tab=\"3\" aria-controls=\"elementor-tab-content-1803\"><span class=\"eael-advanced-accordion-icon-closed\"><i aria-hidden=\"true\" class=\"fa-accordion-icon fas fa-plus\"><\/i><\/span><span class=\"eael-advanced-accordion-icon-opened\"><i aria-hidden=\"true\" class=\"fa-accordion-icon fas fa-minus\"><\/i><\/span><span class=\"eael-accordion-tab-title\">Quais os aux\u00edlios e bolsas ofertados aos discentes?<\/span><i aria-hidden=\"true\" class=\"fa-toggle fas fa-angle-right\"><\/i><\/div><div id=\"elementor-tab-content-1803\" class=\"eael-accordion-content clearfix\" data-tab=\"3\" aria-labelledby=\"quais-os-auxlios-e-bolsas-ofertados-aos-discentes\"><p>Concess\u00e3o de Bolsas e Aux\u00edlios: Alimenta\u00e7\u00e3o; Aux\u00edlio Transporte; Aux\u00edlio Moradia; Aux\u00edlio Fotoc\u00f3pia; Aux\u00edlio Sa\u00fade; Aux\u00edlio Atleta; Bolsa Perman\u00eancia do PNAES; Bolsa Perman\u00eancia do MEC; Auxilio Emergencial; Aux\u00edlio Mobilidade; Apoio financeiro \u00e0 participa\u00e7\u00e3o em eventos acad\u00eamicos, culturais e desportivos, Aux\u00edlio Inclus\u00e3o Digital, apoio Psicopedag\u00f3gico, social e de qualidade de vida, Inclus\u00e3o e Cidadania;<\/p><\/div>\n                <\/div><div class=\"eael-accordion-list\">\n                <div id=\"a-assistncia-estudantil-possui-incentivos-aos-discentes-atravs-de-bolsas-ou-auxlios-para-rea-da-cultura-e-esporte\" class=\"elementor-tab-title eael-accordion-header\" tabindex=\"0\" data-tab=\"4\" aria-controls=\"elementor-tab-content-1804\"><span class=\"eael-advanced-accordion-icon-closed\"><i aria-hidden=\"true\" class=\"fa-accordion-icon fas fa-plus\"><\/i><\/span><span class=\"eael-advanced-accordion-icon-opened\"><i aria-hidden=\"true\" class=\"fa-accordion-icon fas fa-minus\"><\/i><\/span><span class=\"eael-accordion-tab-title\">A Assist\u00eancia Estudantil possui incentivos aos discentes atrav\u00e9s de bolsas ou aux\u00edlios para \u00e1rea da cultura e esporte?<\/span><i aria-hidden=\"true\" class=\"fa-toggle fas fa-angle-right\"><\/i><\/div><div id=\"elementor-tab-content-1804\" class=\"eael-accordion-content clearfix\" data-tab=\"4\" aria-labelledby=\"a-assistncia-estudantil-possui-incentivos-aos-discentes-atravs-de-bolsas-ou-auxlios-para-rea-da-cultura-e-esporte\"><p>Sim, anualmente s\u00e3o ofertados atrav\u00e9s de editais aux\u00edlio para participa\u00e7\u00e3o em eventos cient\u00edficos e culturais, para participa\u00e7\u00e3o em eventos esportivos, assim como oferta do bolsa atleta.<\/p><\/div>\n                <\/div><div class=\"eael-accordion-list\">\n                <div id=\"como-realizada-a-solicitao-para-auxlio-viagem-para-eventos-cientficosculturais-e-eventos-esportivos\" class=\"elementor-tab-title eael-accordion-header\" tabindex=\"0\" data-tab=\"5\" aria-controls=\"elementor-tab-content-1805\"><span class=\"eael-advanced-accordion-icon-closed\"><i aria-hidden=\"true\" class=\"fa-accordion-icon fas fa-plus\"><\/i><\/span><span class=\"eael-advanced-accordion-icon-opened\"><i aria-hidden=\"true\" class=\"fa-accordion-icon fas fa-minus\"><\/i><\/span><span class=\"eael-accordion-tab-title\">Como \u00e9 realizada a solicita\u00e7\u00e3o para aux\u00edlio viagem para eventos cient\u00edficos\/culturais e eventos esportivos?<\/span><i aria-hidden=\"true\" class=\"fa-toggle fas fa-angle-right\"><\/i><\/div><div id=\"elementor-tab-content-1805\" class=\"eael-accordion-content clearfix\" data-tab=\"5\" aria-labelledby=\"como-realizada-a-solicitao-para-auxlio-viagem-para-eventos-cientficosculturais-e-eventos-esportivos\"><p>A solicita\u00e7\u00e3o segue instru\u00e7\u00f5es contidas nos editais de fluxo cont\u00ednuo, realizadas atrav\u00e9s de requisi\u00e7\u00f5es no SIPAC, sempre do 1\u00b0 ao 10\u00b0 dia de cada m\u00eas.<\/p><\/div>\n                <\/div><div class=\"eael-accordion-list\">\n                <div id=\"somente-discentes-j-assistidos-pela-assistncia-estudantil-podem-receber-auxlio-financeiro-para-participao-em-eventos-cientficosculturais-e-eventos-esportivos\" class=\"elementor-tab-title eael-accordion-header\" tabindex=\"0\" data-tab=\"6\" aria-controls=\"elementor-tab-content-1806\"><span class=\"eael-advanced-accordion-icon-closed\"><i aria-hidden=\"true\" class=\"fa-accordion-icon fas fa-plus\"><\/i><\/span><span class=\"eael-advanced-accordion-icon-opened\"><i aria-hidden=\"true\" class=\"fa-accordion-icon fas fa-minus\"><\/i><\/span><span class=\"eael-accordion-tab-title\">Somente discentes j\u00e1 assistidos pela Assist\u00eancia Estudantil podem receber aux\u00edlio financeiro para participa\u00e7\u00e3o em eventos cient\u00edficos\/culturais e eventos esportivos?<\/span><i aria-hidden=\"true\" class=\"fa-toggle fas fa-angle-right\"><\/i><\/div><div id=\"elementor-tab-content-1806\" class=\"eael-accordion-content clearfix\" data-tab=\"6\" aria-labelledby=\"somente-discentes-j-assistidos-pela-assistncia-estudantil-podem-receber-auxlio-financeiro-para-participao-em-eventos-cientficosculturais-e-eventos-esportivos\"><p>N\u00e3o, os recursos do PNAES s\u00e3o usados prioritariamente para discentes oriundos de escolas p\u00fablicas, renda at\u00e9 um sal\u00e1rio-m\u00ednimo e meio.<\/p><\/div>\n                <\/div><div class=\"eael-accordion-list\">\n                <div id=\"quantas-vezes-um-discente-pode-ter-acesso-anualmente-ao-auxlio-financeiro-para-participao-em-eventos\" class=\"elementor-tab-title eael-accordion-header\" tabindex=\"0\" data-tab=\"7\" aria-controls=\"elementor-tab-content-1807\"><span class=\"eael-advanced-accordion-icon-closed\"><i aria-hidden=\"true\" class=\"fa-accordion-icon fas fa-plus\"><\/i><\/span><span class=\"eael-advanced-accordion-icon-opened\"><i aria-hidden=\"true\" class=\"fa-accordion-icon fas fa-minus\"><\/i><\/span><span class=\"eael-accordion-tab-title\">Quantas vezes um discente pode ter acesso anualmente ao aux\u00edlio financeiro para participa\u00e7\u00e3o em eventos?<\/span><i aria-hidden=\"true\" class=\"fa-toggle fas fa-angle-right\"><\/i><\/div><div id=\"elementor-tab-content-1807\" class=\"eael-accordion-content clearfix\" data-tab=\"7\" aria-labelledby=\"quantas-vezes-um-discente-pode-ter-acesso-anualmente-ao-auxlio-financeiro-para-participao-em-eventos\"><p>O discente atrav\u00e9s do edital para participa\u00e7\u00e3o em eventos cient\u00edficos\/culturais pode ter acesso a apenas um aux\u00edlio anualmente.<br \/>Atrav\u00e9s do edital para participa\u00e7\u00e3o em eventos esportivos devido sua peculiaridade pode ter acesso NO m\u00e1ximo at\u00e9 dois anualmente.<\/p><\/div>\n                <\/div><div class=\"eael-accordion-list\">\n                <div id=\"para-ter-acesso-aos-auxlios-financeiros-para-participao-em-eventos-necessrio-discente-possui-rendimento-acadmico\" class=\"elementor-tab-title eael-accordion-header\" tabindex=\"0\" data-tab=\"8\" aria-controls=\"elementor-tab-content-1808\"><span class=\"eael-advanced-accordion-icon-closed\"><i aria-hidden=\"true\" class=\"fa-accordion-icon fas fa-plus\"><\/i><\/span><span class=\"eael-advanced-accordion-icon-opened\"><i aria-hidden=\"true\" class=\"fa-accordion-icon fas fa-minus\"><\/i><\/span><span class=\"eael-accordion-tab-title\">Para ter acesso aos aux\u00edlios financeiros para participa\u00e7\u00e3o em eventos \u00e9 necess\u00e1rio discente possui rendimento acad\u00eamico?<\/span><i aria-hidden=\"true\" class=\"fa-toggle fas fa-angle-right\"><\/i><\/div><div id=\"elementor-tab-content-1808\" class=\"eael-accordion-content clearfix\" data-tab=\"8\" aria-labelledby=\"para-ter-acesso-aos-auxlios-financeiros-para-participao-em-eventos-necessrio-discente-possui-rendimento-acadmico\"><p>Sim, como o aux\u00edlio financeiro para participa\u00e7\u00e3o em eventos e um incentivo a produ\u00e7\u00e3o acad\u00eamica e representa\u00e7\u00e3o esportiva, \u00e9 exigido que o discente possua rendimento acad\u00eamico, n\u00e3o ter ultrapassado tempo regular de curso, conforme crit\u00e9rios estabelecidos em edital e conforme Resolu\u00e7\u00e3o 014\/2017\u00a0 que disciplina a Pol\u00edtica de Assist\u00eancia Estudantil.<\/p><\/div>\n                <\/div><div class=\"eael-accordion-list\">\n                <div id=\"quais-aes-a-diviso-de-esporte-realiza-\" class=\"elementor-tab-title eael-accordion-header\" tabindex=\"0\" data-tab=\"9\" aria-controls=\"elementor-tab-content-1809\"><span class=\"eael-advanced-accordion-icon-closed\"><i aria-hidden=\"true\" class=\"fa-accordion-icon fas fa-plus\"><\/i><\/span><span class=\"eael-advanced-accordion-icon-opened\"><i aria-hidden=\"true\" class=\"fa-accordion-icon fas fa-minus\"><\/i><\/span><span class=\"eael-accordion-tab-title\">Quais a\u00e7\u00f5es a divis\u00e3o de esporte realiza? <\/span><i aria-hidden=\"true\" class=\"fa-toggle fas fa-angle-right\"><\/i><\/div><div id=\"elementor-tab-content-1809\" class=\"eael-accordion-content clearfix\" data-tab=\"9\" aria-labelledby=\"quais-aes-a-diviso-de-esporte-realiza-\"><p>A divis\u00e3o de esporte e lazer realiza o fomentar do esporte universit\u00e1rio de alto rendimento, bem como as a\u00e7\u00f5es de esporte e lazer para comunidade interna e externa da universidade.<\/p><\/div>\n                <\/div><div class=\"eael-accordion-list\">\n                <div id=\"quem-pode-participar-\" class=\"elementor-tab-title eael-accordion-header\" tabindex=\"0\" data-tab=\"10\" aria-controls=\"elementor-tab-content-18010\"><span class=\"eael-advanced-accordion-icon-closed\"><i aria-hidden=\"true\" class=\"fa-accordion-icon fas fa-plus\"><\/i><\/span><span class=\"eael-advanced-accordion-icon-opened\"><i aria-hidden=\"true\" class=\"fa-accordion-icon fas fa-minus\"><\/i><\/span><span class=\"eael-accordion-tab-title\">Quem pode participar? <\/span><i aria-hidden=\"true\" class=\"fa-toggle fas fa-angle-right\"><\/i><\/div><div id=\"elementor-tab-content-18010\" class=\"eael-accordion-content clearfix\" data-tab=\"10\" aria-labelledby=\"quem-pode-participar-\"><p>Alunos, servidores, colaboradores terceirizados e comunidade externa.<\/p><\/div>\n                <\/div><div class=\"eael-accordion-list\">\n                <div id=\"onde-posso-saber-mais-sobre-as-aes-realizadas-do-esporte-\" class=\"elementor-tab-title eael-accordion-header\" tabindex=\"0\" data-tab=\"11\" aria-controls=\"elementor-tab-content-18011\"><span class=\"eael-advanced-accordion-icon-closed\"><i aria-hidden=\"true\" class=\"fa-accordion-icon fas fa-plus\"><\/i><\/span><span class=\"eael-advanced-accordion-icon-opened\"><i aria-hidden=\"true\" class=\"fa-accordion-icon fas fa-minus\"><\/i><\/span><span class=\"eael-accordion-tab-title\">Onde posso saber mais sobre as a\u00e7\u00f5es realizadas do esporte? <\/span><i aria-hidden=\"true\" class=\"fa-toggle fas fa-angle-right\"><\/i><\/div><div id=\"elementor-tab-content-18011\" class=\"eael-accordion-content clearfix\" data-tab=\"11\" aria-labelledby=\"onde-posso-saber-mais-sobre-as-aes-realizadas-do-esporte-\"><p>Site da UNIFAP, rede Social da Divis\u00e3o <a href=\"https:\/\/instagram.com\/esporteunifap?igshid=YmMyMTA2M2Y=\">@esporteunifap<\/a> no Instagram e em loco na PROEAC.<\/p><\/div>\n                <\/div><div class=\"eael-accordion-list\">\n                <div id=\"quais-modalidades-oferecidas-pela-diviso-de-esporte-\" class=\"elementor-tab-title eael-accordion-header\" tabindex=\"0\" data-tab=\"12\" aria-controls=\"elementor-tab-content-18012\"><span class=\"eael-advanced-accordion-icon-closed\"><i aria-hidden=\"true\" class=\"fa-accordion-icon fas fa-plus\"><\/i><\/span><span class=\"eael-advanced-accordion-icon-opened\"><i aria-hidden=\"true\" class=\"fa-accordion-icon fas fa-minus\"><\/i><\/span><span class=\"eael-accordion-tab-title\">Quais modalidades oferecidas pela Divis\u00e3o de Esporte? <\/span><i aria-hidden=\"true\" class=\"fa-toggle fas fa-angle-right\"><\/i><\/div><div id=\"elementor-tab-content-18012\" class=\"eael-accordion-content clearfix\" data-tab=\"12\" aria-labelledby=\"quais-modalidades-oferecidas-pela-diviso-de-esporte-\"><p>Hidrogin\u00e1stica, nata\u00e7\u00e3o, dan\u00e7a de sal\u00e3o, treinamento funcional, treinamento de v\u00f4lei, basquete, handebol, futsal, xadrez, inicia\u00e7\u00e3o a modalidades coletivas para crian\u00e7as e lutas.<\/p><\/div>\n                <\/div><div class=\"eael-accordion-list\">\n                <div id=\"quando-pode-ser-excludo-meus-auxlios-e-bolsas\" class=\"elementor-tab-title eael-accordion-header\" tabindex=\"0\" data-tab=\"13\" aria-controls=\"elementor-tab-content-18013\"><span class=\"eael-advanced-accordion-icon-closed\"><i aria-hidden=\"true\" class=\"fa-accordion-icon fas fa-plus\"><\/i><\/span><span class=\"eael-advanced-accordion-icon-opened\"><i aria-hidden=\"true\" class=\"fa-accordion-icon fas fa-minus\"><\/i><\/span><span class=\"eael-accordion-tab-title\">Quando pode ser exclu\u00eddo meus aux\u00edlios e bolsas?<\/span><i aria-hidden=\"true\" class=\"fa-toggle fas fa-angle-right\"><\/i><\/div><div id=\"elementor-tab-content-18013\" class=\"eael-accordion-content clearfix\" data-tab=\"13\" aria-labelledby=\"quando-pode-ser-excludo-meus-auxlios-e-bolsas\"><p>Quando n\u00e3o obedecer os crit\u00e9rios de perman\u00eancia que est\u00e1 descrito no edital em que foi contemplado e na resolu\u00e7\u00e3o 14\/2017-CONSU\/UNIFAP.<\/p><\/div>\n                <\/div><div class=\"eael-accordion-list\">\n                <div id=\"o-que-a-bolsa-permanncia-do-mec\" class=\"elementor-tab-title eael-accordion-header\" tabindex=\"0\" data-tab=\"14\" aria-controls=\"elementor-tab-content-18014\"><span class=\"eael-advanced-accordion-icon-closed\"><i aria-hidden=\"true\" class=\"fa-accordion-icon fas fa-plus\"><\/i><\/span><span class=\"eael-advanced-accordion-icon-opened\"><i aria-hidden=\"true\" class=\"fa-accordion-icon fas fa-minus\"><\/i><\/span><span class=\"eael-accordion-tab-title\">O que \u00e9 a Bolsa perman\u00eancia do MEC?<\/span><i aria-hidden=\"true\" class=\"fa-toggle fas fa-angle-right\"><\/i><\/div><div id=\"elementor-tab-content-18014\" class=\"eael-accordion-content clearfix\" data-tab=\"14\" aria-labelledby=\"o-que-a-bolsa-permanncia-do-mec\"><p>A Bolsa Perman\u00eancia \u00e9 um aux\u00edlio financeiro que tem por finalidade minimizar as desigualdades sociais, \u00e9tnico-raciais e contribuir para perman\u00eancia e diploma\u00e7\u00e3o dos estudantes de gradua\u00e7\u00e3o em situa\u00e7\u00e3o de vulnerabilidade socioecon\u00f4mica, em especial, os ind\u00edgenas e quilombolas.<\/p><\/div>\n                <\/div><div class=\"eael-accordion-list\">\n                <div id=\"como-conseguir-uma-bolsa-permanncia-do-mec\" class=\"elementor-tab-title eael-accordion-header\" tabindex=\"0\" data-tab=\"15\" aria-controls=\"elementor-tab-content-18015\"><span class=\"eael-advanced-accordion-icon-closed\"><i aria-hidden=\"true\" class=\"fa-accordion-icon fas fa-plus\"><\/i><\/span><span class=\"eael-advanced-accordion-icon-opened\"><i aria-hidden=\"true\" class=\"fa-accordion-icon fas fa-minus\"><\/i><\/span><span class=\"eael-accordion-tab-title\">Como conseguir uma bolsa perman\u00eancia do MEC?<\/span><i aria-hidden=\"true\" class=\"fa-toggle fas fa-angle-right\"><\/i><\/div><div id=\"elementor-tab-content-18015\" class=\"eael-accordion-content clearfix\" data-tab=\"15\" aria-labelledby=\"como-conseguir-uma-bolsa-permanncia-do-mec\"><p>Anualmente o Minist\u00e9rio da Educa\u00e7\u00e3o lan\u00e7a edital que \u00e9 amplamente divulgado pelas universidades com objetivo de\u00a0 subsidiar os estudantes que atendam os crit\u00e9rios para a pol\u00edtica de cotas, estejam matriculados em cursos com carga hor\u00e1ria maior que cinco horas di\u00e1rias e que tenham renda per capta familiar mensal de at\u00e9 1,5 sal\u00e1rios m\u00ednimos.<\/p><\/div>\n                <\/div><\/div>\t\t\t\t<\/div>\n\t\t\t\t<\/div>\n\t\t\t\t\t<\/div>\n\t\t<\/div>\n\t\t\t\t\t<\/div>\n\t\t<\/section>\n\t\t\t\t<\/div>\n\t\t","protected":false},"excerpt":{"rendered":"<p>Perguntas e Respostas Frequentes do Departamento de A\u00e7\u00f5es Comunit\u00e1rias e Estudantis \u2013 DACE Publicado em 11\/11\/2022 20h30\u00a0|\u00a0Atualizado em\u00a011\/11\/2022 20h38 O&#8230;<\/p>\n","protected":false},"author":2504,"featured_media":0,"parent":0,"menu_order":0,"comment_status":"closed","ping_status":"closed","template":"","meta":{"inline_featured_image":false,"site-sidebar-layout":"default","site-content-layout":"","ast-site-content-layout":"default","site-content-style":"default","site-sidebar-style":"default","ast-global-header-display":"","ast-banner-title-visibility":"","ast-main-header-display":"","ast-hfb-above-header-display":"","ast-hfb-below-header-display":"","ast-hfb-mobile-header-display":"","site-post-title":"","ast-breadcrumbs-content":"","ast-featured-img":"","footer-sml-layout":"","theme-transparent-header-meta":"","adv-header-id-meta":"","stick-header-meta":"","header-above-stick-meta":"","header-main-stick-meta":"","header-below-stick-meta":"","astra-migrate-meta-layouts":"default","ast-page-background-enabled":"default","ast-page-background-meta":{"desktop":{"background-color":"var(--ast-global-color-4)","background-image":"","background-repeat":"repeat","background-position":"center center","background-size":"auto","background-attachment":"scroll","background-type":"","background-media":"","overlay-type":"","overlay-color":"","overlay-opacity":"","overlay-gradient":""},"tablet":{"background-color":"","background-image":"","background-repeat":"repeat","background-position":"center center","background-size":"auto","background-attachment":"scroll","background-type":"","background-media":"","overlay-type":"","overlay-color":"","overlay-opacity":"","overlay-gradient":""},"mobile":{"background-color":"","background-image":"","background-repeat":"repeat","background-position":"center center","background-size":"auto","background-attachment":"scroll","background-type":"","background-media":"","overlay-type":"","overlay-color":"","overlay-opacity":"","overlay-gradient":""}},"ast-content-background-meta":{"desktop":{"background-color":"var(--ast-global-color-5)","background-image":"","background-repeat":"repeat","background-position":"center center","background-size":"auto","background-attachment":"scroll","background-type":"","background-media":"","overlay-type":"","overlay-color":"","overlay-opacity":"","overlay-gradient":""},"tablet":{"background-color":"var(--ast-global-color-5)","background-image":"","background-repeat":"repeat","background-position":"center center","background-size":"auto","background-attachment":"scroll","background-type":"","background-media":"","overlay-type":"","overlay-color":"","overlay-opacity":"","overlay-gradient":""},"mobile":{"background-color":"var(--ast-global-color-5)","background-image":"","background-repeat":"repeat","background-position":"center center","background-size":"auto","background-attachment":"scroll","background-type":"","background-media":"","overlay-type":"","overlay-color":"","overlay-opacity":"","overlay-gradient":""}},"ngg_post_thumbnail":0,"footnotes":""},"class_list":["post-5530","page","type-page","status-publish","hentry"],"_links":{"self":[{"href":"https:\/\/www2.unifap.br\/dace\/wp-json\/wp\/v2\/pages\/5530","targetHints":{"allow":["GET"]}}],"collection":[{"href":"https:\/\/www2.unifap.br\/dace\/wp-json\/wp\/v2\/pages"}],"about":[{"href":"https:\/\/www2.unifap.br\/dace\/wp-json\/wp\/v2\/types\/page"}],"author":[{"embeddable":true,"href":"https:\/\/www2.unifap.br\/dace\/wp-json\/wp\/v2\/users\/2504"}],"replies":[{"embeddable":true,"href":"https:\/\/www2.unifap.br\/dace\/wp-json\/wp\/v2\/comments?post=5530"}],"version-history":[{"count":19,"href":"https:\/\/www2.unifap.br\/dace\/wp-json\/wp\/v2\/pages\/5530\/revisions"}],"predecessor-version":[{"id":5551,"href":"https:\/\/www2.unifap.br\/dace\/wp-json\/wp\/v2\/pages\/5530\/revisions\/5551"}],"wp:attachment":[{"href":"https:\/\/www2.unifap.br\/dace\/wp-json\/wp\/v2\/media?parent=5530"}],"curies":[{"name":"wp","href":"https:\/\/api.w.org\/{rel}","templated":true}]}}