{"id":6,"date":"2011-07-19T17:40:52","date_gmt":"2011-07-19T17:40:52","guid":{"rendered":"http:\/\/www2.unifap.br\/dace\/?page_id=6"},"modified":"2015-08-17T18:59:09","modified_gmt":"2015-08-17T18:59:09","slug":"apresentacao","status":"publish","type":"page","link":"https:\/\/www2.unifap.br\/dace\/apresentacao","title":{"rendered":"DACE"},"content":{"rendered":"<p style=\"text-align: right\"><a href=\"http:\/\/www2.unifap.br\/dace\/files\/2011\/07\/logo-dace.jpg\"><img fetchpriority=\"high\" decoding=\"async\" class=\"aligncenter size-full wp-image-1728\" alt=\"logo dace\" src=\"http:\/\/www2.unifap.br\/dace\/files\/2011\/07\/logo-dace.jpg\" width=\"509\" height=\"283\" srcset=\"https:\/\/www2.unifap.br\/dace\/files\/2011\/07\/logo-dace.jpg 509w, https:\/\/www2.unifap.br\/dace\/files\/2011\/07\/logo-dace-300x166.jpg 300w\" sizes=\"(max-width: 509px) 100vw, 509px\" \/><\/a><\/p>\n<p style=\"text-align: center\"><strong>DEPARTAMENTO DE A\u00c7\u00d5ES COMUNIT\u00c1RIAS E ESTUDANTIS &#8211; DACE<\/strong><\/p>\n<p>&nbsp;<\/p>\n<p>O Departamento de A\u00e7\u00f5es Comunit\u00e1rias e Estudantis \u2013 DACE tem como finalidade definir crit\u00e9rios para a aloca\u00e7\u00e3o de recursos aos projetos de a\u00e7\u00f5es comunit\u00e1rias e estudantis. Como tamb\u00e9m:<\/p>\n<p>&#8211; Negociar conv\u00eanios e acordos para a execu\u00e7\u00e3o de projetos de a\u00e7\u00f5es comunit\u00e1rias e estudantis, quando solicitados.<\/p>\n<p style=\"text-align: justify\">&#8211; Tra\u00e7ar o perfil do aluno, visando \u00e0 identifica\u00e7\u00e3o de necessidades s\u00f3cio-econ\u00f4micas.<\/p>\n<p style=\"text-align: justify\">&#8211; Manter contato com as coordena\u00e7\u00f5es, com o Diret\u00f3rio Central dos Estudantes \u2013 DCE e com os Centros Acad\u00eamicos \u2013 CA, visando \u00e0s informa\u00e7\u00f5es sobre o aluno com vistas ao acompanhamento psico-pedag\u00f3gico.<\/p>\n<p style=\"text-align: justify\">&#8211; Elaborar e divulgar informa\u00e7\u00f5es b\u00e1sicas sobre a UNIFAP para os alunos benefici\u00e1rios dos aux\u00edlios.<\/p>\n<p style=\"text-align: justify\">&#8211; Apoiar a execu\u00e7\u00e3o de eventos de cunho cultural, cient\u00edfico e esportivo.<\/p>\n<p style=\"text-align: justify\">&#8211; Elaborar as programa\u00e7\u00f5es e eventos; divulgar, atrav\u00e9s de palestras informativas nas escolas de ensino m\u00e9dio, de educa\u00e7\u00e3o de jovens e adultos e centros de forma\u00e7\u00e3o profissional, nas redes p\u00fablica e privada, os cursos de gradua\u00e7\u00e3o ofertados pela UNIFAP.<\/p>\n<p style=\"text-align: justify\">&#8211; Subsidiar condi\u00e7\u00f5es de ensino-aprendizagem aos portadores de defici\u00eancia e necessidades especiais.<\/p>\n<p style=\"text-align: justify\">\n","protected":false},"excerpt":{"rendered":"<p>DEPARTAMENTO DE A\u00c7\u00d5ES COMUNIT\u00c1RIAS E ESTUDANTIS &#8211; DACE &nbsp; O Departamento de A\u00e7\u00f5es Comunit\u00e1rias e Estudantis \u2013 DACE tem como&#8230;<\/p>\n","protected":false},"author":167,"featured_media":0,"parent":0,"menu_order":2,"comment_status":"closed","ping_status":"open","template":"","meta":{"inline_featured_image":false,"site-sidebar-layout":"default","site-content-layout":"","ast-site-content-layout":"default","site-content-style":"default","site-sidebar-style":"default","ast-global-header-display":"","ast-banner-title-visibility":"","ast-main-header-display":"","ast-hfb-above-header-display":"","ast-hfb-below-header-display":"","ast-hfb-mobile-header-display":"","site-post-title":"","ast-breadcrumbs-content":"","ast-featured-img":"","footer-sml-layout":"","theme-transparent-header-meta":"","adv-header-id-meta":"","stick-header-meta":"","header-above-stick-meta":"","header-main-stick-meta":"","header-below-stick-meta":"","astra-migrate-meta-layouts":"default","ast-page-background-enabled":"default","ast-page-background-meta":{"desktop":{"background-color":"var(--ast-global-color-4)","background-image":"","background-repeat":"repeat","background-position":"center center","background-size":"auto","background-attachment":"scroll","background-type":"","background-media":"","overlay-type":"","overlay-color":"","overlay-opacity":"","overlay-gradient":""},"tablet":{"background-color":"","background-image":"","background-repeat":"repeat","background-position":"center center","background-size":"auto","background-attachment":"scroll","background-type":"","background-media":"","overlay-type":"","overlay-color":"","overlay-opacity":"","overlay-gradient":""},"mobile":{"background-color":"","background-image":"","background-repeat":"repeat","background-position":"center center","background-size":"auto","background-attachment":"scroll","background-type":"","background-media":"","overlay-type":"","overlay-color":"","overlay-opacity":"","overlay-gradient":""}},"ast-content-background-meta":{"desktop":{"background-color":"var(--ast-global-color-5)","background-image":"","background-repeat":"repeat","background-position":"center center","background-size":"auto","background-attachment":"scroll","background-type":"","background-media":"","overlay-type":"","overlay-color":"","overlay-opacity":"","overlay-gradient":""},"tablet":{"background-color":"var(--ast-global-color-5)","background-image":"","background-repeat":"repeat","background-position":"center center","background-size":"auto","background-attachment":"scroll","background-type":"","background-media":"","overlay-type":"","overlay-color":"","overlay-opacity":"","overlay-gradient":""},"mobile":{"background-color":"var(--ast-global-color-5)","background-image":"","background-repeat":"repeat","background-position":"center center","background-size":"auto","background-attachment":"scroll","background-type":"","background-media":"","overlay-type":"","overlay-color":"","overlay-opacity":"","overlay-gradient":""}},"ngg_post_thumbnail":0,"footnotes":""},"class_list":["post-6","page","type-page","status-publish","hentry"],"_links":{"self":[{"href":"https:\/\/www2.unifap.br\/dace\/wp-json\/wp\/v2\/pages\/6","targetHints":{"allow":["GET"]}}],"collection":[{"href":"https:\/\/www2.unifap.br\/dace\/wp-json\/wp\/v2\/pages"}],"about":[{"href":"https:\/\/www2.unifap.br\/dace\/wp-json\/wp\/v2\/types\/page"}],"author":[{"embeddable":true,"href":"https:\/\/www2.unifap.br\/dace\/wp-json\/wp\/v2\/users\/167"}],"replies":[{"embeddable":true,"href":"https:\/\/www2.unifap.br\/dace\/wp-json\/wp\/v2\/comments?post=6"}],"version-history":[{"count":14,"href":"https:\/\/www2.unifap.br\/dace\/wp-json\/wp\/v2\/pages\/6\/revisions"}],"predecessor-version":[{"id":1856,"href":"https:\/\/www2.unifap.br\/dace\/wp-json\/wp\/v2\/pages\/6\/revisions\/1856"}],"wp:attachment":[{"href":"https:\/\/www2.unifap.br\/dace\/wp-json\/wp\/v2\/media?parent=6"}],"curies":[{"name":"wp","href":"https:\/\/api.w.org\/{rel}","templated":true}]}}