{"id":902,"date":"2015-01-30T14:27:26","date_gmt":"2015-01-30T14:27:26","guid":{"rendered":"http:\/\/www2.unifap.br\/dace\/?page_id=902"},"modified":"2015-05-06T19:54:47","modified_gmt":"2015-05-06T19:54:47","slug":"editais","status":"publish","type":"page","link":"https:\/\/www2.unifap.br\/dace\/assistencia-estudantil\/editais","title":{"rendered":"Editais \/ Processos Seletivos"},"content":{"rendered":"<h2><span style=\"color: #008000\"><strong>RESPOSTA DE INTERPOSI\u00c7\u00c3O DOS RECURSOS<\/strong><\/span><\/h2>\n<p><span style=\"color: #ff0000\"><strong><a href=\"http:\/\/www2.unifap.br\/dace\/files\/2015\/01\/Resposta-dos-Recursos.pdf\" target=\"_blank\"><span style=\"color: #ff0000\">Resposta dos Recursos<\/span><\/a><\/strong><\/span><\/p>\n<h2><strong style=\"font-size: 1.5em;line-height: 1.5em\"><span style=\"color: #008000\">PR\u00d3-ESTUDANTE 2015<\/span><\/strong><\/h2>\n<ol>\n<li><span style=\"color: #000000\"><strong style=\"line-height: 1.5em\"><a href=\"http:\/\/www2.unifap.br\/dace\/files\/2015\/01\/Edital-Pr\u00f3-Estudante-010-2015.pdf\"><span style=\"color: #000000\">Edital Pr\u00f3 Estudante 010\/2015\/PROEAC\/UNIFAP<\/span><\/a><\/strong><\/span><\/li>\n<\/ol>\n<p><span style=\"color: #000000\"><strong>\u00a0 \u00a0 \u00a0 \u00a0 \u00a0\u00a0<a href=\"http:\/\/www2.unifap.br\/dace\/files\/2015\/01\/RETIFICA\u00c7\u00c3O-I-DO-EDITAL-N\u00ba-10-2015-PROEAC-UNIFAP.pdf\"><span style=\"color: #000000\">I Retifica\u00e7\u00e3o\u00a0<\/span><\/a><\/strong><\/span><\/p>\n<p><span style=\"color: #000000\">\u00a0 \u00a0 \u00a0 \u00a0 \u00a0 <\/span><span style=\"color: #000000\">\u00a0<a href=\"http:\/\/www2.unifap.br\/dace\/files\/2015\/01\/clique-aqui.pdf\" target=\"_blank\"><span style=\"color: #000000\"><strong>II Retifica\u00e7\u00e3o\u00a0<\/strong><\/span><\/a><\/span><\/p>\n<p><strong><span style=\"color: #000000\"><span style=\"color: #000000\">\u00a0 \u00a0 \u00a0 \u00a0<\/span><\/span>\u00a0 \u00a0<span style=\"color: #000000\"><a href=\"http:\/\/www2.unifap.br\/dace\/files\/2015\/01\/retifica\u00e7\u00e3o-III.pdf\"><span style=\"color: #000000\">III Retifica\u00e7\u00e3o<\/span><\/a><\/span><\/strong><\/p>\n<p><span style=\"color: #000000\"><strong><span style=\"color: #000000\">\u00a0 \u00a0 \u00a0 \u00a0 \u00a0 <\/span><\/strong><strong><a href=\"http:\/\/www2.unifap.br\/dace\/files\/2015\/01\/RETIFICA\u00c7\u00c3O-20-03-15.pdf\"><span style=\"color: #000000\">IV Retifica\u00e7\u00e3o<\/span><\/a><\/strong><\/span><\/p>\n<p><strong>\u00a0 \u00a0 \u00a0 \u00a0 \u00a0\u00a0<a href=\"http:\/\/www2.unifap.br\/dace\/files\/2015\/01\/V-Retifica\u00e7\u00e3o.pdf\" target=\"_blank\">V Retifica\u00e7\u00e3o<\/a><\/strong><\/p>\n<p><strong><\/strong>\u00a0<span style=\"color: #000000\">CONVOCA\u00c7\u00c3O PARA ENTREVISTA<\/span><\/p>\n<p style=\"text-align: left\"><strong><span style=\"color: #ff0000\"><span style=\"color: #ff0000\">\u00a0<\/span><\/span><\/strong><span style=\"color: #000000\"><a href=\"http:\/\/www2.unifap.br\/dace\/files\/2015\/04\/CONVOCA\u00c7\u00c3O-PR\u00d3-ESTUDANTE-2015.pdf\" target=\"_blank\"><span style=\"color: #000000\">CONVOCA\u00c7\u00c3O PR\u00d3-ESTUDANTE 2015<\/span><\/a><\/span><\/p>\n<p style=\"text-align: center\"><span style=\"color: #ff0000\"><strong>RESULTADO PROVIS\u00d3RIO<\/strong><\/span><\/p>\n<p style=\"text-align: left\"><strong><a href=\"http:\/\/www2.unifap.br\/dace\/files\/2015\/01\/AUX\u00cdLIO-ALIMENTA\u00c7\u00c3O.pdf\" target=\"_blank\">AUX\u00cdLIO ALIMENTA\u00c7\u00c3O<\/a><\/strong><\/p>\n<p style=\"text-align: left\"><span style=\"color: #0000ff\"><strong><a href=\"http:\/\/www2.unifap.br\/dace\/files\/2015\/01\/AUXILIO-FOTOC\u00d3PIA.pdf\" target=\"_blank\"><span style=\"color: #0000ff\">AUXILIO FOTOC\u00d3PIA<\/span><\/a><\/strong><\/span><\/p>\n<p style=\"text-align: left\"><span style=\"color: #0000ff\"><strong><a href=\"http:\/\/www2.unifap.br\/dace\/files\/2015\/01\/AUXILIO-MORADIA.pdf\" target=\"_blank\"><span style=\"color: #0000ff\">AUXILIO MORADIA<\/span><\/a><\/strong><\/span><\/p>\n<p style=\"text-align: left\"><span style=\"color: #0000ff\"><strong><a href=\"http:\/\/www2.unifap.br\/dace\/files\/2015\/01\/AUXILIO-TRANSPORTE-INTERURBANO.pdf\" target=\"_blank\"><span style=\"color: #0000ff\">AUXILIO TRANSPORTE INTERURBANO<\/span><\/a><\/strong><\/span><\/p>\n<p style=\"text-align: left\"><span style=\"color: #0000ff\"><strong><a href=\"http:\/\/www2.unifap.br\/dace\/files\/2015\/01\/AUXILIO-TRANSPORTE-URBANO.pdf\" target=\"_blank\"><span style=\"color: #0000ff\">AUXILIO TRANSPORTE URBANO<\/span><\/a><\/strong><\/span><\/p>\n<p style=\"text-align: left\"><span style=\"color: #0000ff\"><strong><a href=\"http:\/\/www2.unifap.br\/dace\/files\/2015\/01\/BOLSA-PERMANENCIA-MEC.pdf\" target=\"_blank\"><span style=\"color: #0000ff\">BOLSA PERMANENCIA- MEC<\/span><\/a><\/strong><\/span><\/p>\n<p style=\"text-align: left\"><span style=\"color: #0000ff\"><strong><a href=\"http:\/\/www2.unifap.br\/dace\/files\/2015\/01\/BOLSA-PERMANENCIA-PNAES.pdf\" target=\"_blank\"><span style=\"color: #0000ff\">BOLSA PERMANENCIA- PNAES<\/span><\/a><\/strong><\/span><\/p>\n<p style=\"text-align: left\"><span style=\"color: #339966\"><strong><a href=\"http:\/\/www2.unifap.br\/dace\/files\/2015\/01\/RELA\u00c7\u00c3O-PROVIS\u00d3RIA-DOS-INDEFERIDOS.pdf\" target=\"_blank\"><span style=\"color: #339966\">RELA\u00c7\u00c3O PROVIS\u00d3RIA DOS INDEFERIDOS<\/span><\/a><\/strong><\/span><\/p>\n<p style=\"text-align: left\"><span style=\"color: #ff0000\"><strong><a href=\"http:\/\/www2.unifap.br\/dace\/files\/2015\/01\/NOTA.pdf\" target=\"_blank\"><span style=\"color: #ff0000\">NOTA<\/span><\/a><\/strong><\/span><\/p>\n","protected":false},"excerpt":{"rendered":"<p>RESPOSTA DE INTERPOSI\u00c7\u00c3O DOS RECURSOS Resposta dos Recursos PR\u00d3-ESTUDANTE 2015 Edital Pr\u00f3 Estudante 010\/2015\/PROEAC\/UNIFAP \u00a0 \u00a0 \u00a0 \u00a0 \u00a0\u00a0I Retifica\u00e7\u00e3o\u00a0&#8230;<\/p>\n","protected":false},"author":604,"featured_media":0,"parent":892,"menu_order":5,"comment_status":"closed","ping_status":"open","template":"","meta":{"inline_featured_image":false,"site-sidebar-layout":"default","site-content-layout":"","ast-site-content-layout":"default","site-content-style":"default","site-sidebar-style":"default","ast-global-header-display":"","ast-banner-title-visibility":"","ast-main-header-display":"","ast-hfb-above-header-display":"","ast-hfb-below-header-display":"","ast-hfb-mobile-header-display":"","site-post-title":"","ast-breadcrumbs-content":"","ast-featured-img":"","footer-sml-layout":"","theme-transparent-header-meta":"","adv-header-id-meta":"","stick-header-meta":"","header-above-stick-meta":"","header-main-stick-meta":"","header-below-stick-meta":"","astra-migrate-meta-layouts":"default","ast-page-background-enabled":"default","ast-page-background-meta":{"desktop":{"background-color":"var(--ast-global-color-4)","background-image":"","background-repeat":"repeat","background-position":"center center","background-size":"auto","background-attachment":"scroll","background-type":"","background-media":"","overlay-type":"","overlay-color":"","overlay-opacity":"","overlay-gradient":""},"tablet":{"background-color":"","background-image":"","background-repeat":"repeat","background-position":"center center","background-size":"auto","background-attachment":"scroll","background-type":"","background-media":"","overlay-type":"","overlay-color":"","overlay-opacity":"","overlay-gradient":""},"mobile":{"background-color":"","background-image":"","background-repeat":"repeat","background-position":"center center","background-size":"auto","background-attachment":"scroll","background-type":"","background-media":"","overlay-type":"","overlay-color":"","overlay-opacity":"","overlay-gradient":""}},"ast-content-background-meta":{"desktop":{"background-color":"var(--ast-global-color-5)","background-image":"","background-repeat":"repeat","background-position":"center center","background-size":"auto","background-attachment":"scroll","background-type":"","background-media":"","overlay-type":"","overlay-color":"","overlay-opacity":"","overlay-gradient":""},"tablet":{"background-color":"var(--ast-global-color-5)","background-image":"","background-repeat":"repeat","background-position":"center center","background-size":"auto","background-attachment":"scroll","background-type":"","background-media":"","overlay-type":"","overlay-color":"","overlay-opacity":"","overlay-gradient":""},"mobile":{"background-color":"var(--ast-global-color-5)","background-image":"","background-repeat":"repeat","background-position":"center center","background-size":"auto","background-attachment":"scroll","background-type":"","background-media":"","overlay-type":"","overlay-color":"","overlay-opacity":"","overlay-gradient":""}},"ngg_post_thumbnail":0,"footnotes":""},"class_list":["post-902","page","type-page","status-publish","hentry"],"_links":{"self":[{"href":"https:\/\/www2.unifap.br\/dace\/wp-json\/wp\/v2\/pages\/902","targetHints":{"allow":["GET"]}}],"collection":[{"href":"https:\/\/www2.unifap.br\/dace\/wp-json\/wp\/v2\/pages"}],"about":[{"href":"https:\/\/www2.unifap.br\/dace\/wp-json\/wp\/v2\/types\/page"}],"author":[{"embeddable":true,"href":"https:\/\/www2.unifap.br\/dace\/wp-json\/wp\/v2\/users\/604"}],"replies":[{"embeddable":true,"href":"https:\/\/www2.unifap.br\/dace\/wp-json\/wp\/v2\/comments?post=902"}],"version-history":[{"count":46,"href":"https:\/\/www2.unifap.br\/dace\/wp-json\/wp\/v2\/pages\/902\/revisions"}],"predecessor-version":[{"id":4324,"href":"https:\/\/www2.unifap.br\/dace\/wp-json\/wp\/v2\/pages\/902\/revisions\/4324"}],"up":[{"embeddable":true,"href":"https:\/\/www2.unifap.br\/dace\/wp-json\/wp\/v2\/pages\/892"}],"wp:attachment":[{"href":"https:\/\/www2.unifap.br\/dace\/wp-json\/wp\/v2\/media?parent=902"}],"curies":[{"name":"wp","href":"https:\/\/api.w.org\/{rel}","templated":true}]}}