{"id":36,"date":"2016-08-19T12:34:40","date_gmt":"2016-08-19T12:34:40","guid":{"rendered":"http:\/\/www2.unifap.br\/dad\/?page_id=36"},"modified":"2025-08-22T14:32:16","modified_gmt":"2025-08-22T14:32:16","slug":"dad","status":"publish","type":"page","link":"https:\/\/www2.unifap.br\/dad\/dad\/","title":{"rendered":"DAD"},"content":{"rendered":"<p style=\"text-align: right\">Atualizado em: 22\/08\/2025<\/p>\n<p>&nbsp;<\/p>\n<p><span style=\"color: #008080\"><strong>Sobre a DAD:<\/strong><\/span><\/p>\n<p>A Divis\u00e3o de Acompanhamento da Atividade Docente (DAD) \u00e9 um n\u00facleo de apoio t\u00e9cnico e pedag\u00f3gico da Coordenadoria de Ensino da Gradua\u00e7\u00e3o (COEG), que tem por finalidade assessorar a Pr\u00f3-Reitoria de Ensino de Gradua\u00e7\u00e3o (PROGRAD) na formula\u00e7\u00e3o e no acompanhamento da pol\u00edtica de desenvolvimento docente da UNIFAP.<\/p>\n<p>&nbsp;<\/p>\n<p><span style=\"color: #008080\"><strong>Atribui\u00e7\u00f5es da DAD:<\/strong><\/span><\/p>\n<p>Apoiar e assessorar de forma estrat\u00e9gica a COEG nas an\u00e1lises, recomenda\u00e7\u00f5es, tomadas decis\u00e3o e na formula\u00e7\u00e3o da pol\u00edtica de desenvolvimento docente, garantindo que esteja alinhada aos objetivos institucionais da UNIFAP.<\/p>\n<p>&nbsp;<\/p>\n<p><span style=\"color: #008080\"><strong>Compet\u00eancias:<\/strong><\/span><\/p>\n<ul>\n<li>Assessoria T\u00e9cnica em Processos de compet\u00eancia da COEG relacionados a Afastamento Docente nos termos da Resolu\u00e7\u00e3o N\u00b022\/2010 &#8211; CONSU\/UNIFAP, Lei 8.112\/90, e outras Legisla\u00e7\u00f5es sobre Afastamento.<\/li>\n<\/ul>\n<p>&nbsp;<\/p>\n<ul>\n<li>Assessoria e orienta\u00e7\u00e3o a assuntos relacionados \u00e0 aplica\u00e7\u00e3o de legisla\u00e7\u00e3o de PAID, de afastamento docente, de est\u00e1gio probat\u00f3rio e de distribui\u00e7\u00e3o de carga hor\u00e1ria. Reuni\u00f5es diversas internas e externas com os administrados interessados em assuntos de atividade docente.<\/li>\n<\/ul>\n<p>&nbsp;<\/p>\n<ul>\n<li>Assessoria T\u00e9cnica aos diversos Processos de compet\u00eancia da COEG\/PROGRAD referentes \u00e0s atividades docentes, como: Instru\u00e7\u00e3o, despacho e emiss\u00e3o de pareceres em processos de Est\u00e1gio Probat\u00f3rio, Aposentadoria, Redu\u00e7\u00e3o de Carga Hor\u00e1ria, Mudan\u00e7a de Regime de trabalho e Participa\u00e7\u00e3o em Eventos relacionados \u00e0s atividades docentes.<\/li>\n<\/ul>\n<p>&nbsp;<\/p>\n<ul>\n<li>Atendimento interno e externo \u00e0 Comunidade Acad\u00eamica, como: Atendimento aos Departamentos, Atendimento ao NTI, Atendimento aos Campi, Atendimento \u00e0s coordena\u00e7\u00f5es de Cursos, Atendimento aos Docentes, Atendimentos T\u00e9cnicos-Administrativos em Educa\u00e7\u00e3o. Atendimentos Presenciais, via e-mail, WhatsApp.<\/li>\n<\/ul>\n<p>&nbsp;<\/p>\n<p>&nbsp;<\/p>\n<h2><span style=\"color: #008080\"><strong>&nbsp;Equipe T\u00e9cnica:<\/strong><\/span><\/h2>\n<h2><strong>Ruan Santos Pereira<a href=\"http:\/\/sigu.unifap.br\/instance\/sigu\/titan.php?target=body&amp;toSection=academico.servidor&amp;toAction=view&amp;itemId=2902\"><br \/>\n<\/a><\/strong><\/h2>\n<p><strong>Tec. em Assuntos Educacionais &#8211; TAE<\/strong><\/p>\n<p>&nbsp;<\/p>\n<h2><strong>Thayna Renee Cavalcante da Costa&nbsp;<a href=\"http:\/\/sigu.unifap.br\/instance\/sigu\/titan.php?target=body&amp;toSection=academico.servidor&amp;toAction=view&amp;itemId=2902\"><br \/>\n<\/a><\/strong><\/h2>\n<p><strong>Tec. em Assuntos Educacionais &#8211; TAE<\/strong><\/p>\n<p>&nbsp;<\/p>\n<h2><strong>M\u00e1rcia Val\u00e9ria Correia Batista<a href=\"http:\/\/sigu.unifap.br\/instance\/sigu\/titan.php?target=body&amp;toSection=academico.servidor&amp;toAction=view&amp;itemId=2902\"><br \/>\n<\/a><\/strong><\/h2>\n<p><strong>Tec. em Assuntos Educacionais &#8211; TAE<\/strong><\/p>\n<p>&nbsp;<\/p>\n<h2><span style=\"color: #008080\"><strong>&nbsp;Programa de Gest\u00e3o e Desempenho:<\/strong><\/span><\/h2>\n<p>PORTARIA N\u00ba 1097\/2025 &#8211; Formaliza a ades\u00e3o do(a) Divis\u00e3o de Acompanhamento das<br \/>\natividades Docentes &#8211; DIVICAP, ao Programa de Gest\u00e3o e Desempenho &#8211;<br \/>\nPGD\/UNIFAP<\/p>\n<h2><strong><span style=\"color: #008080\">Contato:&nbsp;<\/span><a href=\"http:\/\/sigu.unifap.br\/instance\/sigu\/titan.php?target=body&amp;toSection=academico.servidor&amp;toAction=view&amp;itemId=2902\"><br \/>\n<\/a><\/strong><\/h2>\n<p><b>dad@unifap.br<\/b><\/p>\n","protected":false},"excerpt":{"rendered":"<p>Atualizado em: 22\/08\/2025 &nbsp; Sobre a DAD: A Divis\u00e3o de Acompanhamento da Atividade Docente (DAD) \u00e9 um n\u00facleo de apoio t\u00e9cnico e pedag\u00f3gico da Coordenadoria de Ensino da Gradua\u00e7\u00e3o (COEG), que tem por finalidade assessorar a Pr\u00f3-Reitoria de Ensino de&hellip; <\/p>\n<p><a href=\"https:\/\/www2.unifap.br\/dad\/dad\/\" class=\"readmore-button\">Continue Reading<\/a><\/p>\n","protected":false},"author":769,"featured_media":0,"parent":0,"menu_order":0,"comment_status":"open","ping_status":"open","template":"","meta":{"inline_featured_image":false,"ngg_post_thumbnail":0,"footnotes":""},"class_list":["post-36","page","type-page","status-publish","hentry"],"_links":{"self":[{"href":"https:\/\/www2.unifap.br\/dad\/wp-json\/wp\/v2\/pages\/36","targetHints":{"allow":["GET"]}}],"collection":[{"href":"https:\/\/www2.unifap.br\/dad\/wp-json\/wp\/v2\/pages"}],"about":[{"href":"https:\/\/www2.unifap.br\/dad\/wp-json\/wp\/v2\/types\/page"}],"author":[{"embeddable":true,"href":"https:\/\/www2.unifap.br\/dad\/wp-json\/wp\/v2\/users\/769"}],"replies":[{"embeddable":true,"href":"https:\/\/www2.unifap.br\/dad\/wp-json\/wp\/v2\/comments?post=36"}],"version-history":[{"count":8,"href":"https:\/\/www2.unifap.br\/dad\/wp-json\/wp\/v2\/pages\/36\/revisions"}],"predecessor-version":[{"id":153,"href":"https:\/\/www2.unifap.br\/dad\/wp-json\/wp\/v2\/pages\/36\/revisions\/153"}],"wp:attachment":[{"href":"https:\/\/www2.unifap.br\/dad\/wp-json\/wp\/v2\/media?parent=36"}],"curies":[{"name":"wp","href":"https:\/\/api.w.org\/{rel}","templated":true}]}}