{"id":3527,"date":"2019-10-30T14:11:01","date_gmt":"2019-10-30T17:11:01","guid":{"rendered":"http:\/\/www2.unifap.br\/dcet\/?page_id=3527"},"modified":"2021-03-15T15:53:36","modified_gmt":"2021-03-15T18:53:36","slug":"edital-no-10-2019-estagio-obrigatorio-cea","status":"publish","type":"page","link":"https:\/\/www2.unifap.br\/dcet\/editais\/editais-do-dcet\/em-andamento\/edital-no-10-2019-estagio-obrigatorio-cea\/","title":{"rendered":"EDITAL N\u00ba 10\/2019 \u2013 EST\u00c1GIO OBRIGAT\u00d3RIO \u2013 CEA"},"content":{"rendered":"<p><a href=\"http:\/\/www2.unifap.br\/dcet\/files\/2019\/10\/EDITAL-N%C2%BA-10_2019-EST%C3%81GIO-CEA.pdf\"><strong>EDITAL N\u00ba 10_2019 EST\u00c1GIO CEA<\/strong><\/a><\/p>\n<p><a href=\"http:\/\/www2.unifap.br\/dcet\/files\/2019\/10\/ANEXO-I_FICHA-DE-INSCRI%C3%87%C3%83O.pdf\"><strong>ANEXO I_FICHA DE INSCRI\u00c7\u00c3O<\/strong><\/a><\/p>\n<p><strong><a href=\"http:\/\/www2.unifap.br\/dcet\/files\/2019\/10\/ANEXO-II_FICHA-DE-AVALIA%C3%87%C3%83O-DO-HIST%C3%93RICO-E-CURR%C3%8DCULO-ACAD%C3%8AMICO.pdf\">ANEXO II_FICHA DE AVALIA\u00c7\u00c3O DO HIST\u00d3RICO E CURR\u00cdCULO ACAD\u00caMICO<\/a><\/strong><\/p>\n<p><strong><a href=\"http:\/\/www2.unifap.br\/dcet\/files\/2019\/10\/ANEXO-III_CRIT%C3%89RIOS-DE-AVALIA%C3%87%C3%83O-DA-ENTREVISTA.pdf\">ANEXO III_CRIT\u00c9RIOS DE AVALIA\u00c7\u00c3O DA ENTREVISTA<\/a><\/strong><\/p>\n<p><strong><a href=\"http:\/\/www2.unifap.br\/dcet\/files\/2019\/10\/ANEXO-IV_FORMUL%C3%81RIO-DE-RECURSO.pdf\">ANEXO IV_FORMUL\u00c1RIO DE RECURSO<\/a><\/strong><\/p>\n<p><strong><a href=\"http:\/\/www2.unifap.br\/dcet\/files\/2019\/10\/ANEXO-V_DECLARA%C3%87%C3%83O.pdf\">ANEXO V_DECLARA\u00c7\u00c3O<\/a><\/strong><\/p>\n<p><strong><a href=\"http:\/\/www2.unifap.br\/dcet\/files\/2019\/10\/ANEXO-VI_-MODELO-DE-PLANO-DE-EST%C3%81GIO.pdf\">ANEXO VI_ MODELO DE PLANO DE EST\u00c1GIO<\/a>&nbsp;<\/strong><\/p>\n<p><strong><a href=\"http:\/\/www2.unifap.br\/dcet\/files\/2019\/11\/Retifica\u00e7\u00e3o-do-Edital-Local-de-Inscri\u00e7\u00e3o.pdf\">Retifica\u00e7\u00e3o do Edital-Local de Inscri\u00e7\u00e3o<\/a><\/strong><\/p>\n<p><strong><a href=\"http:\/\/www2.unifap.br\/dcet\/files\/2019\/10\/HOMOLOGA\u00c7\u00c3O-DAS-INSCRI\u00c7\u00d5ES.pdf\">HOMOLOGA\u00c7\u00c3O DAS INSCRI\u00c7\u00d5ES<\/a><\/strong><\/p>\n<p><strong><a href=\"http:\/\/www2.unifap.br\/dcet\/files\/2019\/11\/Hor\u00e1rio-das-entrevistas.pdf\">Hor\u00e1rio das entrevistas<\/a><\/strong><\/p>\n<p><strong><a href=\"http:\/\/www2.unifap.br\/dcet\/files\/2019\/12\/Homologa\u00e7\u00e3o-do-resultado-final-e-convoca\u00e7\u00e3o.pdf\">HOMOLOGA\u00c7\u00c3O DO RESULTADO FINAL E CONVOCA\u00c7\u00c3O<\/a><\/strong><\/p>\n","protected":false},"excerpt":{"rendered":"<p>EDITAL N\u00ba 10_2019 EST\u00c1GIO CEA ANEXO I_FICHA DE INSCRI\u00c7\u00c3O ANEXO II_FICHA DE AVALIA\u00c7\u00c3O DO HIST\u00d3RICO E CURR\u00cdCULO ACAD\u00caMICO ANEXO III_CRIT\u00c9RIOS DE AVALIA\u00c7\u00c3O DA ENTREVISTA ANEXO IV_FORMUL\u00c1RIO DE RECURSO ANEXO V_DECLARA\u00c7\u00c3O ANEXO VI_ MODELO DE PLANO DE EST\u00c1GIO&nbsp; Retifica\u00e7\u00e3o do Edital-Local de Inscri\u00e7\u00e3o HOMOLOGA\u00c7\u00c3O DAS INSCRI\u00c7\u00d5ES Hor\u00e1rio das entrevistas HOMOLOGA\u00c7\u00c3O DO RESULTADO FINAL E CONVOCA\u00c7\u00c3O<\/p>\n","protected":false},"author":520,"featured_media":0,"parent":1946,"menu_order":0,"comment_status":"closed","ping_status":"closed","template":"","meta":{"inline_featured_image":false,"site-sidebar-layout":"default","site-content-layout":"","ast-site-content-layout":"default","site-content-style":"default","site-sidebar-style":"default","ast-global-header-display":"","ast-banner-title-visibility":"","ast-main-header-display":"","ast-hfb-above-header-display":"","ast-hfb-below-header-display":"","ast-hfb-mobile-header-display":"","site-post-title":"","ast-breadcrumbs-content":"","ast-featured-img":"","footer-sml-layout":"","theme-transparent-header-meta":"","adv-header-id-meta":"","stick-header-meta":"","header-above-stick-meta":"","header-main-stick-meta":"","header-below-stick-meta":"","astra-migrate-meta-layouts":"default","ast-page-background-enabled":"default","ast-page-background-meta":{"desktop":{"background-color":"var(--ast-global-color-4)","background-image":"","background-repeat":"repeat","background-position":"center center","background-size":"auto","background-attachment":"scroll","background-type":"","background-media":"","overlay-type":"","overlay-color":"","overlay-opacity":"","overlay-gradient":""},"tablet":{"background-color":"","background-image":"","background-repeat":"repeat","background-position":"center center","background-size":"auto","background-attachment":"scroll","background-type":"","background-media":"","overlay-type":"","overlay-color":"","overlay-opacity":"","overlay-gradient":""},"mobile":{"background-color":"","background-image":"","background-repeat":"repeat","background-position":"center center","background-size":"auto","background-attachment":"scroll","background-type":"","background-media":"","overlay-type":"","overlay-color":"","overlay-opacity":"","overlay-gradient":""}},"ast-content-background-meta":{"desktop":{"background-color":"var(--ast-global-color-5)","background-image":"","background-repeat":"repeat","background-position":"center center","background-size":"auto","background-attachment":"scroll","background-type":"","background-media":"","overlay-type":"","overlay-color":"","overlay-opacity":"","overlay-gradient":""},"tablet":{"background-color":"var(--ast-global-color-5)","background-image":"","background-repeat":"repeat","background-position":"center center","background-size":"auto","background-attachment":"scroll","background-type":"","background-media":"","overlay-type":"","overlay-color":"","overlay-opacity":"","overlay-gradient":""},"mobile":{"background-color":"var(--ast-global-color-5)","background-image":"","background-repeat":"repeat","background-position":"center center","background-size":"auto","background-attachment":"scroll","background-type":"","background-media":"","overlay-type":"","overlay-color":"","overlay-opacity":"","overlay-gradient":""}},"ngg_post_thumbnail":0,"footnotes":""},"class_list":["post-3527","page","type-page","status-publish","hentry"],"_links":{"self":[{"href":"https:\/\/www2.unifap.br\/dcet\/wp-json\/wp\/v2\/pages\/3527","targetHints":{"allow":["GET"]}}],"collection":[{"href":"https:\/\/www2.unifap.br\/dcet\/wp-json\/wp\/v2\/pages"}],"about":[{"href":"https:\/\/www2.unifap.br\/dcet\/wp-json\/wp\/v2\/types\/page"}],"author":[{"embeddable":true,"href":"https:\/\/www2.unifap.br\/dcet\/wp-json\/wp\/v2\/users\/520"}],"replies":[{"embeddable":true,"href":"https:\/\/www2.unifap.br\/dcet\/wp-json\/wp\/v2\/comments?post=3527"}],"version-history":[{"count":5,"href":"https:\/\/www2.unifap.br\/dcet\/wp-json\/wp\/v2\/pages\/3527\/revisions"}],"predecessor-version":[{"id":3566,"href":"https:\/\/www2.unifap.br\/dcet\/wp-json\/wp\/v2\/pages\/3527\/revisions\/3566"}],"up":[{"embeddable":true,"href":"https:\/\/www2.unifap.br\/dcet\/wp-json\/wp\/v2\/pages\/1946"}],"wp:attachment":[{"href":"https:\/\/www2.unifap.br\/dcet\/wp-json\/wp\/v2\/media?parent=3527"}],"curies":[{"name":"wp","href":"https:\/\/api.w.org\/{rel}","templated":true}]}}