{"id":4300,"date":"2020-12-16T15:42:56","date_gmt":"2020-12-16T18:42:56","guid":{"rendered":"http:\/\/www2.unifap.br\/dcet\/?page_id=4300"},"modified":"2025-01-20T18:22:29","modified_gmt":"2025-01-20T21:22:29","slug":"modelo-de-documentos","status":"publish","type":"page","link":"https:\/\/www2.unifap.br\/dcet\/documentos\/estagio\/modelo-de-documentos\/","title":{"rendered":"Modelo de documentos"},"content":{"rendered":"\t\t<div data-elementor-type=\"wp-page\" data-elementor-id=\"4300\" class=\"elementor elementor-4300\">\n\t\t\t\t\t\t<section class=\"elementor-section elementor-top-section elementor-element elementor-element-78cafa81 elementor-section-boxed elementor-section-height-default elementor-section-height-default\" data-id=\"78cafa81\" data-element_type=\"section\" data-e-type=\"section\">\n\t\t\t\t\t\t<div class=\"elementor-container elementor-column-gap-default\">\n\t\t\t\t\t<div class=\"elementor-column elementor-col-100 elementor-top-column elementor-element elementor-element-1bbfdcfd\" data-id=\"1bbfdcfd\" data-element_type=\"column\" data-e-type=\"column\">\n\t\t\t<div class=\"elementor-widget-wrap elementor-element-populated\">\n\t\t\t\t\t\t<div class=\"elementor-element elementor-element-f31dc53 elementor-widget elementor-widget-spacer\" data-id=\"f31dc53\" data-element_type=\"widget\" data-e-type=\"widget\" data-widget_type=\"spacer.default\">\n\t\t\t\t<div class=\"elementor-widget-container\">\n\t\t\t\t\t\t\t<div class=\"elementor-spacer\">\n\t\t\t<div class=\"elementor-spacer-inner\"><\/div>\n\t\t<\/div>\n\t\t\t\t\t\t<\/div>\n\t\t\t\t<\/div>\n\t\t\t\t<div class=\"elementor-element elementor-element-5d0c28f elementor-widget elementor-widget-text-editor\" data-id=\"5d0c28f\" data-element_type=\"widget\" data-e-type=\"widget\" data-widget_type=\"text-editor.default\">\n\t\t\t\t<div class=\"elementor-widget-container\">\n\t\t\t\t\t\t\t\t\t<p><strong><span style=\"color: #0000ff\"><a style=\"color: #0000ff\" href=\"http:\/\/www2.unifap.br\/dcet\/files\/2024\/02\/MODELO-DE-TERMO-DE-COMPROMISSO-DE-ESTAGIO-NAO-OBRIGATORIO_DCET.docx\">MODELO DE TERMO DE COMPROMISSO DE EST\u00c1GIO N\u00c3O OBRIGAT\u00d3RIO_DCET<\/a><\/span><\/strong><\/p><p><strong><span style=\"color: #0000ff\"><a style=\"color: #0000ff\" href=\"http:\/\/www2.unifap.br\/dcet\/files\/2022\/01\/MODELO-DE-TERMO-DE-COMPROMISSO-DE-EST\u00c1GIO-OBRIGAT\u00d3RIO_DCET.docx\">MODELO DE TERMO DE COMPROMISSO DE EST\u00c1GIO OBRIGAT\u00d3RIO_DCET<\/a> <\/span><\/strong><\/p><p><strong><span style=\"color: #0000ff\"><a style=\"color: #0000ff\" href=\"http:\/\/www2.unifap.br\/dcet\/files\/2022\/01\/MODELO-DE-TERMO-DE-COMPROMISSO-DE-EST\u00c1GIO-OBRIGAT\u00d3RIO_PROFISSIONAL-LIBERAL-1.docx\">MODELO DE TERMO DE COMPROMISSO DE EST\u00c1GIO OBRIGAT\u00d3RIO_PROFISSIONAL LIBERAL<\/a> <\/span><\/strong><\/p><p><strong><span style=\"color: #0000ff\"><a style=\"color: #0000ff\" href=\"http:\/\/www2.unifap.br\/dcet\/files\/2022\/01\/MODELO-DE-TERMO-DE-ENCAMINHAMENTO_EST\u00c1GIO-OBRIGAT\u00d3RIO_DCET.docx\">MODELO DE TERMO DE ENCAMINHAMENTO_EST\u00c1GIO OBRIGAT\u00d3RIO_DCET<\/a> <\/span><\/strong><\/p><p><strong><span style=\"color: #0000ff\"><a style=\"color: #0000ff\" href=\"http:\/\/www2.unifap.br\/dcet\/files\/2022\/01\/MODELO-DE-PLANO-DE-EST\u00c1GIO_DCET.doc\">MODELO DE PLANO DE EST\u00c1GIO_DCET<\/a> <\/span><\/strong><\/p><p><strong><span style=\"color: #0000ff\"><a style=\"color: #0000ff\" href=\"http:\/\/www2.unifap.br\/dcet\/files\/2022\/01\/MODELO-DE-RELAT\u00d3RIO-DE-EST\u00c1GIO-N\u00c3O-OBRIGAT\u00d3RIO_DCET.doc\">MODELO DE RELAT\u00d3RIO DE EST\u00c1GIO N\u00c3O OBRIGAT\u00d3RIO_DCET<\/a> <\/span><\/strong><\/p><p><strong><span style=\"color: #0000ff\"><a style=\"color: #0000ff\" href=\"http:\/\/www2.unifap.br\/dcet\/files\/2022\/01\/MODELO-DE-TERMO-ADITIVO-DE-EST\u00c1GIO-OBRIGAT\u00d3RIO_DCET.docx\">MODELO DE TERMO ADITIVO DE EST\u00c1GIO OBRIGAT\u00d3RIO_DCET<\/a><\/span><\/strong><\/p><p>\u00a0<\/p>\t\t\t\t\t\t\t\t<\/div>\n\t\t\t\t<\/div>\n\t\t\t\t\t<\/div>\n\t\t<\/div>\n\t\t\t\t\t<\/div>\n\t\t<\/section>\n\t\t\t\t<\/div>\n\t\t","protected":false},"excerpt":{"rendered":"<p>MODELO DE TERMO DE COMPROMISSO DE EST\u00c1GIO N\u00c3O OBRIGAT\u00d3RIO_DCET MODELO DE TERMO DE COMPROMISSO DE EST\u00c1GIO OBRIGAT\u00d3RIO_DCET MODELO DE TERMO DE COMPROMISSO DE EST\u00c1GIO OBRIGAT\u00d3RIO_PROFISSIONAL LIBERAL MODELO DE TERMO DE ENCAMINHAMENTO_EST\u00c1GIO OBRIGAT\u00d3RIO_DCET MODELO DE PLANO DE EST\u00c1GIO_DCET MODELO DE RELAT\u00d3RIO DE EST\u00c1GIO N\u00c3O OBRIGAT\u00d3RIO_DCET MODELO DE TERMO ADITIVO DE EST\u00c1GIO OBRIGAT\u00d3RIO_DCET \u00a0<\/p>\n","protected":false},"author":521,"featured_media":0,"parent":1615,"menu_order":0,"comment_status":"closed","ping_status":"closed","template":"","meta":{"inline_featured_image":false,"site-sidebar-layout":"default","site-content-layout":"","ast-site-content-layout":"default","site-content-style":"default","site-sidebar-style":"default","ast-global-header-display":"","ast-banner-title-visibility":"","ast-main-header-display":"","ast-hfb-above-header-display":"","ast-hfb-below-header-display":"","ast-hfb-mobile-header-display":"","site-post-title":"","ast-breadcrumbs-content":"","ast-featured-img":"","footer-sml-layout":"","theme-transparent-header-meta":"","adv-header-id-meta":"","stick-header-meta":"","header-above-stick-meta":"","header-main-stick-meta":"","header-below-stick-meta":"","astra-migrate-meta-layouts":"default","ast-page-background-enabled":"default","ast-page-background-meta":{"desktop":{"background-color":"var(--ast-global-color-4)","background-image":"","background-repeat":"repeat","background-position":"center center","background-size":"auto","background-attachment":"scroll","background-type":"","background-media":"","overlay-type":"","overlay-color":"","overlay-opacity":"","overlay-gradient":""},"tablet":{"background-color":"","background-image":"","background-repeat":"repeat","background-position":"center center","background-size":"auto","background-attachment":"scroll","background-type":"","background-media":"","overlay-type":"","overlay-color":"","overlay-opacity":"","overlay-gradient":""},"mobile":{"background-color":"","background-image":"","background-repeat":"repeat","background-position":"center center","background-size":"auto","background-attachment":"scroll","background-type":"","background-media":"","overlay-type":"","overlay-color":"","overlay-opacity":"","overlay-gradient":""}},"ast-content-background-meta":{"desktop":{"background-color":"var(--ast-global-color-5)","background-image":"","background-repeat":"repeat","background-position":"center center","background-size":"auto","background-attachment":"scroll","background-type":"","background-media":"","overlay-type":"","overlay-color":"","overlay-opacity":"","overlay-gradient":""},"tablet":{"background-color":"var(--ast-global-color-5)","background-image":"","background-repeat":"repeat","background-position":"center center","background-size":"auto","background-attachment":"scroll","background-type":"","background-media":"","overlay-type":"","overlay-color":"","overlay-opacity":"","overlay-gradient":""},"mobile":{"background-color":"var(--ast-global-color-5)","background-image":"","background-repeat":"repeat","background-position":"center center","background-size":"auto","background-attachment":"scroll","background-type":"","background-media":"","overlay-type":"","overlay-color":"","overlay-opacity":"","overlay-gradient":""}},"ngg_post_thumbnail":0,"footnotes":""},"class_list":["post-4300","page","type-page","status-publish","hentry"],"_links":{"self":[{"href":"https:\/\/www2.unifap.br\/dcet\/wp-json\/wp\/v2\/pages\/4300","targetHints":{"allow":["GET"]}}],"collection":[{"href":"https:\/\/www2.unifap.br\/dcet\/wp-json\/wp\/v2\/pages"}],"about":[{"href":"https:\/\/www2.unifap.br\/dcet\/wp-json\/wp\/v2\/types\/page"}],"author":[{"embeddable":true,"href":"https:\/\/www2.unifap.br\/dcet\/wp-json\/wp\/v2\/users\/521"}],"replies":[{"embeddable":true,"href":"https:\/\/www2.unifap.br\/dcet\/wp-json\/wp\/v2\/comments?post=4300"}],"version-history":[{"count":27,"href":"https:\/\/www2.unifap.br\/dcet\/wp-json\/wp\/v2\/pages\/4300\/revisions"}],"predecessor-version":[{"id":10965,"href":"https:\/\/www2.unifap.br\/dcet\/wp-json\/wp\/v2\/pages\/4300\/revisions\/10965"}],"up":[{"embeddable":true,"href":"https:\/\/www2.unifap.br\/dcet\/wp-json\/wp\/v2\/pages\/1615"}],"wp:attachment":[{"href":"https:\/\/www2.unifap.br\/dcet\/wp-json\/wp\/v2\/media?parent=4300"}],"curies":[{"name":"wp","href":"https:\/\/api.w.org\/{rel}","templated":true}]}}